000
CDUS43 KDTX 182128
CLIDTW


CLIMATE REPORT
NATIONAL WEATHER SERVICE DETROIT/PONTIAC MI
427 PM EST SUN FEB 18 2018


...................................

...THE DETROIT MI CLIMATE SUMMARY FOR FEBRUARY 18 2018...
VALID TODAY AS OF 0400 PM LOCAL TIME.

CLIMATE NORMAL PERIOD 1981 TO 2010
CLIMATE RECORD PERIOD 1874 TO 2018


WEATHER ITEM   OBSERVED TIME   RECORD YEAR NORMAL DEPARTURE LAST
                VALUE   (LST)  VALUE       VALUE  FROM      YEAR
                                                  NORMAL
..................................................................
TEMPERATURE (F)
 TODAY
  MAXIMUM         36    314 PM  69    2017  36      0       69
  MINIMUM         28    147 AM  -9    1936  21      7       31
  AVERAGE         32                        29      3       50

PRECIPITATION (IN)
  TODAY            0.00          1.25 1926   0.07  -0.07     0.00
  MONTH TO DATE    1.70                      1.25   0.45     1.42
  SINCE DEC 1      4.54                      5.67  -1.13     6.41
  SINCE JAN 1      3.06                      3.21  -0.15     4.25

SNOWFALL (IN)
  TODAY            0.0           8.0  1926   0.4   -0.4      0.0
  MONTH TO DATE   21.0                       6.6   14.4      2.1
  SINCE DEC 1     52.7                      28.7   24.0     30.7
  SINCE JUL 1     52.7                      30.3   22.4     30.8
  SNOW DEPTH       4

DEGREE DAYS
 HEATING
  TODAY           33                        36     -3       15
  MONTH TO DATE  743                       683     60      574
  SINCE DEC 1   3170                      2988    182     2693
  SINCE JUL 1   4233                      4203     30     3561

 COOLING
  TODAY            0                         0      0        0
  MONTH TO DATE    0                         0      0        0
  SINCE DEC 1      0                         0      0        0
  SINCE JAN 1      0                         0      0        0
..................................................................


WIND (MPH)
  HIGHEST WIND SPEED    18   HIGHEST WIND DIRECTION     S (190)
  HIGHEST GUST SPEED    22   HIGHEST GUST DIRECTION     S (200)
  AVERAGE WIND SPEED     8.3


SKY COVER
  POSSIBLE SUNSHINE  MM
  AVERAGE SKY COVER 0.8


WEATHER CONDITIONS
 THE FOLLOWING WEATHER WAS RECORDED TODAY.
  FOG


RELATIVE HUMIDITY (PERCENT)
 HIGHEST    92          1200 AM
 LOWEST     64          1000 AM
 AVERAGE    78

..........................................................


THE DETROIT MI CLIMATE NORMALS FOR TOMORROW
                         NORMAL    RECORD    YEAR
 MAXIMUM TEMPERATURE (F)   36        66      2017
 MINIMUM TEMPERATURE (F)   22        -5      2015


SUNRISE AND SUNSET
FEBRUARY 18 2018......SUNRISE   725 AM EST   SUNSET   610 PM EST
FEBRUARY 19 2018......SUNRISE   724 AM EST   SUNSET   611 PM EST


-  INDICATES NEGATIVE NUMBERS.
R  INDICATES RECORD WAS SET OR TIED.
MM INDICATES DATA IS MISSING.
T  INDICATES TRACE AMOUNT.




$$
