000
CDUS43 KDTX 220536
CLIDTW


CLIMATE REPORT
NATIONAL WEATHER SERVICE DETROIT/PONTIAC MI
136 AM EDT THU JUN 22 2017


...................................

...THE DETROIT MI CLIMATE SUMMARY FOR JUNE 21 2017...

CLIMATE NORMAL PERIOD 1981 TO 2010
CLIMATE RECORD PERIOD 1874 TO 2017


WEATHER ITEM   OBSERVED TIME   RECORD YEAR NORMAL DEPARTURE LAST
                VALUE   (LST)  VALUE       VALUE  FROM      YEAR
                                                  NORMAL
..................................................................
TEMPERATURE (F)
 YESTERDAY
  MAXIMUM         78    247 PM  96    1933  81     -3       85
  MINIMUM         56    524 AM  42    1992  61     -5       61
  AVERAGE         67                        71     -4       73

PRECIPITATION (IN)
  YESTERDAY        0.00          2.23 1987   0.12  -0.12     0.00
  MONTH TO DATE    0.45                      2.53  -2.08     1.30
  SINCE JUN 1      0.45                      2.53  -2.08     1.30
  SINCE JAN 1     17.38                     15.07   2.31    14.03

SNOWFALL (IN)
  YESTERDAY        0.0           0.0    MM   0.0    0.0      0.0
  MONTH TO DATE    0.0                       0.0    0.0      0.0
  SINCE JUN 1      0.0                       0.0    0.0      0.0
  SINCE JUL 1     37.9                      42.5   -4.6     35.3
  SNOW DEPTH       0

DEGREE DAYS
 HEATING
  YESTERDAY        0                         1     -1        0
  MONTH TO DATE    9                        33    -24       14
  SINCE JUN 1      9                        33    -24       14
  SINCE JUL 1   5155                      6135   -980     5195

 COOLING
  YESTERDAY        2                         7     -5        8
  MONTH TO DATE  150                        99     51      134
  SINCE JUN 1    150                        99     51      134
  SINCE JAN 1    196                       147     49      212
..................................................................


WIND (MPH)
  HIGHEST WIND SPEED    15   HIGHEST WIND DIRECTION     S (200)
  HIGHEST GUST SPEED    18   HIGHEST GUST DIRECTION    SW (210)
  AVERAGE WIND SPEED     4.4


SKY COVER
  POSSIBLE SUNSHINE  MM
  AVERAGE SKY COVER 0.5


WEATHER CONDITIONS
 THE FOLLOWING WEATHER WAS RECORDED YESTERDAY.
  FOG


RELATIVE HUMIDITY (PERCENT)
 HIGHEST    87           300 AM
 LOWEST     39           200 PM
 AVERAGE    63

..........................................................


THE DETROIT MI CLIMATE NORMALS FOR TODAY
                         NORMAL    RECORD    YEAR
 MAXIMUM TEMPERATURE (F)   81        98      1988
 MINIMUM TEMPERATURE (F)   62        44      1992


SUNRISE AND SUNSET
JUNE 22 2017..........SUNRISE   557 AM EDT   SUNSET   913 PM EDT
JUNE 23 2017..........SUNRISE   558 AM EDT   SUNSET   914 PM EDT


-  INDICATES NEGATIVE NUMBERS.
R  INDICATES RECORD WAS SET OR TIED.
MM INDICATES DATA IS MISSING.
T  INDICATES TRACE AMOUNT.




$$
