000
CDUS43 KDTX 270617
CLIDTW


CLIMATE REPORT
NATIONAL WEATHER SERVICE DETROIT/PONTIAC MI
217 AM EDT SAT SEP 27 2014


...................................

...THE DETROIT MI CLIMATE SUMMARY FOR SEPTEMBER 26 2014...

CLIMATE NORMAL PERIOD 1981 TO 2010
CLIMATE RECORD PERIOD 1874 TO 2014


WEATHER ITEM   OBSERVED TIME   RECORD YEAR NORMAL DEPARTURE LAST
                VALUE   (LST)  VALUE       VALUE  FROM      YEAR
                                                  NORMAL
..................................................................
TEMPERATURE (F)
 YESTERDAY
  MAXIMUM         76    419 PM  91    1998  70      6       75
  MINIMUM         51    522 AM  30    1883  50      1       49
  AVERAGE         64                        60      4       62

PRECIPITATION (IN)
  YESTERDAY        0.00          2.08 1880   0.10  -0.10     0.00
  MONTH TO DATE    4.53                      2.88   1.65     1.10
  SINCE SEP 1      4.53                      2.88   1.65     1.10
  SINCE JAN 1     31.95                     25.31   6.64    32.08

SNOWFALL (IN)
  YESTERDAY        0.0           0.0    MM   0.0    0.0      0.0
  MONTH TO DATE    0.0                       0.0    0.0      0.0
  SINCE SEP 1      0.0                       0.0    0.0      0.0
  SINCE JUL 1      0.0                       0.0    0.0      0.0
  SNOW DEPTH       0

DEGREE DAYS
 HEATING
  YESTERDAY        1                         6     -5        3
  MONTH TO DATE  102                        75     27       91
  SINCE SEP 1    102                        75     27       91
  SINCE JUL 1    115                        85     30      103

 COOLING
  YESTERDAY        0                         1     -1        0
  MONTH TO DATE   67                        79    -12       78
  SINCE SEP 1     67                        79    -12       78
  SINCE JAN 1    699                       790    -91      871
..................................................................


WIND (MPH)
  HIGHEST WIND SPEED     9   HIGHEST WIND DIRECTION     E (110)
  HIGHEST GUST SPEED    13   HIGHEST GUST DIRECTION     E (110)
  AVERAGE WIND SPEED     2.6


SKY COVER
  POSSIBLE SUNSHINE  MM
  AVERAGE SKY COVER 0.4


WEATHER CONDITIONS
 THE FOLLOWING WEATHER WAS RECORDED YESTERDAY.
  FOG
  FOG W/VISIBILITY <= 1/4 MILE
  HAZE


RELATIVE HUMIDITY (PERCENT)
 HIGHEST   100          1000 AM
 LOWEST     54           400 PM
 AVERAGE    77

..........................................................


THE DETROIT MI CLIMATE NORMALS FOR TODAY
                         NORMAL    RECORD    YEAR
 MAXIMUM TEMPERATURE (F)   69        88      1891
 MINIMUM TEMPERATURE (F)   50        34      1899


SUNRISE AND SUNSET
SEPTEMBER 27 2014.....SUNRISE   726 AM EDT   SUNSET   722 PM EDT
SEPTEMBER 28 2014.....SUNRISE   727 AM EDT   SUNSET   720 PM EDT


-  INDICATES NEGATIVE NUMBERS.
R  INDICATES RECORD WAS SET OR TIED.
MM INDICATES DATA IS MISSING.
T  INDICATES TRACE AMOUNT.




$$
