000
CDUS43 KDTX 271442
CLIDTW

CLIMATE REPORT...CORRECTED SNOW DEPTH
NATIONAL WEATHER SERVICE DETROIT/PONTIAC MI
1243 AM EST TUE JAN 27 2015


...................................

...THE DETROIT MI CLIMATE SUMMARY FOR JANUARY 26 2015...

CLIMATE NORMAL PERIOD 1981 TO 2010
CLIMATE RECORD PERIOD 1874 TO 2015


WEATHER ITEM   OBSERVED TIME   RECORD YEAR NORMAL DEPARTURE LAST
                VALUE   (LST)  VALUE       VALUE  FROM      YEAR
                                                  NORMAL
..................................................................
TEMPERATURE (F)
 YESTERDAY
  MAXIMUM         27    346 PM  64    1944  32     -5       28
  MINIMUM         11    823 AM  -9    1897  19     -8        2
  AVERAGE         19                        25     -6       15

PRECIPITATION (IN)
  YESTERDAY        0.00          1.39 1978   0.05  -0.05     0.16
  MONTH TO DATE    1.40                      1.66  -0.26     2.72
  SINCE DEC 1      2.81                      4.12  -1.31     5.14
  SINCE JAN 1      1.40                      1.66  -0.26     2.72

SNOWFALL (IN)
  YESTERDAY        0.0           7.8  1978   0.4   -0.4      3.1
  MONTH TO DATE   13.3                      10.5    2.8     35.0
  SINCE DEC 1     13.4                      20.1   -6.7     50.5
  SINCE JUL 1     17.4                      21.7   -4.3     51.7
  SNOW DEPTH       3

DEGREE DAYS
 HEATING
  YESTERDAY       46                        40      6       50
  MONTH TO DATE 1138                      1030    108     1239
  SINCE DEC 1   2105                      2112     -7     2416
  SINCE JUL 1   3482                      3327    155     3718

 COOLING
  YESTERDAY        0                         0      0        0
  MONTH TO DATE    0                         0      0        0
  SINCE DEC 1      0                         0      0        0
  SINCE JAN 1      0                         0      0        0
..................................................................


WIND (MPH)
  HIGHEST WIND SPEED    13   HIGHEST WIND DIRECTION     N (20)
  HIGHEST GUST SPEED    17   HIGHEST GUST DIRECTION    NE (30)
  AVERAGE WIND SPEED     5.8


SKY COVER
  POSSIBLE SUNSHINE  MM
  AVERAGE SKY COVER 0.7


WEATHER CONDITIONS
 THE FOLLOWING WEATHER WAS RECORDED YESTERDAY.
  NO SIGNIFICANT WEATHER WAS OBSERVED.


RELATIVE HUMIDITY (PERCENT)
 HIGHEST    80          1100 PM
 LOWEST     42           300 PM
 AVERAGE    61

..........................................................


THE DETROIT MI CLIMATE NORMALS FOR TODAY
                         NORMAL    RECORD    YEAR
 MAXIMUM TEMPERATURE (F)   32        61      1916
 MINIMUM TEMPERATURE (F)   19        -6      1936


SUNRISE AND SUNSET
JANUARY 27 2015.......SUNRISE   752 AM EST   SUNSET   541 PM EST
JANUARY 28 2015.......SUNRISE   751 AM EST   SUNSET   542 PM EST


-  INDICATES NEGATIVE NUMBERS.
R  INDICATES RECORD WAS SET OR TIED.
MM INDICATES DATA IS MISSING.
T  INDICATES TRACE AMOUNT.




$$
