156
CDUS43 KDTX 222028
CLIDTW


CLIMATE REPORT
NATIONAL WEATHER SERVICE DETROIT/PONTIAC MI
428 PM EDT SAT APR 22 2017


...................................

...THE DETROIT MI CLIMATE SUMMARY FOR APRIL 22 2017...
VALID TODAY AS OF 0400 PM LOCAL TIME.

CLIMATE NORMAL PERIOD 1981 TO 2010
CLIMATE RECORD PERIOD 1874 TO 2017


WEATHER ITEM   OBSERVED TIME   RECORD YEAR NORMAL DEPARTURE LAST
                VALUE   (LST)  VALUE       VALUE  FROM      YEAR
                                                  NORMAL
..................................................................
TEMPERATURE (F)
 TODAY
  MAXIMUM         61    238 PM  87    1980  62     -1       63
  MINIMUM         39    558 AM  20    1875  42     -3       43
  AVERAGE         50                        52     -2       53

PRECIPITATION (IN)
  TODAY            0.00          1.23 1952   0.10  -0.10      T
  MONTH TO DATE    2.91                      2.12   0.79     1.10
  SINCE MAR 1      7.17                      4.40   2.77     5.96
  SINCE JAN 1     11.90                      8.38   3.52     9.32

SNOWFALL (IN)
  TODAY            0.0           1.0  1912   0.0    0.0      0.0
  MONTH TO DATE    0.1                       1.6   -1.5      1.3
  SINCE MAR 1      7.0                       8.5   -1.5      8.7
  SINCE JUL 1     37.9                      42.4   -4.5     35.3
  SNOW DEPTH       0

DEGREE DAYS
 HEATING
  TODAY           15                        14      1       12
  MONTH TO DATE  255                       383   -128      436
  SINCE MAR 1   1120                      1245   -125     1106
  SINCE JUL 1   4858                      5798   -940     4871

 COOLING
  TODAY            0                         0      0        0
  MONTH TO DATE    5                         0      5        0
  SINCE MAR 1      5                         0      5        0
  SINCE JAN 1      5                         0      5        0
..................................................................


WIND (MPH)
  HIGHEST WIND SPEED    20   HIGHEST WIND DIRECTION    NE (30)
  HIGHEST GUST SPEED    25   HIGHEST GUST DIRECTION    NE (30)
  AVERAGE WIND SPEED     9.6


SKY COVER
  POSSIBLE SUNSHINE  MM
  AVERAGE SKY COVER 0.7


WEATHER CONDITIONS
 THE FOLLOWING WEATHER WAS RECORDED TODAY.
  NO SIGNIFICANT WEATHER WAS OBSERVED.


RELATIVE HUMIDITY (PERCENT)
 HIGHEST    85           400 AM
 LOWEST     36           100 PM
 AVERAGE    61

..........................................................


THE DETROIT MI CLIMATE NORMALS FOR TOMORROW
                         NORMAL    RECORD    YEAR
 MAXIMUM TEMPERATURE (F)   62        88      1925
 MINIMUM TEMPERATURE (F)   42        23      1986


SUNRISE AND SUNSET
APRIL 22 2017.........SUNRISE   641 AM EDT   SUNSET   823 PM EDT
APRIL 23 2017.........SUNRISE   640 AM EDT   SUNSET   824 PM EDT


-  INDICATES NEGATIVE NUMBERS.
R  INDICATES RECORD WAS SET OR TIED.
MM INDICATES DATA IS MISSING.
T  INDICATES TRACE AMOUNT.




$$
