260
CDUS43 KDTX 212029
CLIDTW


CLIMATE REPORT
NATIONAL WEATHER SERVICE DETROIT/PONTIAC MI
428 PM EDT SAT MAY 21 2016


...................................

...THE DETROIT MI CLIMATE SUMMARY FOR MAY 21 2016...
VALID TODAY AS OF 0400 PM LOCAL TIME.

CLIMATE NORMAL PERIOD 1981 TO 2010
CLIMATE RECORD PERIOD 1874 TO 2016


WEATHER ITEM   OBSERVED TIME   RECORD YEAR NORMAL DEPARTURE LAST
                VALUE   (LST)  VALUE       VALUE  FROM      YEAR
                                                  NORMAL
..................................................................
TEMPERATURE (F)
 TODAY
  MAXIMUM         71   1202 PM  92    1977  71      0       66
  MINIMUM         57    629 AM  32    1883  51      6       49
  AVERAGE         64                        61      3       58

PRECIPITATION (IN)
  TODAY            T             1.69 2004   0.12  -0.12     0.00
  MONTH TO DATE    2.03                      2.22  -0.19     2.83
  SINCE MAR 1      9.20                      7.40   1.80     6.24
  SINCE JAN 1     12.56                     11.38   1.18     9.04

SNOWFALL (IN)
  TODAY            0.0           2.3  1883   0.0    0.0      0.0
  MONTH TO DATE    T                         0.0    0.0      0.0
  SINCE MAR 1      8.7                       8.6    0.1      2.8
  SINCE JUL 1     35.3                      42.5   -7.2     47.5
  SNOW DEPTH       0

DEGREE DAYS
 HEATING
  TODAY            1                         5     -4        7
  MONTH TO DATE  185                       166     19       82
  SINCE MAR 1   1409                      1507    -98     1460
  SINCE JUL 1   5174                      6060   -886     6571

 COOLING
  TODAY            0                         2     -2        0
  MONTH TO DATE    2                        18    -16       61
  SINCE MAR 1      2                        24    -22       61
  SINCE JAN 1      2                        24    -22       61
..................................................................


WIND (MPH)
  HIGHEST WIND SPEED    17   HIGHEST WIND DIRECTION     N (10)
  HIGHEST GUST SPEED    22   HIGHEST GUST DIRECTION     N (20)
  AVERAGE WIND SPEED     7.6


SKY COVER
  POSSIBLE SUNSHINE  MM
  AVERAGE SKY COVER 1.0


WEATHER CONDITIONS
 THE FOLLOWING WEATHER WAS RECORDED TODAY.
  LIGHT RAIN


RELATIVE HUMIDITY (PERCENT)
 HIGHEST    57           300 AM
 LOWEST     37          1200 PM
 AVERAGE    47

..........................................................


THE DETROIT MI CLIMATE NORMALS FOR TOMORROW
                         NORMAL    RECORD    YEAR
 MAXIMUM TEMPERATURE (F)   72        90      1994
                                             1964
 MINIMUM TEMPERATURE (F)   51        32      1883


SUNRISE AND SUNSET
MAY 21 2016...........SUNRISE   606 AM EDT   SUNSET   854 PM EDT
MAY 22 2016...........SUNRISE   606 AM EDT   SUNSET   855 PM EDT


-  INDICATES NEGATIVE NUMBERS.
R  INDICATES RECORD WAS SET OR TIED.
MM INDICATES DATA IS MISSING.
T  INDICATES TRACE AMOUNT.




$$
