000
CDUS43 KDTX 120535
CLIDTW


CLIMATE REPORT
NATIONAL WEATHER SERVICE DETROIT/PONTIAC MI
135 AM EDT SAT APR 12 2014


...................................

...THE DETROIT MI CLIMATE SUMMARY FOR APRIL 11 2014...

CLIMATE NORMAL PERIOD 1981 TO 2010
CLIMATE RECORD PERIOD 1874 TO 2014


WEATHER ITEM   OBSERVED TIME   RECORD YEAR NORMAL DEPARTURE LAST
                VALUE   (LST)  VALUE       VALUE  FROM      YEAR
                                                  NORMAL
..................................................................
TEMPERATURE (F)
 YESTERDAY
  MAXIMUM         69    310 PM  87    1977  57     12       41
  MINIMUM         42    508 AM  22    1940  38      4       37
  AVERAGE         56                        48      8       39

PRECIPITATION (IN)
  YESTERDAY        0.00          1.60 1965   0.10  -0.10     1.49
  MONTH TO DATE    0.91                      1.04  -0.13     1.78
  SINCE MAR 1      2.40                      3.32  -0.92     2.52
  SINCE JAN 1      8.14                      7.30   0.84     8.80

SNOWFALL (IN)
  YESTERDAY        0.0           2.5  1885   0.1   -0.1      0.0
  MONTH TO DATE    T                         1.1   -1.1       T
  SINCE MAR 1     12.5                       8.0    4.5      3.1
  SINCE JUL 1     91.7                      41.9   49.8     47.6
  SNOW DEPTH       0

DEGREE DAYS
 HEATING
  YESTERDAY        9                        18     -9       26
  MONTH TO DATE  198                       214    -16      252
  SINCE MAR 1   1317                      1076    241     1185
  SINCE JUL 1   6567                      5629    938     5470

 COOLING
  YESTERDAY        0                         0      0        0
  MONTH TO DATE    0                         0      0        0
  SINCE MAR 1      0                         0      0        0
  SINCE JAN 1      0                         0      0        0
..................................................................


WIND (MPH)
  HIGHEST WIND SPEED    21   HIGHEST WIND DIRECTION     W (250)
  HIGHEST GUST SPEED    29   HIGHEST GUST DIRECTION     W (250)
  AVERAGE WIND SPEED     4.6


SKY COVER
  POSSIBLE SUNSHINE  MM
  AVERAGE SKY COVER 0.6


WEATHER CONDITIONS
 THE FOLLOWING WEATHER WAS RECORDED YESTERDAY.
  HAZE


RELATIVE HUMIDITY (PERCENT)
 HIGHEST    89           500 AM
 LOWEST     17           300 PM
 AVERAGE    53

..........................................................


THE DETROIT MI CLIMATE NORMALS FOR TODAY
                         NORMAL    RECORD    YEAR
 MAXIMUM TEMPERATURE (F)   58        89      1977
 MINIMUM TEMPERATURE (F)   38        18      1976


SUNRISE AND SUNSET
APRIL 12 2014.........SUNRISE   657 AM EDT   SUNSET   811 PM EDT
APRIL 13 2014.........SUNRISE   656 AM EDT   SUNSET   813 PM EDT


-  INDICATES NEGATIVE NUMBERS.
R  INDICATES RECORD WAS SET OR TIED.
MM INDICATES DATA IS MISSING.
T  INDICATES TRACE AMOUNT.




$$
