000
CDUS43 KDTX 182026
CLIDTW


CLIMATE REPORT
NATIONAL WEATHER SERVICE DETROIT/PONTIAC MI
426 PM EDT THU AUG 18 2016


...................................

...THE DETROIT MI CLIMATE SUMMARY FOR AUGUST 18 2016...
VALID TODAY AS OF 0400 PM LOCAL TIME.

CLIMATE NORMAL PERIOD 1981 TO 2010
CLIMATE RECORD PERIOD 1874 TO 2016


WEATHER ITEM   OBSERVED TIME   RECORD YEAR NORMAL DEPARTURE LAST
                VALUE   (LST)  VALUE       VALUE  FROM      YEAR
                                                  NORMAL
..................................................................
TEMPERATURE (F)
 TODAY
  MAXIMUM         84    245 PM  95    1947  81      3       83
  MINIMUM         66    604 AM  46    1981  63      3       69
                                      1977
  AVERAGE         75                        72      3       76

PRECIPITATION (IN)
  TODAY            0.00          1.25 2001   0.09  -0.09     0.14
  MONTH TO DATE    3.83                      1.82   2.01     1.38
  SINCE JUN 1      6.70                      8.71  -2.01     8.46
  SINCE JAN 1     19.43                     21.25  -1.82    20.20

SNOWFALL (IN)
  TODAY            0.0           0.0    MM   0.0    0.0      0.0
  MONTH TO DATE    0.0                       0.0    0.0      0.0
  SINCE JUN 1      0.0                       0.0    0.0      0.0
  SINCE JUL 1      0.0                       0.0    0.0      0.0
  SNOW DEPTH       0

DEGREE DAYS
 HEATING
  TODAY            0                         0      0        0
  MONTH TO DATE    0                         0      0        0
  SINCE JUN 1     14                        37    -23       25
  SINCE JUL 1      0                         2     -2        3

 COOLING
  TODAY           10                         7      3       11
  MONTH TO DATE  244                       141    103      158
  SINCE JUN 1    817                       579    238      552
  SINCE JAN 1    895                       627    268      656
..................................................................


WIND (MPH)
  HIGHEST WIND SPEED    13   HIGHEST WIND DIRECTION     S (180)
  HIGHEST GUST SPEED    17   HIGHEST GUST DIRECTION    SW (220)
  AVERAGE WIND SPEED     4.4


SKY COVER
  POSSIBLE SUNSHINE  MM
  AVERAGE SKY COVER 0.4


WEATHER CONDITIONS
 THE FOLLOWING WEATHER WAS RECORDED TODAY.
  FOG
  HAZE


RELATIVE HUMIDITY (PERCENT)
 HIGHEST    93           400 AM
 LOWEST     55          1200 PM
 AVERAGE    74

..........................................................


THE DETROIT MI CLIMATE NORMALS FOR TOMORROW
                         NORMAL    RECORD    YEAR
 MAXIMUM TEMPERATURE (F)   81        95      1947
 MINIMUM TEMPERATURE (F)   63        44      1977


SUNRISE AND SUNSET
AUGUST 18 2016........SUNRISE   644 AM EDT   SUNSET   829 PM EDT
AUGUST 19 2016........SUNRISE   645 AM EDT   SUNSET   827 PM EDT


-  INDICATES NEGATIVE NUMBERS.
R  INDICATES RECORD WAS SET OR TIED.
MM INDICATES DATA IS MISSING.
T  INDICATES TRACE AMOUNT.




$$
