000
CDUS43 KDTX 150536
CLIDTW


CLIMATE REPORT
NATIONAL WEATHER SERVICE DETROIT/PONTIAC MI
136 AM EDT TUE APR 15 2014


...................................

...THE DETROIT MI CLIMATE SUMMARY FOR APRIL 14 2014...

CLIMATE NORMAL PERIOD 1981 TO 2010
CLIMATE RECORD PERIOD 1874 TO 2014


WEATHER ITEM   OBSERVED TIME   RECORD YEAR NORMAL DEPARTURE LAST
                VALUE   (LST)  VALUE       VALUE  FROM      YEAR
                                                  NORMAL
..................................................................
TEMPERATURE (F)
 YESTERDAY
  MAXIMUM         71    650 AM  81    2006  59     12       48
                                      1941
  MINIMUM         32   1159 PM  20    1950  39     -7       33
  AVERAGE         52                        49      3       41

PRECIPITATION (IN)
  YESTERDAY        0.14          1.14 1980   0.09   0.05     0.01
  MONTH TO DATE    1.05                      1.33  -0.28     2.07
  SINCE MAR 1      2.54                      3.61  -1.07     2.81
  SINCE JAN 1      8.28                      7.59   0.69     9.09

SNOWFALL (IN)
  YESTERDAY        0.6           1.2  1980   0.0    0.6       T
  MONTH TO DATE    0.6                       1.2   -0.6       T
  SINCE MAR 1     13.1                       8.1    5.0      3.1
  SINCE JUL 1     92.3                      42.0   50.3     47.6
  SNOW DEPTH       0

DEGREE DAYS
 HEATING
  YESTERDAY       13                        16     -3       24
  MONTH TO DATE  221                       264    -43      326
  SINCE MAR 1   1340                      1126    214     1259
  SINCE JUL 1   6590                      5679    911     5544

 COOLING
  YESTERDAY        0                         0      0        0
  MONTH TO DATE    0                         0      0        0
  SINCE MAR 1      0                         0      0        0
  SINCE JAN 1      0                         0      0        0
..................................................................


WIND (MPH)
  HIGHEST WIND SPEED    49   HIGHEST WIND DIRECTION     S (200)
  HIGHEST GUST SPEED    61   HIGHEST GUST DIRECTION     S (200)
  AVERAGE WIND SPEED    18.8


SKY COVER
  POSSIBLE SUNSHINE  MM
  AVERAGE SKY COVER 1.0


WEATHER CONDITIONS
 THE FOLLOWING WEATHER WAS RECORDED YESTERDAY.
  LIGHT RAIN
  LIGHT SNOW
  FOG


RELATIVE HUMIDITY (PERCENT)
 HIGHEST    85          1000 PM
 LOWEST     44           100 AM
 AVERAGE    65

..........................................................


THE DETROIT MI CLIMATE NORMALS FOR TODAY
                         NORMAL    RECORD    YEAR
 MAXIMUM TEMPERATURE (F)   59        85      2003
                                             1976
 MINIMUM TEMPERATURE (F)   39        21      1935


SUNRISE AND SUNSET
APRIL 15 2014.........SUNRISE   653 AM EDT   SUNSET   815 PM EDT
APRIL 16 2014.........SUNRISE   651 AM EDT   SUNSET   816 PM EDT


-  INDICATES NEGATIVE NUMBERS.
R  INDICATES RECORD WAS SET OR TIED.
MM INDICATES DATA IS MISSING.
T  INDICATES TRACE AMOUNT.




$$
