000
CDUS43 KDTX 240537
CLIDTW


CLIMATE REPORT
NATIONAL WEATHER SERVICE DETROIT/PONTIAC MI
136 AM EDT FRI OCT 24 2014


...................................

...THE DETROIT MI CLIMATE SUMMARY FOR OCTOBER 23 2014...

CLIMATE NORMAL PERIOD 1981 TO 2010
CLIMATE RECORD PERIOD 1874 TO 2014


WEATHER ITEM   OBSERVED TIME   RECORD YEAR NORMAL DEPARTURE LAST
                VALUE   (LST)  VALUE       VALUE  FROM      YEAR
                                                  NORMAL
..................................................................
TEMPERATURE (F)
 YESTERDAY
  MAXIMUM         59    403 PM  83    1963  59      0       49
  MINIMUM         35    609 AM  22    1969  41     -6       32
  AVERAGE         47                        50     -3       41

PRECIPITATION (IN)
  YESTERDAY        0.00          2.08 1957   0.08  -0.08     0.01
  MONTH TO DATE    1.86                      1.88  -0.02     1.41
  SINCE SEP 1      6.57                      5.15   1.42     2.61
  SINCE JAN 1     33.99                     27.58   6.41    33.59

SNOWFALL (IN)
  YESTERDAY       MM             0.1  1981   0.0   MM         T
  MONTH TO DATE    0.0                       0.0    0.0       T
  SINCE SEP 1      0.0                       0.0    0.0       T
  SINCE JUL 1      0.0                       0.0    0.0       T
  SNOW DEPTH       0

DEGREE DAYS
 HEATING
  YESTERDAY       18                        15      3       24
  MONTH TO DATE  273                       265      8      212
  SINCE SEP 1    381                       369     12      310
  SINCE JUL 1    394                       379     15      322

 COOLING
  YESTERDAY        0                         0      0        0
  MONTH TO DATE    0                         7     -7       20
  SINCE SEP 1     72                        91    -19       98
  SINCE JAN 1    704                       802    -98      891
..................................................................


WIND (MPH)
  HIGHEST WIND SPEED     9   HIGHEST WIND DIRECTION     W (250)
  HIGHEST GUST SPEED    13   HIGHEST GUST DIRECTION    SW (220)
  AVERAGE WIND SPEED     2.8


SKY COVER
  POSSIBLE SUNSHINE  MM
  AVERAGE SKY COVER 0.3


WEATHER CONDITIONS
 THE FOLLOWING WEATHER WAS RECORDED YESTERDAY.
  NO SIGNIFICANT WEATHER WAS OBSERVED.


RELATIVE HUMIDITY (PERCENT)
 HIGHEST    92          1200 AM
 LOWEST     47           300 PM
 AVERAGE    70

..........................................................


THE DETROIT MI CLIMATE NORMALS FOR TODAY
                         NORMAL    RECORD    YEAR
 MAXIMUM TEMPERATURE (F)   59        81      1963
 MINIMUM TEMPERATURE (F)   41        22      1981
                                             1969


SUNRISE AND SUNSET
OCTOBER 24 2014.......SUNRISE   757 AM EDT   SUNSET   638 PM EDT
OCTOBER 25 2014.......SUNRISE   758 AM EDT   SUNSET   636 PM EDT


-  INDICATES NEGATIVE NUMBERS.
R  INDICATES RECORD WAS SET OR TIED.
MM INDICATES DATA IS MISSING.
T  INDICATES TRACE AMOUNT.




$$
