000
CDUS43 KDTX 300536
CLIDTW


CLIMATE REPORT
NATIONAL WEATHER SERVICE DETROIT/PONTIAC MI
136 AM EDT TUE JUN 30 2015


...................................

...THE DETROIT MI CLIMATE SUMMARY FOR JUNE 29 2015...

CLIMATE NORMAL PERIOD 1981 TO 2010
CLIMATE RECORD PERIOD 1874 TO 2015


WEATHER ITEM   OBSERVED TIME   RECORD YEAR NORMAL DEPARTURE LAST
                VALUE   (LST)  VALUE       VALUE  FROM      YEAR
                                                  NORMAL
..................................................................
TEMPERATURE (F)
 YESTERDAY
  MAXIMUM         77   1135 AM  96    1933  83     -6       87
  MINIMUM         61    555 AM  48    1989  63     -2       71
                                      1923
  AVERAGE         69                        73     -4       79

PRECIPITATION (IN)
  YESTERDAY        T             1.32 1947   0.11  -0.11      T
  MONTH TO DATE    5.28                      3.41   1.87     4.00
  SINCE JUN 1      5.28                      3.41   1.87     4.00
  SINCE JAN 1     17.02                     15.95   1.07    18.67

SNOWFALL (IN)
  YESTERDAY        0.0           0.0    MM   0.0    0.0      0.0
  MONTH TO DATE    0.0                       0.0    0.0      0.0
  SINCE JUN 1      0.0                       0.0    0.0      0.0
  SINCE JUL 1     47.5                      42.5    5.0     94.9
  SNOW DEPTH       0

DEGREE DAYS
 HEATING
  YESTERDAY        0                         0      0        0
  MONTH TO DATE   22                        34    -12       12
  SINCE JUN 1     22                        34    -12       12
  SINCE JUL 1   6620                      6136    484     7023

 COOLING
  YESTERDAY        4                         8     -4       14
  MONTH TO DATE  135                       159    -24      170
  SINCE JUN 1    135                       159    -24      170
  SINCE JAN 1    239                       207     32      234
..................................................................


WIND (MPH)
  HIGHEST WIND SPEED    21   HIGHEST WIND DIRECTION     S (170)
  HIGHEST GUST SPEED    30   HIGHEST GUST DIRECTION    NE (50)
  AVERAGE WIND SPEED     7.0


SKY COVER
  POSSIBLE SUNSHINE  MM
  AVERAGE SKY COVER 0.9


WEATHER CONDITIONS
 THE FOLLOWING WEATHER WAS RECORDED YESTERDAY.
  LIGHT RAIN
  HAZE


RELATIVE HUMIDITY (PERCENT)
 HIGHEST    84           400 AM
 LOWEST     53           200 PM
 AVERAGE    69

..........................................................


THE DETROIT MI CLIMATE NORMALS FOR TODAY
                         NORMAL    RECORD    YEAR
 MAXIMUM TEMPERATURE (F)   83        96      1931
 MINIMUM TEMPERATURE (F)   63        47      1943


SUNRISE AND SUNSET
JUNE 30 2015..........SUNRISE   600 AM EDT   SUNSET   914 PM EDT
JULY  1 2015..........SUNRISE   601 AM EDT   SUNSET   914 PM EDT


-  INDICATES NEGATIVE NUMBERS.
R  INDICATES RECORD WAS SET OR TIED.
MM INDICATES DATA IS MISSING.
T  INDICATES TRACE AMOUNT.




$$
