000
CDUS43 KDTX 290536
CLIDTW


CLIMATE REPORT
NATIONAL WEATHER SERVICE DETROIT/PONTIAC MI
1236 AM EST THU JAN 29 2015


...................................

...THE DETROIT MI CLIMATE SUMMARY FOR JANUARY 28 2015...

CLIMATE NORMAL PERIOD 1981 TO 2010
CLIMATE RECORD PERIOD 1874 TO 2015


WEATHER ITEM   OBSERVED TIME   RECORD YEAR NORMAL DEPARTURE LAST
                VALUE   (LST)  VALUE       VALUE  FROM      YEAR
                                                  NORMAL
..................................................................
TEMPERATURE (F)
 YESTERDAY
  MAXIMUM         29    249 PM  57    2002  32     -3        6
  MINIMUM         11    619 AM -10    2014  19     -8      -10
  AVERAGE         20                        26     -6       -2

PRECIPITATION (IN)
  YESTERDAY        0.00          0.84 1994   0.06  -0.06     0.00
  MONTH TO DATE    1.40                      1.78  -0.38     2.86
  SINCE DEC 1      2.81                      4.24  -1.43     5.28
  SINCE JAN 1      1.40                      1.78  -0.38     2.86

SNOWFALL (IN)
  YESTERDAY        0.0           5.0  2009   0.4   -0.4      0.0
  MONTH TO DATE   13.3                      11.3    2.0     38.3
  SINCE DEC 1     13.4                      20.9   -7.5     53.8
  SINCE JUL 1     17.4                      22.5   -5.1     55.0
  SNOW DEPTH       2

DEGREE DAYS
 HEATING
  YESTERDAY       45                        39      6       67
  MONTH TO DATE 1228                      1109    119     1359
  SINCE DEC 1   2195                      2191      4     2536
  SINCE JUL 1   3572                      3406    166     3838

 COOLING
  YESTERDAY        0                         0      0        0
  MONTH TO DATE    0                         0      0        0
  SINCE DEC 1      0                         0      0        0
  SINCE JAN 1      0                         0      0        0
..................................................................


WIND (MPH)
  HIGHEST WIND SPEED    13   HIGHEST WIND DIRECTION    SE (120)
  HIGHEST GUST SPEED    18   HIGHEST GUST DIRECTION    SE (120)
  AVERAGE WIND SPEED     5.3


SKY COVER
  POSSIBLE SUNSHINE  MM
  AVERAGE SKY COVER 0.5


WEATHER CONDITIONS
 THE FOLLOWING WEATHER WAS RECORDED YESTERDAY.
  NO SIGNIFICANT WEATHER WAS OBSERVED.


RELATIVE HUMIDITY (PERCENT)
 HIGHEST    92           600 AM
 LOWEST     42          1200 PM
 AVERAGE    67

..........................................................


THE DETROIT MI CLIMATE NORMALS FOR TODAY
                         NORMAL    RECORD    YEAR
 MAXIMUM TEMPERATURE (F)   32        58      1914
 MINIMUM TEMPERATURE (F)   19        -7      1885


SUNRISE AND SUNSET
JANUARY 29 2015.......SUNRISE   750 AM EST   SUNSET   544 PM EST
JANUARY 30 2015.......SUNRISE   749 AM EST   SUNSET   545 PM EST


-  INDICATES NEGATIVE NUMBERS.
R  INDICATES RECORD WAS SET OR TIED.
MM INDICATES DATA IS MISSING.
T  INDICATES TRACE AMOUNT.




$$
