454
CDUS43 KDTX 302036
CLIDTW


CLIMATE REPORT
NATIONAL WEATHER SERVICE DETROIT/PONTIAC MI
431 PM EDT THU MAR 30 2017


...................................

...THE DETROIT MI CLIMATE SUMMARY FOR MARCH 30 2017...
VALID TODAY AS OF 0400 PM LOCAL TIME.

CLIMATE NORMAL PERIOD 1981 TO 2010
CLIMATE RECORD PERIOD 1874 TO 2017


WEATHER ITEM   OBSERVED TIME   RECORD YEAR NORMAL DEPARTURE LAST
                VALUE   (LST)  VALUE       VALUE  FROM      YEAR
                                                  NORMAL
..................................................................
TEMPERATURE (F)
 TODAY
  MAXIMUM         43    637 AM  81    1998  52     -9       62
                                      1986
  MINIMUM         38   1055 AM  10    1923  34      4       34
  AVERAGE         41                        43     -2       48

PRECIPITATION (IN)
  TODAY            1.19          1.76 1922   0.08   1.11     0.02
  MONTH TO DATE    3.48                      2.19   1.29     4.26
  SINCE MAR 1      3.48                      2.19   1.29     4.26
  SINCE JAN 1      8.21                      6.17   2.04     7.62

SNOWFALL (IN)
  TODAY            0.0           7.1  1881   0.2   -0.2      0.0
  MONTH TO DATE    6.9                       6.8    0.1      7.4
  SINCE MAR 1      6.9                       6.8    0.1      7.4
  SINCE JUL 1     37.8                      40.7   -2.9     34.0
  SNOW DEPTH       0

DEGREE DAYS
 HEATING
  TODAY           24                        22      2       17
  MONTH TO DATE  841                       840      1      664
  SINCE MAR 1    841                       840      1      664
  SINCE JUL 1   4579                      5393   -814     4429

 COOLING
  TODAY            0                         0      0        0
  MONTH TO DATE    0                         0      0        0
  SINCE MAR 1      0                         0      0        0
  SINCE JAN 1      0                         0      0        0
..................................................................


WIND (MPH)
  HIGHEST WIND SPEED    20   HIGHEST WIND DIRECTION     E (80)
  HIGHEST GUST SPEED    27   HIGHEST GUST DIRECTION     E (80)
  AVERAGE WIND SPEED    12.9


SKY COVER
  POSSIBLE SUNSHINE  MM
  AVERAGE SKY COVER 0.9


WEATHER CONDITIONS
 THE FOLLOWING WEATHER WAS RECORDED TODAY.
  HEAVY RAIN
  RAIN
  LIGHT RAIN
  FOG


RELATIVE HUMIDITY (PERCENT)
 HIGHEST    92           800 AM
 LOWEST     62           600 AM
 AVERAGE    77

..........................................................


THE DETROIT MI CLIMATE NORMALS FOR TOMORROW
                         NORMAL    RECORD    YEAR
 MAXIMUM TEMPERATURE (F)   53        80      1943
 MINIMUM TEMPERATURE (F)   34         6      1923


SUNRISE AND SUNSET
MARCH 30 2017.........SUNRISE   719 AM EDT   SUNSET   757 PM EDT
MARCH 31 2017.........SUNRISE   717 AM EDT   SUNSET   758 PM EDT


-  INDICATES NEGATIVE NUMBERS.
R  INDICATES RECORD WAS SET OR TIED.
MM INDICATES DATA IS MISSING.
T  INDICATES TRACE AMOUNT.




$$
