000
CDUS43 KDTX 272028
CLIDTW


CLIMATE REPORT
NATIONAL WEATHER SERVICE DETROIT/PONTIAC MI
427 PM EDT SAT JUN 27 2015


...................................

...THE DETROIT MI CLIMATE SUMMARY FOR JUNE 27 2015...
VALID TODAY AS OF 0400 PM LOCAL TIME.

CLIMATE NORMAL PERIOD 1981 TO 2010
CLIMATE RECORD PERIOD 1874 TO 2015


WEATHER ITEM   OBSERVED TIME   RECORD YEAR NORMAL DEPARTURE LAST
                VALUE   (LST)  VALUE       VALUE  FROM      YEAR
                                                  NORMAL
..................................................................
TEMPERATURE (F)
 TODAY
  MAXIMUM         68   1219 AM  99    1971  82    -14       83
  MINIMUM         56    545 AM  48    1907  63     -7       61
                                      1902
  AVERAGE         62                        72    -10       72

PRECIPITATION (IN)
  TODAY            0.85          1.79 1983   0.11   0.74     0.00
  MONTH TO DATE    5.15                      3.19   1.96     4.00
  SINCE JUN 1      5.15                      3.19   1.96     4.00
  SINCE JAN 1     16.89                     15.73   1.16    18.67

SNOWFALL (IN)
  TODAY            0.0           0.0    MM   0.0    0.0      0.0
  MONTH TO DATE    0.0                       0.0    0.0      0.0
  SINCE JUN 1      0.0                       0.0    0.0      0.0
  SINCE JUL 1     47.5                      42.5    5.0     94.9
  SNOW DEPTH       0

DEGREE DAYS
 HEATING
  TODAY            3                         0      3        0
  MONTH TO DATE   22                        34    -12       12
  SINCE JUN 1     22                        34    -12       12
  SINCE JUL 1   6620                      6136    484     7023

 COOLING
  TODAY            0                         8     -8        7
  MONTH TO DATE  128                       143    -15      144
  SINCE JUN 1    128                       143    -15      144
  SINCE JAN 1    232                       191     41      208
..................................................................


WIND (MPH)
  HIGHEST WIND SPEED    29   HIGHEST WIND DIRECTION     N (10)
  HIGHEST GUST SPEED    39   HIGHEST GUST DIRECTION     N (360)
  AVERAGE WIND SPEED    16.0


SKY COVER
  POSSIBLE SUNSHINE  MM
  AVERAGE SKY COVER 0.9


WEATHER CONDITIONS
 THE FOLLOWING WEATHER WAS RECORDED TODAY.
  HEAVY RAIN
  RAIN
  LIGHT RAIN
  FOG


RELATIVE HUMIDITY (PERCENT)
 HIGHEST    93           500 AM
 LOWEST     67           100 AM
 AVERAGE    80

..........................................................


THE DETROIT MI CLIMATE NORMALS FOR TOMORROW
                         NORMAL    RECORD    YEAR
 MAXIMUM TEMPERATURE (F)   83       104      1934
 MINIMUM TEMPERATURE (F)   63        49      1970
                                             1919


SUNRISE AND SUNSET
JUNE 27 2015..........SUNRISE   559 AM EDT   SUNSET   914 PM EDT
JUNE 28 2015..........SUNRISE   559 AM EDT   SUNSET   914 PM EDT


-  INDICATES NEGATIVE NUMBERS.
R  INDICATES RECORD WAS SET OR TIED.
MM INDICATES DATA IS MISSING.
T  INDICATES TRACE AMOUNT.




$$
