000
CDUS43 KDTX 030535
CLIDTW


CLIMATE REPORT
NATIONAL WEATHER SERVICE DETROIT/PONTIAC MI
1235 AM EST SUN DEC 3 2017


...................................

...THE DETROIT MI CLIMATE SUMMARY FOR DECEMBER 2 2017...

CLIMATE NORMAL PERIOD 1981 TO 2010
CLIMATE RECORD PERIOD 1874 TO 2017


WEATHER ITEM   OBSERVED TIME   RECORD YEAR NORMAL DEPARTURE LAST
                VALUE   (LST)  VALUE       VALUE  FROM      YEAR
                                                  NORMAL
..................................................................
TEMPERATURE (F)
 YESTERDAY
  MAXIMUM         50    337 PM  67    1982  41      9       41
  MINIMUM         31    704 AM  -2    1976  29      2       33
  AVERAGE         41                        35      6       37

PRECIPITATION (IN)
  YESTERDAY        0.00          1.35 1878   0.09  -0.09      T
  MONTH TO DATE    0.00                      0.17  -0.17      T
  SINCE DEC 1      0.00                      0.17  -0.17      T
  SINCE JAN 1     33.98                     31.18   2.80    32.58

SNOWFALL (IN)
  YESTERDAY        0.0           5.8  2002   0.2   -0.2      0.0
  MONTH TO DATE    0.0                       0.4   -0.4       T
  SINCE DEC 1      0.0                       0.4   -0.4       T
  SINCE JUL 1      T                         2.0   -2.0      0.1
  SNOW DEPTH       0

DEGREE DAYS
 HEATING
  YESTERDAY       24                        30     -6       28
  MONTH TO DATE   49                        60    -11       54
  SINCE DEC 1     49                        60    -11       54
  SINCE JUL 1   1112                      1275   -163      922

 COOLING
  YESTERDAY        0                         0      0        0
  MONTH TO DATE    0                         0      0        0
  SINCE DEC 1      0                         0      0        0
  SINCE JAN 1    918                       803    115     1177
..................................................................


WIND (MPH)
  HIGHEST WIND SPEED    14   HIGHEST WIND DIRECTION     S (200)
  HIGHEST GUST SPEED    16   HIGHEST GUST DIRECTION     S (190)
  AVERAGE WIND SPEED     4.2


SKY COVER
  POSSIBLE SUNSHINE  MM
  AVERAGE SKY COVER 0.9


WEATHER CONDITIONS
 THE FOLLOWING WEATHER WAS RECORDED YESTERDAY.
  FOG


RELATIVE HUMIDITY (PERCENT)
 HIGHEST    96           100 AM
 LOWEST     50           300 PM
 AVERAGE    73

..........................................................


THE DETROIT MI CLIMATE NORMALS FOR TODAY
                         NORMAL    RECORD    YEAR
 MAXIMUM TEMPERATURE (F)   40        68      1982
 MINIMUM TEMPERATURE (F)   28        -3      1976


SUNRISE AND SUNSET
DECEMBER  3 2017......SUNRISE   745 AM EST   SUNSET   502 PM EST
DECEMBER  4 2017......SUNRISE   746 AM EST   SUNSET   501 PM EST


-  INDICATES NEGATIVE NUMBERS.
R  INDICATES RECORD WAS SET OR TIED.
MM INDICATES DATA IS MISSING.
T  INDICATES TRACE AMOUNT.




$$
