000
CDUS43 KDTX 160550
CLIDTW


CLIMATE REPORT
NATIONAL WEATHER SERVICE DETROIT/PONTIAC MI
150 AM EDT MON MAY 16 2016


...................................

...THE DETROIT MI CLIMATE SUMMARY FOR MAY 15 2016...

CLIMATE NORMAL PERIOD 1981 TO 2010
CLIMATE RECORD PERIOD 1874 TO 2016


WEATHER ITEM   OBSERVED TIME   RECORD YEAR NORMAL DEPARTURE LAST
                VALUE   (LST)  VALUE       VALUE  FROM      YEAR
                                                  NORMAL
..................................................................
TEMPERATURE (F)
 YESTERDAY
  MAXIMUM         50    425 PM  92    1962  70    -20       79
  MINIMUM         34    535 AM  33    1973  49    -15       52
                                      1895
  AVERAGE         42                        59    -17       66

PRECIPITATION (IN)
  YESTERDAY        0.04          1.46 1923   0.11  -0.07     0.18
  MONTH TO DATE    2.03                      1.55   0.48     2.57
  SINCE MAR 1      9.20                      6.73   2.47     5.98
  SINCE JAN 1     12.56                     10.71   1.85     8.78

SNOWFALL (IN)
  YESTERDAY        T   R         0.0    MM   0.0    0.0      0.0
  MONTH TO DATE    T                         0.0    0.0      0.0
  SINCE MAR 1      8.7                       8.6    0.1      2.8
  SINCE JUL 1     35.3                      42.5   -7.2     47.5
  SNOW DEPTH       0

DEGREE DAYS
 HEATING
  YESTERDAY       23                         7     16        0
  MONTH TO DATE  144                       130     14       52
  SINCE MAR 1   1368                      1471   -103     1430
  SINCE JUL 1   5133                      6024   -891     6541

 COOLING
  YESTERDAY        0                         1     -1        1
  MONTH TO DATE    2                        10     -8       38
  SINCE MAR 1      2                        16    -14       38
  SINCE JAN 1      2                        16    -14       38
..................................................................


WIND (MPH)
  HIGHEST WIND SPEED    24   HIGHEST WIND DIRECTION     W (260)
  HIGHEST GUST SPEED    30   HIGHEST GUST DIRECTION     W (270)
  AVERAGE WIND SPEED    11.8


SKY COVER
  POSSIBLE SUNSHINE  MM
  AVERAGE SKY COVER 0.8


WEATHER CONDITIONS
 THE FOLLOWING WEATHER WAS RECORDED YESTERDAY.
  LIGHT RAIN
  SNOW
  FOG


RELATIVE HUMIDITY (PERCENT)
 HIGHEST    89           600 AM
 LOWEST     38           700 PM
 AVERAGE    64

..........................................................


THE DETROIT MI CLIMATE NORMALS FOR TODAY
                         NORMAL    RECORD    YEAR
 MAXIMUM TEMPERATURE (F)   70        92      1962
 MINIMUM TEMPERATURE (F)   49        32      1984
                                             1967


SUNRISE AND SUNSET
MAY 16 2016...........SUNRISE   611 AM EDT   SUNSET   849 PM EDT
MAY 17 2016...........SUNRISE   610 AM EDT   SUNSET   850 PM EDT


-  INDICATES NEGATIVE NUMBERS.
R  INDICATES RECORD WAS SET OR TIED.
MM INDICATES DATA IS MISSING.
T  INDICATES TRACE AMOUNT.




$$
