000
CDUS43 KDTX 190536
CLIDTW


CLIMATE REPORT
NATIONAL WEATHER SERVICE DETROIT/PONTIAC MI
135 AM EDT MON SEP 19 2016


...................................

...THE DETROIT MI CLIMATE SUMMARY FOR SEPTEMBER 18 2016...

CLIMATE NORMAL PERIOD 1981 TO 2010
CLIMATE RECORD PERIOD 1874 TO 2016


WEATHER ITEM   OBSERVED TIME   RECORD YEAR NORMAL DEPARTURE LAST
                VALUE   (LST)  VALUE       VALUE  FROM      YEAR
                                                  NORMAL
..................................................................
TEMPERATURE (F)
 YESTERDAY
  MAXIMUM         80    259 PM  92    1955  73      7       79
                                      1935
  MINIMUM         64    745 AM  37    1943  54     10       63
                                      1875
  AVERAGE         72                        64      8       71

PRECIPITATION (IN)
  YESTERDAY        0.21          1.06 1899   0.12   0.09     0.14
  MONTH TO DATE    2.29                      2.00   0.29     0.86
  SINCE SEP 1      2.29                      2.00   0.29     0.86
  SINCE JAN 1     23.51                     24.43  -0.92    22.84

SNOWFALL (IN)
  YESTERDAY        0.0           0.0    MM   0.0    0.0      0.0
  MONTH TO DATE    0.0                       0.0    0.0      0.0
  SINCE SEP 1      0.0                       0.0    0.0      0.0
  SINCE JUL 1      0.0                       0.0    0.0      0.0
  SNOW DEPTH       0

DEGREE DAYS
 HEATING
  YESTERDAY        0                         4     -4        0
  MONTH TO DATE    2                        35    -33       19
  SINCE SEP 1      2                        35    -33       19
  SINCE JUL 1      2                        45    -43       29

 COOLING
  YESTERDAY        7                         2      5        6
  MONTH TO DATE   94                        66     28      144
  SINCE SEP 1     94                        66     28      144
  SINCE JAN 1   1117                       777    340      864
..................................................................


WIND (MPH)
  HIGHEST WIND SPEED    18   HIGHEST WIND DIRECTION    SW (220)
  HIGHEST GUST SPEED    30   HIGHEST GUST DIRECTION    SW (240)
  AVERAGE WIND SPEED     4.5


SKY COVER
  POSSIBLE SUNSHINE  MM
  AVERAGE SKY COVER 0.5


WEATHER CONDITIONS
 THE FOLLOWING WEATHER WAS RECORDED YESTERDAY.
  LIGHT RAIN
  FOG
  FOG W/VISIBILITY <= 1/4 MILE


RELATIVE HUMIDITY (PERCENT)
 HIGHEST   100           100 AM
 LOWEST     54           100 PM
 AVERAGE    77

..........................................................


THE DETROIT MI CLIMATE NORMALS FOR TODAY
                         NORMAL    RECORD    YEAR
 MAXIMUM TEMPERATURE (F)   73        93      1955
 MINIMUM TEMPERATURE (F)   53        38      1982


SUNRISE AND SUNSET
SEPTEMBER 19 2016.....SUNRISE   718 AM EDT   SUNSET   735 PM EDT
SEPTEMBER 20 2016.....SUNRISE   719 AM EDT   SUNSET   733 PM EDT


-  INDICATES NEGATIVE NUMBERS.
R  INDICATES RECORD WAS SET OR TIED.
MM INDICATES DATA IS MISSING.
T  INDICATES TRACE AMOUNT.




$$
