723
CDUS43 KDTX 190536
CLIDTW


CLIMATE REPORT
NATIONAL WEATHER SERVICE DETROIT/PONTIAC MI
1236 AM EST THU JAN 19 2017


...................................

...THE DETROIT MI CLIMATE SUMMARY FOR JANUARY 18 2017...

CLIMATE NORMAL PERIOD 1981 TO 2010
CLIMATE RECORD PERIOD 1874 TO 2017


WEATHER ITEM   OBSERVED TIME   RECORD YEAR NORMAL DEPARTURE LAST
                VALUE   (LST)  VALUE       VALUE  FROM      YEAR
                                                  NORMAL
..................................................................
TEMPERATURE (F)
 YESTERDAY
  MAXIMUM         43    340 PM  58    1996  32     11       16
                                      1973
  MINIMUM         35   1159 PM -18    1976  19     16        8
  AVERAGE         39                        25     14       12

PRECIPITATION (IN)
  YESTERDAY        T             0.87 1929   0.07  -0.07      T
  MONTH TO DATE    2.13                      1.20   0.93     1.17
  SINCE DEC 1      4.29                      3.66   0.63     4.18
  SINCE JAN 1      2.13                      1.20   0.93     1.17

SNOWFALL (IN)
  YESTERDAY        0.0           5.2  1892   0.4   -0.4       T
  MONTH TO DATE    4.6                       7.4   -2.8      7.9
  SINCE DEC 1     21.4                      17.0    4.4      9.2
  SINCE JUL 1     21.5                      18.6    2.9     15.4
  SNOW DEPTH       0

DEGREE DAYS
 HEATING
  YESTERDAY       26                        40    -14       53
  MONTH TO DATE  643                       710    -67      679
  SINCE DEC 1   1753                      1792    -39     1411
  SINCE JUL 1   2621                      3007   -386     2331

 COOLING
  YESTERDAY        0                         0      0        0
  MONTH TO DATE    0                         0      0        0
  SINCE DEC 1      0                         0      0        0
  SINCE JAN 1      0                         0      0        0
..................................................................


WIND (MPH)
  HIGHEST WIND SPEED    18   HIGHEST WIND DIRECTION    SW (220)
  HIGHEST GUST SPEED    24   HIGHEST GUST DIRECTION    SW (210)
  AVERAGE WIND SPEED    11.0


SKY COVER
  POSSIBLE SUNSHINE  MM
  AVERAGE SKY COVER 1.0


WEATHER CONDITIONS
 THE FOLLOWING WEATHER WAS RECORDED YESTERDAY.
  LIGHT RAIN
  FOG


RELATIVE HUMIDITY (PERCENT)
 HIGHEST    92          1200 AM
 LOWEST     76           400 PM
 AVERAGE    84

..........................................................


THE DETROIT MI CLIMATE NORMALS FOR TODAY
                         NORMAL    RECORD    YEAR
 MAXIMUM TEMPERATURE (F)   32        60      1907
 MINIMUM TEMPERATURE (F)   19       -20      1994


SUNRISE AND SUNSET
JANUARY 19 2017.......SUNRISE   757 AM EST   SUNSET   532 PM EST
JANUARY 20 2017.......SUNRISE   757 AM EST   SUNSET   533 PM EST


-  INDICATES NEGATIVE NUMBERS.
R  INDICATES RECORD WAS SET OR TIED.
MM INDICATES DATA IS MISSING.
T  INDICATES TRACE AMOUNT.




$$
