000
CDUS43 KDTX 250539
CLIDTW


CLIMATE REPORT
NATIONAL WEATHER SERVICE DETROIT/PONTIAC MI
138 AM EDT MON AUG 25 2014


...................................

...THE DETROIT MI CLIMATE SUMMARY FOR AUGUST 24 2014...

CLIMATE NORMAL PERIOD 1981 TO 2010
CLIMATE RECORD PERIOD 1874 TO 2014


WEATHER ITEM   OBSERVED TIME   RECORD YEAR NORMAL DEPARTURE LAST
                VALUE   (LST)  VALUE       VALUE  FROM      YEAR
                                                  NORMAL
..................................................................
TEMPERATURE (F)
 YESTERDAY
  MAXIMUM         80    232 PM  95    1948  81     -1       80
  MINIMUM         68    649 AM  43    1971  62      6       60
  AVERAGE         74                        71      3       70

PRECIPITATION (IN)
  YESTERDAY        0.00          1.05 1885   0.09  -0.09     0.00
  MONTH TO DATE    5.73                      2.33   3.40     2.56
  SINCE JUN 1     12.16                      9.22   2.94    12.71
  SINCE JAN 1     26.83                     21.76   5.07    27.56

SNOWFALL (IN)
  YESTERDAY        0.0           0.0    MM   0.0    0.0      0.0
  MONTH TO DATE    0.0                       0.0    0.0      0.0
  SINCE JUN 1      0.0                       0.0    0.0      0.0
  SINCE JUL 1      0.0                       0.0    0.0      0.0
  SNOW DEPTH       0

DEGREE DAYS
 HEATING
  YESTERDAY        0                         0      0        0
  MONTH TO DATE    5                         0      5        8
  SINCE JUN 1     25                        37    -12       35
  SINCE JUL 1     13                         2     11       12

 COOLING
  YESTERDAY        9                         7      2        5
  MONTH TO DATE  153                       183    -30      141
  SINCE JUN 1    505                       621   -116      604
  SINCE JAN 1    569                       669   -100      707
..................................................................


WIND (MPH)
  HIGHEST WIND SPEED    12   HIGHEST WIND DIRECTION    SE (120)
  HIGHEST GUST SPEED    20   HIGHEST GUST DIRECTION    SE (120)
  AVERAGE WIND SPEED     6.7


SKY COVER
  POSSIBLE SUNSHINE  MM
  AVERAGE SKY COVER 0.8


WEATHER CONDITIONS
 THE FOLLOWING WEATHER WAS RECORDED YESTERDAY.
  FOG
  HAZE


RELATIVE HUMIDITY (PERCENT)
 HIGHEST    87           100 AM
 LOWEST     67           400 PM
 AVERAGE    77

..........................................................


THE DETROIT MI CLIMATE NORMALS FOR TODAY
                         NORMAL    RECORD    YEAR
 MAXIMUM TEMPERATURE (F)   81        98      1948
 MINIMUM TEMPERATURE (F)   62        48      1942
                                             1934
                                             1923


SUNRISE AND SUNSET
AUGUST 25 2014........SUNRISE   651 AM EDT   SUNSET   819 PM EDT
AUGUST 26 2014........SUNRISE   652 AM EDT   SUNSET   817 PM EDT


-  INDICATES NEGATIVE NUMBERS.
R  INDICATES RECORD WAS SET OR TIED.
MM INDICATES DATA IS MISSING.
T  INDICATES TRACE AMOUNT.




$$
