000
CDUS43 KDTX 150535
CLIDTW


CLIMATE REPORT
NATIONAL WEATHER SERVICE DETROIT/PONTIAC MI
135 AM EDT THU SEP 15 2016


...................................

...THE DETROIT MI CLIMATE SUMMARY FOR SEPTEMBER 14 2016...

CLIMATE NORMAL PERIOD 1981 TO 2010
CLIMATE RECORD PERIOD 1874 TO 2016


WEATHER ITEM   OBSERVED TIME   RECORD YEAR NORMAL DEPARTURE LAST
                VALUE   (LST)  VALUE       VALUE  FROM      YEAR
                                                  NORMAL
..................................................................
TEMPERATURE (F)
 YESTERDAY
  MAXIMUM         76    241 PM  98    1939  75      1       78
  MINIMUM         59   1159 PM  37    1975  56      3       47
  AVERAGE         68                        65      3       63

PRECIPITATION (IN)
  YESTERDAY        T             1.58 1911   0.11  -0.11     0.00
  MONTH TO DATE    1.86                      1.54   0.32     0.72
  SINCE SEP 1      1.86                      1.54   0.32     0.72
  SINCE JAN 1     23.08                     23.97  -0.89    22.70

SNOWFALL (IN)
  YESTERDAY        0.0           0.0    MM   0.0    0.0      0.0
  MONTH TO DATE    0.0                       0.0    0.0      0.0
  SINCE SEP 1      0.0                       0.0    0.0      0.0
  SINCE JUL 1      0.0                       0.0    0.0      0.0
  SNOW DEPTH       0

DEGREE DAYS
 HEATING
  YESTERDAY        0                         3     -3        2
  MONTH TO DATE    0                        22    -22       19
  SINCE SEP 1      0                        22    -22       19
  SINCE JUL 1      0                        32    -32       29

 COOLING
  YESTERDAY        3                         3      0        0
  MONTH TO DATE   80                        56     24      120
  SINCE SEP 1     80                        56     24      120
  SINCE JAN 1   1103                       767    336      840
..................................................................


WIND (MPH)
  HIGHEST WIND SPEED    15   HIGHEST WIND DIRECTION     N (20)
  HIGHEST GUST SPEED    19   HIGHEST GUST DIRECTION     N (20)
  AVERAGE WIND SPEED     8.1


SKY COVER
  POSSIBLE SUNSHINE  MM
  AVERAGE SKY COVER 0.8


WEATHER CONDITIONS
 THE FOLLOWING WEATHER WAS RECORDED YESTERDAY.
  LIGHT RAIN
  FOG


RELATIVE HUMIDITY (PERCENT)
 HIGHEST    93           500 AM
 LOWEST     50           300 PM
 AVERAGE    72

..........................................................


THE DETROIT MI CLIMATE NORMALS FOR TODAY
                         NORMAL    RECORD    YEAR
 MAXIMUM TEMPERATURE (F)   75       100      1939
 MINIMUM TEMPERATURE (F)   55        41      1984


SUNRISE AND SUNSET
SEPTEMBER 15 2016.....SUNRISE   714 AM EDT   SUNSET   742 PM EDT
SEPTEMBER 16 2016.....SUNRISE   715 AM EDT   SUNSET   740 PM EDT


-  INDICATES NEGATIVE NUMBERS.
R  INDICATES RECORD WAS SET OR TIED.
MM INDICATES DATA IS MISSING.
T  INDICATES TRACE AMOUNT.




$$
