413
CDUS43 KDTX 290545
CLIDTW


CLIMATE REPORT
NATIONAL WEATHER SERVICE DETROIT/PONTIAC MI
1245 AM EST TUE NOV 29 2016


...................................

...THE DETROIT MI CLIMATE SUMMARY FOR NOVEMBER 28 2016...

CLIMATE NORMAL PERIOD 1981 TO 2010
CLIMATE RECORD PERIOD 1874 TO 2016


WEATHER ITEM   OBSERVED TIME   RECORD YEAR NORMAL DEPARTURE LAST
                VALUE   (LST)  VALUE       VALUE  FROM      YEAR
                                                  NORMAL
..................................................................
TEMPERATURE (F)
 YESTERDAY
  MAXIMUM         49    821 PM  68    1990  43      6       39
  MINIMUM         36    137 AM   8    1955  30      6       29
  AVERAGE         43                        36      7       34

PRECIPITATION (IN)
  YESTERDAY        0.61          1.52 1968   0.10   0.51     0.02
  MONTH TO DATE    2.06                      2.61  -0.55     2.06
  SINCE SEP 1     11.32                      8.40   2.92     5.32
  SINCE JAN 1     32.54                     30.83   1.71    27.30

SNOWFALL (IN)
  YESTERDAY        0.0           2.0  1979   0.1   -0.1      0.0
  MONTH TO DATE    0.1                       1.3   -1.2      6.2
  SINCE SEP 1      0.1                       1.4   -1.3      6.2
  SINCE JUL 1      0.1                       1.4   -1.3      6.2
  SNOW DEPTH       0

DEGREE DAYS
 HEATING
  YESTERDAY       22                        29     -7       31
  MONTH TO DATE  513                       646   -133      503
  SINCE SEP 1    840                      1147   -307      850
  SINCE JUL 1    840                      1157   -317      860

 COOLING
  YESTERDAY        0                         0      0        0
  MONTH TO DATE    0                         0      0        0
  SINCE SEP 1    154                        92     62      171
  SINCE JAN 1   1177                       803    374      891
..................................................................


WIND (MPH)
  HIGHEST WIND SPEED    26   HIGHEST WIND DIRECTION    SE (140)
  HIGHEST GUST SPEED    37   HIGHEST GUST DIRECTION     S (160)
  AVERAGE WIND SPEED    11.5


SKY COVER
  POSSIBLE SUNSHINE  MM
  AVERAGE SKY COVER 1.0


WEATHER CONDITIONS
 THE FOLLOWING WEATHER WAS RECORDED YESTERDAY.
  RAIN
  LIGHT RAIN
  FOG
  HAZE


RELATIVE HUMIDITY (PERCENT)
 HIGHEST    93          1100 PM
 LOWEST     62           700 AM
 AVERAGE    78

..........................................................


THE DETROIT MI CLIMATE NORMALS FOR TODAY
                         NORMAL    RECORD    YEAR
 MAXIMUM TEMPERATURE (F)   42        67      2006
 MINIMUM TEMPERATURE (F)   30         5      1929


SUNRISE AND SUNSET
NOVEMBER 29 2016......SUNRISE   741 AM EST   SUNSET   503 PM EST
NOVEMBER 30 2016......SUNRISE   742 AM EST   SUNSET   502 PM EST


-  INDICATES NEGATIVE NUMBERS.
R  INDICATES RECORD WAS SET OR TIED.
MM INDICATES DATA IS MISSING.
T  INDICATES TRACE AMOUNT.




$$
