000
CDUS43 KDTX 260555
CLIDTW


CLIMATE REPORT
NATIONAL WEATHER SERVICE DETROIT/PONTIAC MI
155 AM EDT WED AUG 26 2015


...................................

...THE DETROIT MI CLIMATE SUMMARY FOR AUGUST 25 2015...

CLIMATE NORMAL PERIOD 1981 TO 2010
CLIMATE RECORD PERIOD 1874 TO 2015


WEATHER ITEM   OBSERVED TIME   RECORD YEAR NORMAL DEPARTURE LAST
                VALUE   (LST)  VALUE       VALUE  FROM      YEAR
                                                  NORMAL
..................................................................
TEMPERATURE (F)
 YESTERDAY
  MAXIMUM         66    506 PM  98    1948  81    -15       84
  MINIMUM         58    702 AM  48    1942  62     -4       68
                                      1934
                                      1923
  AVERAGE         62                        71     -9       76

PRECIPITATION (IN)
  YESTERDAY        0.01          1.76 1940   0.09  -0.08     0.00
  MONTH TO DATE    2.98                      2.42   0.56     5.73
  SINCE JUN 1     10.06                      9.31   0.75    12.16
  SINCE JAN 1     21.80                     21.85  -0.05    26.83

SNOWFALL (IN)
  YESTERDAY        0.0           0.0    MM   0.0    0.0      0.0
  MONTH TO DATE    0.0                       0.0    0.0      0.0
  SINCE JUN 1      0.0                       0.0    0.0      0.0
  SINCE JUL 1      0.0                       0.0    0.0      0.0
  SNOW DEPTH       0

DEGREE DAYS
 HEATING
  YESTERDAY        3                         0      3        0
  MONTH TO DATE    3                         0      3        5
  SINCE JUN 1     28                        37     -9       25
  SINCE JUL 1      6                         2      4       13

 COOLING
  YESTERDAY        0                         6     -6       11
  MONTH TO DATE  193                       189      4      164
  SINCE JUN 1    587                       627    -40      516
  SINCE JAN 1    691                       675     16      580
..................................................................


WIND (MPH)
  HIGHEST WIND SPEED    16   HIGHEST WIND DIRECTION    SW (220)
  HIGHEST GUST SPEED    21   HIGHEST GUST DIRECTION     W (290)
  AVERAGE WIND SPEED     9.0


SKY COVER
  POSSIBLE SUNSHINE  MM
  AVERAGE SKY COVER 1.0


WEATHER CONDITIONS
 THE FOLLOWING WEATHER WAS RECORDED YESTERDAY.
  LIGHT RAIN


RELATIVE HUMIDITY (PERCENT)
 HIGHEST    78           100 PM
 LOWEST     64           100 AM
 AVERAGE    71

..........................................................


THE DETROIT MI CLIMATE NORMALS FOR TODAY
                         NORMAL    RECORD    YEAR
 MAXIMUM TEMPERATURE (F)   80        96      1953
                                             1948
 MINIMUM TEMPERATURE (F)   62        47      1984
                                             1915


SUNRISE AND SUNSET
AUGUST 26 2015........SUNRISE   652 AM EDT   SUNSET   818 PM EDT
AUGUST 27 2015........SUNRISE   653 AM EDT   SUNSET   816 PM EDT


-  INDICATES NEGATIVE NUMBERS.
R  INDICATES RECORD WAS SET OR TIED.
MM INDICATES DATA IS MISSING.
T  INDICATES TRACE AMOUNT.




$$
