000
CDUS43 KDTX 262031
CLIDTW


CLIMATE REPORT
NATIONAL WEATHER SERVICE DETROIT/PONTIAC MI
430 PM EDT FRI JUN 26 2015


...................................

...THE DETROIT MI CLIMATE SUMMARY FOR JUNE 26 2015...
VALID TODAY AS OF 0400 PM LOCAL TIME.

CLIMATE NORMAL PERIOD 1981 TO 2010
CLIMATE RECORD PERIOD 1874 TO 2015


WEATHER ITEM   OBSERVED TIME   RECORD YEAR NORMAL DEPARTURE LAST
                VALUE   (LST)  VALUE       VALUE  FROM      YEAR
                                                  NORMAL
..................................................................
TEMPERATURE (F)
 TODAY
  MAXIMUM         76    253 PM 100    1952  82     -6       80
  MINIMUM         61    551 AM  44    1979  62     -1       61
  AVERAGE         69                        72     -3       71

PRECIPITATION (IN)
  TODAY            0.00          2.10 1909   0.11  -0.11     0.00
  MONTH TO DATE    4.30                      3.08   1.22     4.00
  SINCE JUN 1      4.30                      3.08   1.22     4.00
  SINCE JAN 1     16.04                     15.62   0.42    18.67

SNOWFALL (IN)
  TODAY            0.0           0.0    MM   0.0    0.0      0.0
  MONTH TO DATE    0.0                       0.0    0.0      0.0
  SINCE JUN 1      0.0                       0.0    0.0      0.0
  SINCE JUL 1     47.5                      42.5    5.0     94.9
  SNOW DEPTH       0

DEGREE DAYS
 HEATING
  TODAY            0                         0      0        0
  MONTH TO DATE   19                        34    -15       12
  SINCE JUN 1     19                        34    -15       12
  SINCE JUL 1   6617                      6136    481     7023

 COOLING
  TODAY            4                         8     -4        6
  MONTH TO DATE  128                       135     -7      137
  SINCE JUN 1    128                       135     -7      137
  SINCE JAN 1    232                       183     49      201
..................................................................


WIND (MPH)
  HIGHEST WIND SPEED    14   HIGHEST WIND DIRECTION    NE (60)
  HIGHEST GUST SPEED    20   HIGHEST GUST DIRECTION    NE (50)
  AVERAGE WIND SPEED     6.3


SKY COVER
  POSSIBLE SUNSHINE  MM
  AVERAGE SKY COVER 0.9


WEATHER CONDITIONS
 THE FOLLOWING WEATHER WAS RECORDED TODAY.
  FOG
  HAZE


RELATIVE HUMIDITY (PERCENT)
 HIGHEST    93           100 AM
 LOWEST     54           300 PM
 AVERAGE    74

..........................................................


THE DETROIT MI CLIMATE NORMALS FOR TOMORROW
                         NORMAL    RECORD    YEAR
 MAXIMUM TEMPERATURE (F)   82        99      1971
 MINIMUM TEMPERATURE (F)   63        48      1907
                                             1902


SUNRISE AND SUNSET
JUNE 26 2015..........SUNRISE   558 AM EDT   SUNSET   914 PM EDT
JUNE 27 2015..........SUNRISE   559 AM EDT   SUNSET   914 PM EDT


-  INDICATES NEGATIVE NUMBERS.
R  INDICATES RECORD WAS SET OR TIED.
MM INDICATES DATA IS MISSING.
T  INDICATES TRACE AMOUNT.




$$
