000
CDUS43 KDTX 140535
CLIDTW


CLIMATE REPORT
NATIONAL WEATHER SERVICE DETROIT/PONTIAC MI
135 AM EDT THU AUG 14 2014


...................................

...THE DETROIT MI CLIMATE SUMMARY FOR AUGUST 13 2014...

CLIMATE NORMAL PERIOD 1981 TO 2010
CLIMATE RECORD PERIOD 1874 TO 2014


WEATHER ITEM   OBSERVED TIME   RECORD YEAR NORMAL DEPARTURE LAST
                VALUE   (LST)  VALUE       VALUE  FROM      YEAR
                                                  NORMAL
..................................................................
TEMPERATURE (F)
 YESTERDAY
  MAXIMUM         78    415 PM  96    1944  82     -4       69
                                      1918
  MINIMUM         57    626 AM  47    1967  63     -6       55
  AVERAGE         68                        72     -4       62

PRECIPITATION (IN)
  YESTERDAY        0.00          2.18 1994   0.09  -0.09     0.00
  MONTH TO DATE    5.00                      1.35   3.65     2.50
  SINCE JUN 1     11.43                      8.24   3.19    12.65
  SINCE JAN 1     26.10                     20.78   5.32    27.50

SNOWFALL (IN)
  YESTERDAY        0.0           0.0    MM   0.0    0.0      0.0
  MONTH TO DATE    0.0                       0.0    0.0      0.0
  SINCE JUN 1      0.0                       0.0    0.0      0.0
  SINCE JUL 1      0.0                       0.0    0.0      0.0
  SNOW DEPTH       0

DEGREE DAYS
 HEATING
  YESTERDAY        0                         0      0        3
  MONTH TO DATE    0                         0      0        3
  SINCE JUN 1     20                        37    -17       30
  SINCE JUL 1      8                         2      6        7

 COOLING
  YESTERDAY        3                         8     -5        0
  MONTH TO DATE   80                       104    -24       73
  SINCE JUN 1    432                       542   -110      536
  SINCE JAN 1    496                       590    -94      639
..................................................................


WIND (MPH)
  HIGHEST WIND SPEED    21   HIGHEST WIND DIRECTION    NW (310)
  HIGHEST GUST SPEED    29   HIGHEST GUST DIRECTION    NW (300)
  AVERAGE WIND SPEED    10.6


SKY COVER
  POSSIBLE SUNSHINE  MM
  AVERAGE SKY COVER 0.5


WEATHER CONDITIONS
 THE FOLLOWING WEATHER WAS RECORDED YESTERDAY.
  NO SIGNIFICANT WEATHER WAS OBSERVED.


RELATIVE HUMIDITY (PERCENT)
 HIGHEST    87           300 AM
 LOWEST     40           400 PM
 AVERAGE    64

..........................................................


THE DETROIT MI CLIMATE NORMALS FOR TODAY
                         NORMAL    RECORD    YEAR
 MAXIMUM TEMPERATURE (F)   82        99      1944
 MINIMUM TEMPERATURE (F)   63        48      1964


SUNRISE AND SUNSET
AUGUST 14 2014........SUNRISE   640 AM EDT   SUNSET   836 PM EDT
AUGUST 15 2014........SUNRISE   641 AM EDT   SUNSET   834 PM EDT


-  INDICATES NEGATIVE NUMBERS.
R  INDICATES RECORD WAS SET OR TIED.
MM INDICATES DATA IS MISSING.
T  INDICATES TRACE AMOUNT.




$$
