000
CDUS43 KDTX 112210
CLIDTW


CLIMATE REPORT
NATIONAL WEATHER SERVICE DETROIT/PONTIAC MI
508 PM EST THU JAN 11 2018


...................................

...THE DETROIT MI CLIMATE SUMMARY FOR JANUARY 11 2018...
VALID TODAY AS OF 0500 PM LOCAL TIME.

CLIMATE NORMAL PERIOD 1981 TO 2010
CLIMATE RECORD PERIOD 1874 TO 2018


WEATHER ITEM   OBSERVED TIME   RECORD YEAR NORMAL DEPARTURE LAST
                VALUE   (LST)  VALUE       VALUE  FROM      YEAR
                                                  NORMAL
..................................................................
TEMPERATURE (F)
 TODAY
  MAXIMUM         57    241 PM  66    1890  32     25       57
  MINIMUM         43   1204 AM  -9    1984  19     24       29
  AVERAGE         50                        26     24       43

PRECIPITATION (IN)
  TODAY            0.00          0.96 1905   0.06  -0.06     0.13
  MONTH TO DATE    0.34                      0.76  -0.42     1.16
  SINCE DEC 1      1.82                      3.22  -1.40     3.32
  SINCE JAN 1      0.34                      0.76  -0.42     1.16

SNOWFALL (IN)
  TODAY            0.0           5.2  1926   0.4   -0.4      0.0
  MONTH TO DATE    2.9                       4.5   -1.6      4.6
  SINCE DEC 1     25.4                      14.1   11.3     21.4
  SINCE JUL 1     25.4                      15.7    9.7     21.5
  SNOW DEPTH       2

DEGREE DAYS
 HEATING
  TODAY           15                        40    -25       22
  MONTH TO DATE  518                       430     88      419
  SINCE DEC 1   1699                      1512    187     1529
  SINCE JUL 1   2762                      2727     35     2397

 COOLING
  TODAY            0                         0      0        0
  MONTH TO DATE    0                         0      0        0
  SINCE DEC 1      0                         0      0        0
  SINCE JAN 1      0                         0      0        0
..................................................................


WIND (MPH)
  HIGHEST WIND SPEED    22   HIGHEST WIND DIRECTION     S (170)
  HIGHEST GUST SPEED    26   HIGHEST GUST DIRECTION     S (180)
  AVERAGE WIND SPEED    13.7


SKY COVER
  POSSIBLE SUNSHINE  MM
  AVERAGE SKY COVER 0.9


WEATHER CONDITIONS
 THE FOLLOWING WEATHER WAS RECORDED TODAY.
  NO SIGNIFICANT WEATHER WAS OBSERVED.


RELATIVE HUMIDITY (PERCENT)
 HIGHEST    93           200 AM
 LOWEST     86           300 AM
 AVERAGE    90

..........................................................


THE DETROIT MI CLIMATE NORMALS FOR TOMORROW
                         NORMAL    RECORD    YEAR
 MAXIMUM TEMPERATURE (F)   32        63      1890
 MINIMUM TEMPERATURE (F)   19       -16      1918


SUNRISE AND SUNSET
JANUARY 11 2018.......SUNRISE   801 AM EST   SUNSET   522 PM EST
JANUARY 12 2018.......SUNRISE   801 AM EST   SUNSET   523 PM EST


-  INDICATES NEGATIVE NUMBERS.
R  INDICATES RECORD WAS SET OR TIED.
MM INDICATES DATA IS MISSING.
T  INDICATES TRACE AMOUNT.




$$
