681
CDUS43 KDTX 230542
CLIDTW


CLIMATE REPORT
NATIONAL WEATHER SERVICE DETROIT/PONTIAC MI
142 AM EDT FRI JUN 23 2017


...................................

...THE DETROIT MI CLIMATE SUMMARY FOR JUNE 22 2017...

CLIMATE NORMAL PERIOD 1981 TO 2010
CLIMATE RECORD PERIOD 1874 TO 2017


WEATHER ITEM   OBSERVED TIME   RECORD YEAR NORMAL DEPARTURE LAST
                VALUE   (LST)  VALUE       VALUE  FROM      YEAR
                                                  NORMAL
..................................................................
TEMPERATURE (F)
 YESTERDAY
  MAXIMUM         89    254 PM  98    1988  81      8       85
  MINIMUM         63    447 AM  44    1992  62      1       62
  AVERAGE         76                        71      5       74

PRECIPITATION (IN)
  YESTERDAY        0.90          2.15 1925   0.10   0.80     0.00
  MONTH TO DATE    1.35                      2.63  -1.28     1.30
  SINCE JUN 1      1.35                      2.63  -1.28     1.30
  SINCE JAN 1     18.28                     15.17   3.11    14.03

SNOWFALL (IN)
  YESTERDAY        0.0           0.0    MM   0.0    0.0      0.0
  MONTH TO DATE    0.0                       0.0    0.0      0.0
  SINCE JUN 1      0.0                       0.0    0.0      0.0
  SINCE JUL 1     37.9                      42.5   -4.6     35.3
  SNOW DEPTH       0

DEGREE DAYS
 HEATING
  YESTERDAY        0                         1     -1        0
  MONTH TO DATE    9                        34    -25       14
  SINCE JUN 1      9                        34    -25       14
  SINCE JUL 1   5155                      6136   -981     5195

 COOLING
  YESTERDAY       11                         7      4        9
  MONTH TO DATE  161                       106     55      143
  SINCE JUN 1    161                       106     55      143
  SINCE JAN 1    207                       154     53      221
..................................................................


WIND (MPH)
  HIGHEST WIND SPEED    41   HIGHEST WIND DIRECTION     S (190)
  HIGHEST GUST SPEED    50   HIGHEST GUST DIRECTION     S (180)
  AVERAGE WIND SPEED     9.5


SKY COVER
  POSSIBLE SUNSHINE  MM
  AVERAGE SKY COVER 0.8


WEATHER CONDITIONS
 THE FOLLOWING WEATHER WAS RECORDED YESTERDAY.
  THUNDERSTORM
  HEAVY RAIN
  RAIN
  LIGHT RAIN
  FOG


RELATIVE HUMIDITY (PERCENT)
 HIGHEST    93          1000 PM
 LOWEST     41           300 PM
 AVERAGE    67

..........................................................


THE DETROIT MI CLIMATE NORMALS FOR TODAY
                         NORMAL    RECORD    YEAR
 MAXIMUM TEMPERATURE (F)   82        95      1923
                                             1911
 MINIMUM TEMPERATURE (F)   62        42      1877


SUNRISE AND SUNSET
JUNE 23 2017..........SUNRISE   558 AM EDT   SUNSET   914 PM EDT
JUNE 24 2017..........SUNRISE   558 AM EDT   SUNSET   914 PM EDT


-  INDICATES NEGATIVE NUMBERS.
R  INDICATES RECORD WAS SET OR TIED.
MM INDICATES DATA IS MISSING.
T  INDICATES TRACE AMOUNT.




$$
