000
CDUS43 KDTX 040536
CLIDTW


CLIMATE REPORT
NATIONAL WEATHER SERVICE DETROIT/PONTIAC MI
136 AM EDT FRI JUL 4 2014


...................................

...THE DETROIT MI CLIMATE SUMMARY FOR JULY 3 2014...

CLIMATE NORMAL PERIOD 1981 TO 2010
CLIMATE RECORD PERIOD 1874 TO 2014


WEATHER ITEM   OBSERVED TIME   RECORD YEAR NORMAL DEPARTURE LAST
                VALUE   (LST)  VALUE       VALUE  FROM      YEAR
                                                  NORMAL
..................................................................
TEMPERATURE (F)
 YESTERDAY
  MAXIMUM         73    614 PM 100    1911  83    -10       83
  MINIMUM         58   1249 PM  48    1971  63     -5       63
  AVERAGE         66                        73     -7       73

PRECIPITATION (IN)
  YESTERDAY        0.01          2.17 1902   0.11  -0.10     0.00
  MONTH TO DATE    0.55                      0.31   0.24     1.49
  SINCE JUN 1      4.55                      3.83   0.72     7.50
  SINCE JAN 1     19.22                     16.37   2.85    22.35

SNOWFALL (IN)
  YESTERDAY        0.0           0.0    MM   0.0    0.0      0.0
  MONTH TO DATE    0.0                       0.0    0.0      0.0
  SINCE JUN 1      0.0                       0.0    0.0      0.0
  SINCE JUL 1      0.0                       0.0    0.0      0.0
  SNOW DEPTH       0

DEGREE DAYS
 HEATING
  YESTERDAY        0                         0      0        0
  MONTH TO DATE    0                         0      0        0
  SINCE JUN 1     12                        35    -23       23
  SINCE JUL 1      0                         0      0        0

 COOLING
  YESTERDAY        1                         8     -7        8
  MONTH TO DATE   20                        24     -4       11
  SINCE JUN 1    205                       191     14      181
  SINCE JAN 1    269                       239     30      284
..................................................................


WIND (MPH)
  HIGHEST WIND SPEED    17   HIGHEST WIND DIRECTION    NW (320)
  HIGHEST GUST SPEED    23   HIGHEST GUST DIRECTION     W (280)
  AVERAGE WIND SPEED     7.5


SKY COVER
  POSSIBLE SUNSHINE  MM
  AVERAGE SKY COVER 0.7


WEATHER CONDITIONS
 THE FOLLOWING WEATHER WAS RECORDED YESTERDAY.
  LIGHT RAIN
  HAZE


RELATIVE HUMIDITY (PERCENT)
 HIGHEST    87           800 AM
 LOWEST     46           500 PM
 AVERAGE    67

..........................................................


THE DETROIT MI CLIMATE NORMALS FOR TODAY
                         NORMAL    RECORD    YEAR
 MAXIMUM TEMPERATURE (F)   83       102      2012
 MINIMUM TEMPERATURE (F)   64        49      1972


SUNRISE AND SUNSET
JULY  4 2014..........SUNRISE   602 AM EDT   SUNSET   913 PM EDT
JULY  5 2014..........SUNRISE   603 AM EDT   SUNSET   913 PM EDT


-  INDICATES NEGATIVE NUMBERS.
R  INDICATES RECORD WAS SET OR TIED.
MM INDICATES DATA IS MISSING.
T  INDICATES TRACE AMOUNT.




$$
