000
CDUS43 KDTX 220536
CLIDTW


CLIMATE REPORT
NATIONAL WEATHER SERVICE DETROIT/PONTIAC MI
136 AM EDT WED JUL 22 2015


...................................

...THE DETROIT MI CLIMATE SUMMARY FOR JULY 21 2015...

CLIMATE NORMAL PERIOD 1981 TO 2010
CLIMATE RECORD PERIOD 1874 TO 2015


WEATHER ITEM   OBSERVED TIME   RECORD YEAR NORMAL DEPARTURE LAST
                VALUE   (LST)  VALUE       VALUE  FROM      YEAR
                                                  NORMAL
..................................................................
TEMPERATURE (F)
 YESTERDAY
  MAXIMUM         81    505 PM 100    2011  84     -3       84
  MINIMUM         66   1159 PM  50    1970  64      2       63
  AVERAGE         74                        74      0       74

PRECIPITATION (IN)
  YESTERDAY        0.00          1.19 1899   0.12  -0.12     0.00
  MONTH TO DATE    1.18                      2.21  -1.03     1.29
  SINCE JUN 1      6.50                      5.73   0.77     5.29
  SINCE JAN 1     18.24                     18.27  -0.03    19.96

SNOWFALL (IN)
  YESTERDAY        0.0           0.0    MM   0.0    0.0      0.0
  MONTH TO DATE    0.0                       0.0    0.0      0.0
  SINCE JUN 1      0.0                       0.0    0.0      0.0
  SINCE JUL 1      0.0                       0.0    0.0      0.0
  SNOW DEPTH       0

DEGREE DAYS
 HEATING
  YESTERDAY        0                         0      0        0
  MONTH TO DATE    3                         0      3        3
  SINCE JUN 1     25                        35    -10       15
  SINCE JUL 1      3                         0      3        3

 COOLING
  YESTERDAY        9                         9      0        9
  MONTH TO DATE  135                       186    -51      121
  SINCE JUN 1    275                       353    -78      306
  SINCE JAN 1    379                       401    -22      370
..................................................................


WIND (MPH)
  HIGHEST WIND SPEED    16   HIGHEST WIND DIRECTION     W (280)
  HIGHEST GUST SPEED    24   HIGHEST GUST DIRECTION    SW (240)
  AVERAGE WIND SPEED     9.2


SKY COVER
  POSSIBLE SUNSHINE  MM
  AVERAGE SKY COVER 0.5


WEATHER CONDITIONS
 THE FOLLOWING WEATHER WAS RECORDED YESTERDAY.
  NO SIGNIFICANT WEATHER WAS OBSERVED.


RELATIVE HUMIDITY (PERCENT)
 HIGHEST    84           600 AM
 LOWEST     35          1200 PM
 AVERAGE    60

..........................................................


THE DETROIT MI CLIMATE NORMALS FOR TODAY
                         NORMAL    RECORD    YEAR
 MAXIMUM TEMPERATURE (F)   83        96      1940
 MINIMUM TEMPERATURE (F)   64        49      1970


SUNRISE AND SUNSET
JULY 22 2015..........SUNRISE   616 AM EDT   SUNSET   903 PM EDT
JULY 23 2015..........SUNRISE   617 AM EDT   SUNSET   902 PM EDT


-  INDICATES NEGATIVE NUMBERS.
R  INDICATES RECORD WAS SET OR TIED.
MM INDICATES DATA IS MISSING.
T  INDICATES TRACE AMOUNT.




$$
