000
CDUS43 KDTX 162135
CLIDTW


CLIMATE REPORT
NATIONAL WEATHER SERVICE DETROIT/PONTIAC MI
434 PM EST SUN NOV 16 2014


...................................

...THE DETROIT MI CLIMATE SUMMARY FOR NOVEMBER 16 2014...
VALID TODAY AS OF 0400 PM LOCAL TIME.

CLIMATE NORMAL PERIOD 1981 TO 2010
CLIMATE RECORD PERIOD 1874 TO 2014


WEATHER ITEM   OBSERVED TIME   RECORD YEAR NORMAL DEPARTURE LAST
                VALUE   (LST)  VALUE       VALUE  FROM      YEAR
                                                  NORMAL
..................................................................
TEMPERATURE (F)
 TODAY
  MAXIMUM         35    214 PM  69    1953  49    -14       56
  MINIMUM         28    729 AM   8    1933  34     -6       34
  AVERAGE         32                        42    -10       45

PRECIPITATION (IN)
  TODAY            T             1.50 1961   0.10  -0.10      T
  MONTH TO DATE    0.19                      1.48  -1.29     0.40
  SINCE SEP 1      7.26                      7.27  -0.01     5.08
  SINCE JAN 1     34.68                     29.70   4.98    36.06

SNOWFALL (IN)
  TODAY            T             7.2  1932   0.0    0.0      0.0
  MONTH TO DATE    0.5                       0.4    0.1      0.5
  SINCE SEP 1      0.5                       0.5    0.0      0.5
  SINCE JUL 1      0.5                       0.5    0.0      0.5
  SNOW DEPTH       0

DEGREE DAYS
 HEATING
  TODAY           33                        24      9       20
  MONTH TO DATE  403                       331     72      371
  SINCE SEP 1    902                       832     70      844
  SINCE JUL 1    915                       842     73      856

 COOLING
  TODAY            0                         0      0        0
  MONTH TO DATE    0                         0      0        0
  SINCE SEP 1     72                        92    -20       98
  SINCE JAN 1    704                       803    -99      891
..................................................................


WIND (MPH)
  HIGHEST WIND SPEED    15   HIGHEST WIND DIRECTION     S (190)
  HIGHEST GUST SPEED    18   HIGHEST GUST DIRECTION     S (200)
  AVERAGE WIND SPEED     8.0


SKY COVER
  POSSIBLE SUNSHINE  MM
  AVERAGE SKY COVER 1.0


WEATHER CONDITIONS
 THE FOLLOWING WEATHER WAS RECORDED TODAY.
  LIGHT SNOW
  HAZE


RELATIVE HUMIDITY (PERCENT)
 HIGHEST    69          1200 AM
 LOWEST     61          1100 AM
 AVERAGE    65

..........................................................


THE DETROIT MI CLIMATE NORMALS FOR TOMORROW
                         NORMAL    RECORD    YEAR
 MAXIMUM TEMPERATURE (F)   48        70      1953
 MINIMUM TEMPERATURE (F)   34        13      1959


SUNRISE AND SUNSET
NOVEMBER 16 2014......SUNRISE   725 AM EST   SUNSET   511 PM EST
NOVEMBER 17 2014......SUNRISE   726 AM EST   SUNSET   510 PM EST


-  INDICATES NEGATIVE NUMBERS.
R  INDICATES RECORD WAS SET OR TIED.
MM INDICATES DATA IS MISSING.
T  INDICATES TRACE AMOUNT.




$$
