882
CDUS43 KDTX 250536
CLIDTW


CLIMATE REPORT
NATIONAL WEATHER SERVICE DETROIT/PONTIAC MI
136 AM EDT MON APR 25 2016


...................................

...THE DETROIT MI CLIMATE SUMMARY FOR APRIL 24 2016...

CLIMATE NORMAL PERIOD 1981 TO 2010
CLIMATE RECORD PERIOD 1874 TO 2016


WEATHER ITEM   OBSERVED TIME   RECORD YEAR NORMAL DEPARTURE LAST
                VALUE   (LST)  VALUE       VALUE  FROM      YEAR
                                                  NORMAL
..................................................................
TEMPERATURE (F)
 YESTERDAY
  MAXIMUM         66    442 PM  86    2009  63      3       60
                                      1960
                                      1925
  MINIMUM         38    618 AM  27    1892  42     -4       29
                                      1883
                                      1875
  AVERAGE         52                        52      0       45

PRECIPITATION (IN)
  YESTERDAY        0.00          1.57 1880   0.09  -0.09     0.00
  MONTH TO DATE    1.10                      2.31  -1.21     2.29
  SINCE MAR 1      5.96                      4.59   1.37     3.09
  SINCE JAN 1      9.32                      8.57   0.75     5.89

SNOWFALL (IN)
  YESTERDAY        0.0           3.1  2005   0.0    0.0      0.0
  MONTH TO DATE    1.3                       1.6   -0.3       T
  SINCE MAR 1      8.7                       8.5    0.2      2.8
  SINCE JUL 1     35.3                      42.4   -7.1     47.5
  SNOW DEPTH       0

DEGREE DAYS
 HEATING
  YESTERDAY       13                        13      0       20
  MONTH TO DATE  465                       409     56      350
  SINCE MAR 1   1135                      1271   -136     1287
  SINCE JUL 1   4900                      5824   -924     6398

 COOLING
  YESTERDAY        0                         0      0        0
  MONTH TO DATE    0                         0      0        0
  SINCE MAR 1      0                         0      0        0
  SINCE JAN 1      0                         0      0        0
..................................................................


WIND (MPH)
  HIGHEST WIND SPEED    13   HIGHEST WIND DIRECTION     S (160)
  HIGHEST GUST SPEED    17   HIGHEST GUST DIRECTION     E (100)
  AVERAGE WIND SPEED     4.5


SKY COVER
  POSSIBLE SUNSHINE  MM
  AVERAGE SKY COVER 0.6


WEATHER CONDITIONS
 THE FOLLOWING WEATHER WAS RECORDED YESTERDAY.
  NO SIGNIFICANT WEATHER WAS OBSERVED.


RELATIVE HUMIDITY (PERCENT)
 HIGHEST    65           700 AM
 LOWEST     28           500 PM
 AVERAGE    47

..........................................................


THE DETROIT MI CLIMATE NORMALS FOR TODAY
                         NORMAL    RECORD    YEAR
 MAXIMUM TEMPERATURE (F)   63        87      1994
                                             1990
                                             1915
 MINIMUM TEMPERATURE (F)   43        26      1892


SUNRISE AND SUNSET
APRIL 25 2016.........SUNRISE   637 AM EDT   SUNSET   827 PM EDT
APRIL 26 2016.........SUNRISE   635 AM EDT   SUNSET   828 PM EDT


-  INDICATES NEGATIVE NUMBERS.
R  INDICATES RECORD WAS SET OR TIED.
MM INDICATES DATA IS MISSING.
T  INDICATES TRACE AMOUNT.




$$
