000
CDUS43 KDTX 240535
CLIDTW


CLIMATE REPORT
NATIONAL WEATHER SERVICE DETROIT/PONTIAC MI
135 AM EDT SUN AUG 24 2014


...................................

...THE DETROIT MI CLIMATE SUMMARY FOR AUGUST 23 2014...

CLIMATE NORMAL PERIOD 1981 TO 2010
CLIMATE RECORD PERIOD 1874 TO 2014


WEATHER ITEM   OBSERVED TIME   RECORD YEAR NORMAL DEPARTURE LAST
                VALUE   (LST)  VALUE       VALUE  FROM      YEAR
                                                  NORMAL
..................................................................
TEMPERATURE (F)
 YESTERDAY
  MAXIMUM         80    502 PM  96    1936  81     -1       84
  MINIMUM         66    818 AM  45    1875  62      4       64
  AVERAGE         73                        71      2       74

PRECIPITATION (IN)
  YESTERDAY        0.00          2.29 1901   0.08  -0.08     0.00
  MONTH TO DATE    5.73                      2.24   3.49     2.56
  SINCE JUN 1     12.16                      9.13   3.03    12.71
  SINCE JAN 1     26.83                     21.67   5.16    27.56

SNOWFALL (IN)
  YESTERDAY        0.0           0.0    MM   0.0    0.0      0.0
  MONTH TO DATE    0.0                       0.0    0.0      0.0
  SINCE JUN 1      0.0                       0.0    0.0      0.0
  SINCE JUL 1      0.0                       0.0    0.0      0.0
  SNOW DEPTH       0

DEGREE DAYS
 HEATING
  YESTERDAY        0                         0      0        0
  MONTH TO DATE    5                         0      5        8
  SINCE JUN 1     25                        37    -12       35
  SINCE JUL 1     13                         2     11       12

 COOLING
  YESTERDAY        8                         7      1        9
  MONTH TO DATE  144                       176    -32      136
  SINCE JUN 1    496                       614   -118      599
  SINCE JAN 1    560                       662   -102      702
..................................................................


WIND (MPH)
  HIGHEST WIND SPEED    10   HIGHEST WIND DIRECTION    NE (30)
  HIGHEST GUST SPEED    18   HIGHEST GUST DIRECTION    SW (220)
  AVERAGE WIND SPEED     5.4


SKY COVER
  POSSIBLE SUNSHINE  MM
  AVERAGE SKY COVER 0.8


WEATHER CONDITIONS
 THE FOLLOWING WEATHER WAS RECORDED YESTERDAY.
  FOG
  HAZE


RELATIVE HUMIDITY (PERCENT)
 HIGHEST    84          1000 PM
 LOWEST     61           100 AM
 AVERAGE    73

..........................................................


THE DETROIT MI CLIMATE NORMALS FOR TODAY
                         NORMAL    RECORD    YEAR
 MAXIMUM TEMPERATURE (F)   81        95      1948
 MINIMUM TEMPERATURE (F)   62        43      1971


SUNRISE AND SUNSET
AUGUST 24 2014........SUNRISE   650 AM EDT   SUNSET   820 PM EDT
AUGUST 25 2014........SUNRISE   651 AM EDT   SUNSET   819 PM EDT


-  INDICATES NEGATIVE NUMBERS.
R  INDICATES RECORD WAS SET OR TIED.
MM INDICATES DATA IS MISSING.
T  INDICATES TRACE AMOUNT.




$$
