000
CDUS43 KDTX 190538
CLIDTW


CLIMATE REPORT
NATIONAL WEATHER SERVICE DETROIT/PONTIAC MI
1238 AM EST MON JAN 19 2015


...................................

...THE DETROIT MI CLIMATE SUMMARY FOR JANUARY 18 2015...

CLIMATE NORMAL PERIOD 1981 TO 2010
CLIMATE RECORD PERIOD 1874 TO 2015


WEATHER ITEM   OBSERVED TIME   RECORD YEAR NORMAL DEPARTURE LAST
                VALUE   (LST)  VALUE       VALUE  FROM      YEAR
                                                  NORMAL
..................................................................
TEMPERATURE (F)
 YESTERDAY
  MAXIMUM         41   1234 AM  58    1996  32      9       19
                                      1973
  MINIMUM         33   1053 PM -18    1976  19     14        6
  AVERAGE         37                        25     12       13

PRECIPITATION (IN)
  YESTERDAY        0.03          0.87 1929   0.07  -0.04      T
  MONTH TO DATE    1.20                      1.20   0.00     2.30
  SINCE DEC 1      2.61                      3.66  -1.05     4.72
  SINCE JAN 1      1.20                      1.20   0.00     2.30

SNOWFALL (IN)
  YESTERDAY        T             5.2  1892   0.4   -0.4      0.3
  MONTH TO DATE    9.4                       7.4    2.0     26.4
  SINCE DEC 1      9.5                      17.0   -7.5     41.9
  SINCE JUL 1     13.5                      18.6   -5.1     43.1
  SNOW DEPTH       2

DEGREE DAYS
 HEATING
  YESTERDAY       28                        40    -12       52
  MONTH TO DATE  826                       710    116      822
  SINCE DEC 1   1793                      1792      1     1999
  SINCE JUL 1   3170                      3007    163     3301

 COOLING
  YESTERDAY        0                         0      0        0
  MONTH TO DATE    0                         0      0        0
  SINCE DEC 1      0                         0      0        0
  SINCE JAN 1      0                         0      0        0
..................................................................


WIND (MPH)
  HIGHEST WIND SPEED    25   HIGHEST WIND DIRECTION    SW (210)
  HIGHEST GUST SPEED    31   HIGHEST GUST DIRECTION    SW (210)
  AVERAGE WIND SPEED    12.3


SKY COVER
  POSSIBLE SUNSHINE  MM
  AVERAGE SKY COVER 0.9


WEATHER CONDITIONS
 THE FOLLOWING WEATHER WAS RECORDED YESTERDAY.
  LIGHT RAIN
  SNOW
  LIGHT SNOW
  FOG


RELATIVE HUMIDITY (PERCENT)
 HIGHEST    92           500 AM
 LOWEST     65          1200 AM
 AVERAGE    79

..........................................................


THE DETROIT MI CLIMATE NORMALS FOR TODAY
                         NORMAL    RECORD    YEAR
 MAXIMUM TEMPERATURE (F)   32        60      1907
 MINIMUM TEMPERATURE (F)   19       -20      1994


SUNRISE AND SUNSET
JANUARY 19 2015.......SUNRISE   758 AM EST   SUNSET   531 PM EST
JANUARY 20 2015.......SUNRISE   757 AM EST   SUNSET   532 PM EST


-  INDICATES NEGATIVE NUMBERS.
R  INDICATES RECORD WAS SET OR TIED.
MM INDICATES DATA IS MISSING.
T  INDICATES TRACE AMOUNT.




$$
