866
CDUS43 KDTX 060536
CLIDTW


CLIMATE REPORT
NATIONAL WEATHER SERVICE DETROIT/PONTIAC MI
1236 AM EST SAT FEB 6 2016


...................................

...THE DETROIT MI CLIMATE SUMMARY FOR FEBRUARY 5 2016...

CLIMATE NORMAL PERIOD 1981 TO 2010
CLIMATE RECORD PERIOD 1874 TO 2016


WEATHER ITEM   OBSERVED TIME   RECORD YEAR NORMAL DEPARTURE LAST
                VALUE   (LST)  VALUE       VALUE  FROM      YEAR
                                                  NORMAL
..................................................................
TEMPERATURE (F)
 YESTERDAY
  MAXIMUM         40    417 PM  51    1993  33      7       18
                                      1962
                                      1944
  MINIMUM         20    605 AM -16    1918  20      0        3
  AVERAGE         30                        26      4       11

PRECIPITATION (IN)
  YESTERDAY        T             1.20 1938   0.06  -0.06     0.00
  MONTH TO DATE    0.49                      0.32   0.17     1.03
  SINCE DEC 1      4.84                      4.74   0.10     3.89
  SINCE JAN 1      1.83                      2.28  -0.45     2.48

SNOWFALL (IN)
  YESTERDAY        T             7.6  2014   0.3   -0.3      0.0
  MONTH TO DATE    0.4                       1.8   -1.4     19.0
  SINCE DEC 1     10.1                      23.9  -13.8     33.3
  SINCE JUL 1     16.3                      25.5   -9.2     37.3
  SNOW DEPTH       0

DEGREE DAYS
 HEATING
  YESTERDAY       35                        39     -4       54
  MONTH TO DATE  144                       195    -51      239
  SINCE DEC 1   2015                      2500   -485     2555
  SINCE JUL 1   2935                      3715   -780     3932

 COOLING
  YESTERDAY        0                         0      0        0
  MONTH TO DATE    0                         0      0        0
  SINCE DEC 1      0                         0      0        0
  SINCE JAN 1      0                         0      0        0
..................................................................


WIND (MPH)
  HIGHEST WIND SPEED    20   HIGHEST WIND DIRECTION    SW (220)
  HIGHEST GUST SPEED    24   HIGHEST GUST DIRECTION    SW (220)
  AVERAGE WIND SPEED     7.5


SKY COVER
  POSSIBLE SUNSHINE  MM
  AVERAGE SKY COVER 0.5


WEATHER CONDITIONS
 THE FOLLOWING WEATHER WAS RECORDED YESTERDAY.
  LIGHT SNOW


RELATIVE HUMIDITY (PERCENT)
 HIGHEST    84           500 AM
 LOWEST     44           400 PM
 AVERAGE    64

..........................................................


THE DETROIT MI CLIMATE NORMALS FOR TODAY
                         NORMAL    RECORD    YEAR
 MAXIMUM TEMPERATURE (F)   33        58      1938
 MINIMUM TEMPERATURE (F)   20        -7      1895
                                             1889


SUNRISE AND SUNSET
FEBRUARY  6 2016......SUNRISE   742 AM EST   SUNSET   554 PM EST
FEBRUARY  7 2016......SUNRISE   740 AM EST   SUNSET   555 PM EST


-  INDICATES NEGATIVE NUMBERS.
R  INDICATES RECORD WAS SET OR TIED.
MM INDICATES DATA IS MISSING.
T  INDICATES TRACE AMOUNT.




$$
