000
CDUS43 KDTX 010536
CLIDTW


CLIMATE REPORT
NATIONAL WEATHER SERVICE DETROIT/PONTIAC MI
136 AM EDT WED OCT 1 2014


...................................

...THE DETROIT MI CLIMATE SUMMARY FOR SEPTEMBER 30 2014...

CLIMATE NORMAL PERIOD 1981 TO 2010
CLIMATE RECORD PERIOD 1874 TO 2014


WEATHER ITEM   OBSERVED TIME   RECORD YEAR NORMAL DEPARTURE LAST
                VALUE   (LST)  VALUE       VALUE  FROM      YEAR
                                                  NORMAL
..................................................................
TEMPERATURE (F)
 YESTERDAY
  MAXIMUM         65    111 AM  85    1991  68     -3       72
  MINIMUM         53   1159 PM  30    1899  49      4       57
  AVERAGE         59                        58      1       65

PRECIPITATION (IN)
  YESTERDAY        0.18          1.30 1936   0.10   0.08      T
  MONTH TO DATE    4.71                      3.27   1.44     1.20
  SINCE SEP 1      4.71                      3.27   1.44     1.20
  SINCE JAN 1     32.13                     25.70   6.43    32.18

SNOWFALL (IN)
  YESTERDAY        0.0           0.0    MM   0.0    0.0      0.0
  MONTH TO DATE    0.0                       0.0    0.0      0.0
  SINCE SEP 1      0.0                       0.0    0.0      0.0
  SINCE JUL 1      0.0                       0.0    0.0      0.0
  SNOW DEPTH       0

DEGREE DAYS
 HEATING
  YESTERDAY        6                         8     -2        0
  MONTH TO DATE  108                       104      4       98
  SINCE SEP 1    108                       104      4       98
  SINCE JUL 1    121                       114      7      110

 COOLING
  YESTERDAY        0                         1     -1        0
  MONTH TO DATE   72                        84    -12       78
  SINCE SEP 1     72                        84    -12       78
  SINCE JAN 1    704                       795    -91      871
..................................................................


WIND (MPH)
  HIGHEST WIND SPEED    18   HIGHEST WIND DIRECTION    NW (310)
  HIGHEST GUST SPEED    24   HIGHEST GUST DIRECTION    NW (310)
  AVERAGE WIND SPEED     7.5


SKY COVER
  POSSIBLE SUNSHINE  MM
  AVERAGE SKY COVER 1.0


WEATHER CONDITIONS
 THE FOLLOWING WEATHER WAS RECORDED YESTERDAY.
  RAIN
  LIGHT RAIN
  FOG


RELATIVE HUMIDITY (PERCENT)
 HIGHEST    93           300 AM
 LOWEST     67           100 PM
 AVERAGE    80

..........................................................


THE DETROIT MI CLIMATE NORMALS FOR TODAY
                         NORMAL    RECORD    YEAR
 MAXIMUM TEMPERATURE (F)   68        88      1897
 MINIMUM TEMPERATURE (F)   48        31      1947


SUNRISE AND SUNSET
OCTOBER  1 2014.......SUNRISE   730 AM EDT   SUNSET   715 PM EDT
OCTOBER  2 2014.......SUNRISE   731 AM EDT   SUNSET   713 PM EDT


-  INDICATES NEGATIVE NUMBERS.
R  INDICATES RECORD WAS SET OR TIED.
MM INDICATES DATA IS MISSING.
T  INDICATES TRACE AMOUNT.




$$
