000
CDUS43 KDTX 110536
CLIDTW


CLIMATE REPORT
NATIONAL WEATHER SERVICE DETROIT/PONTIAC MI
135 AM EDT SUN SEP 11 2016


...................................

...THE DETROIT MI CLIMATE SUMMARY FOR SEPTEMBER 10 2016...

CLIMATE NORMAL PERIOD 1981 TO 2010
CLIMATE RECORD PERIOD 1874 TO 2016


WEATHER ITEM   OBSERVED TIME   RECORD YEAR NORMAL DEPARTURE LAST
                VALUE   (LST)  VALUE       VALUE  FROM      YEAR
                                                  NORMAL
..................................................................
TEMPERATURE (F)
 YESTERDAY
  MAXIMUM         78    256 PM  94    1983  76      2       79
                                      1955
  MINIMUM         61   1159 PM  40    1883  57      4       56
  AVERAGE         70                        67      3       68

PRECIPITATION (IN)
  YESTERDAY        1.01          1.65 2000   0.11   0.90     0.00
  MONTH TO DATE    1.86                      1.09   0.77     0.53
  SINCE SEP 1      1.86                      1.09   0.77     0.53
  SINCE JAN 1     23.08                     23.52  -0.44    22.51

SNOWFALL (IN)
  YESTERDAY        0.0           0.0    MM   0.0    0.0      0.0
  MONTH TO DATE    0.0                       0.0    0.0      0.0
  SINCE SEP 1      0.0                       0.0    0.0      0.0
  SINCE JUL 1      0.0                       0.0    0.0      0.0
  SNOW DEPTH       0

DEGREE DAYS
 HEATING
  YESTERDAY        0                         2     -2        0
  MONTH TO DATE    0                        13    -13        0
  SINCE SEP 1      0                        13    -13        0
  SINCE JUL 1      0                        23    -23       10

 COOLING
  YESTERDAY        5                         4      1        3
  MONTH TO DATE   72                        44     28      120
  SINCE SEP 1     72                        44     28      120
  SINCE JAN 1   1095                       755    340      840
..................................................................


WIND (MPH)
  HIGHEST WIND SPEED    31   HIGHEST WIND DIRECTION     W (250)
  HIGHEST GUST SPEED    41   HIGHEST GUST DIRECTION    SW (240)
  AVERAGE WIND SPEED    11.9


SKY COVER
  POSSIBLE SUNSHINE  MM
  AVERAGE SKY COVER 0.9


WEATHER CONDITIONS
 THE FOLLOWING WEATHER WAS RECORDED YESTERDAY.
  THUNDERSTORM
  HEAVY RAIN
  RAIN
  LIGHT RAIN
  FOG


RELATIVE HUMIDITY (PERCENT)
 HIGHEST   100           200 AM
 LOWEST     73           700 PM
 AVERAGE    87

..........................................................


THE DETROIT MI CLIMATE NORMALS FOR TODAY
                         NORMAL    RECORD    YEAR
 MAXIMUM TEMPERATURE (F)   76        95      1931
 MINIMUM TEMPERATURE (F)   57        39      1917


SUNRISE AND SUNSET
SEPTEMBER 11 2016.....SUNRISE   710 AM EDT   SUNSET   749 PM EDT
SEPTEMBER 12 2016.....SUNRISE   711 AM EDT   SUNSET   747 PM EDT


-  INDICATES NEGATIVE NUMBERS.
R  INDICATES RECORD WAS SET OR TIED.
MM INDICATES DATA IS MISSING.
T  INDICATES TRACE AMOUNT.




$$
