728
CDUS43 KDTX 200548
CLIDTW


CLIMATE REPORT
NATIONAL WEATHER SERVICE DETROIT/PONTIAC MI
148 AM EDT MON MAR 20 2017


...................................

...THE DETROIT MI CLIMATE SUMMARY FOR MARCH 19 2017...

CLIMATE NORMAL PERIOD 1981 TO 2010
CLIMATE RECORD PERIOD 1874 TO 2017


WEATHER ITEM   OBSERVED TIME   RECORD YEAR NORMAL DEPARTURE LAST
                VALUE   (LST)  VALUE       VALUE  FROM      YEAR
                                                  NORMAL
..................................................................
TEMPERATURE (F)
 YESTERDAY
  MAXIMUM         45    430 PM  76    1921  47     -2       43
  MINIMUM         33   1109 PM   4    1885  30      3       27
  AVERAGE         39                        38      1       35

PRECIPITATION (IN)
  YESTERDAY        0.00          0.93 1881   0.07  -0.07     0.00
  MONTH TO DATE    1.51                      1.34   0.17     1.98
  SINCE MAR 1      1.51                      1.34   0.17     1.98
  SINCE JAN 1      6.24                      5.32   0.92     5.34

SNOWFALL (IN)
  YESTERDAY        0.0           7.5  1883   0.2   -0.2      0.0
  MONTH TO DATE    6.9                       5.0    1.9      7.4
  SINCE MAR 1      6.9                       5.0    1.9      7.4
  SINCE JUL 1     37.8                      38.9   -1.1     34.0
  SNOW DEPTH       T

DEGREE DAYS
 HEATING
  YESTERDAY       26                        27     -1       30
  MONTH TO DATE  608                       573     35      426
  SINCE MAR 1    608                       573     35      426
  SINCE JUL 1   4346                      5126   -780     4191

 COOLING
  YESTERDAY        0                         0      0        0
  MONTH TO DATE    0                         0      0        0
  SINCE MAR 1      0                         0      0        0
  SINCE JAN 1      0                         0      0        0
..................................................................


WIND (MPH)
  HIGHEST WIND SPEED    13   HIGHEST WIND DIRECTION     S (190)
  HIGHEST GUST SPEED    14   HIGHEST GUST DIRECTION     S (190)
  AVERAGE WIND SPEED     6.0


SKY COVER
  POSSIBLE SUNSHINE  MM
  AVERAGE SKY COVER 0.9


WEATHER CONDITIONS
 THE FOLLOWING WEATHER WAS RECORDED YESTERDAY.
  FOG
  HAZE


RELATIVE HUMIDITY (PERCENT)
 HIGHEST    92           100 AM
 LOWEST     57           300 PM
 AVERAGE    75

..........................................................


THE DETROIT MI CLIMATE NORMALS FOR TODAY
                         NORMAL    RECORD    YEAR
 MAXIMUM TEMPERATURE (F)   48        82      2012
 MINIMUM TEMPERATURE (F)   30        -2      1885


SUNRISE AND SUNSET
MARCH 20 2017.........SUNRISE   736 AM EDT   SUNSET   746 PM EDT
MARCH 21 2017.........SUNRISE   734 AM EDT   SUNSET   747 PM EDT


-  INDICATES NEGATIVE NUMBERS.
R  INDICATES RECORD WAS SET OR TIED.
MM INDICATES DATA IS MISSING.
T  INDICATES TRACE AMOUNT.




$$
