000
CDUS43 KDTX 152045
CLIDTW


CLIMATE REPORT
NATIONAL WEATHER SERVICE DETROIT/PONTIAC MI
445 PM EDT WED OCT 15 2014


...................................

...THE DETROIT MI CLIMATE SUMMARY FOR OCTOBER 15 2014...
VALID TODAY AS OF 0400 PM LOCAL TIME.

CLIMATE NORMAL PERIOD 1981 TO 2010
CLIMATE RECORD PERIOD 1874 TO 2014


WEATHER ITEM   OBSERVED TIME   RECORD YEAR NORMAL DEPARTURE LAST
                VALUE   (LST)  VALUE       VALUE  FROM      YEAR
                                                  NORMAL
..................................................................
TEMPERATURE (F)
 TODAY
  MAXIMUM         64   1211 PM  86    1897  62      2       64
  MINIMUM         55    736 AM  24    1876  43     12       44
  AVERAGE         60                        53      7       54

PRECIPITATION (IN)
  TODAY            0.00          1.03 1967   0.08  -0.08     0.05
  MONTH TO DATE    1.65                      1.25   0.40     1.00
  SINCE SEP 1      6.36                      4.52   1.84     2.20
  SINCE JAN 1     33.78                     26.95   6.83    33.18

SNOWFALL (IN)
  TODAY            0.0           0.0    MM   0.0    0.0      0.0
  MONTH TO DATE    0.0                       0.0    0.0      0.0
  SINCE SEP 1      0.0                       0.0    0.0      0.0
  SINCE JUL 1      0.0                       0.0    0.0      0.0
  SNOW DEPTH       0

DEGREE DAYS
 HEATING
  TODAY            5                        12     -7       11
  MONTH TO DATE  155                       154      1       73
  SINCE SEP 1    263                       258      5      171
  SINCE JUL 1    276                       268      8      183

 COOLING
  TODAY            0                         0      0        0
  MONTH TO DATE    0                         7     -7       20
  SINCE SEP 1     72                        91    -19       98
  SINCE JAN 1    704                       802    -98      891
..................................................................


WIND (MPH)
  HIGHEST WIND SPEED    12   HIGHEST WIND DIRECTION    SE (150)
  HIGHEST GUST SPEED    15   HIGHEST GUST DIRECTION    SE (130)
  AVERAGE WIND SPEED     6.8


SKY COVER
  POSSIBLE SUNSHINE  MM
  AVERAGE SKY COVER 0.9


WEATHER CONDITIONS
 THE FOLLOWING WEATHER WAS RECORDED TODAY.
  FOG


RELATIVE HUMIDITY (PERCENT)
 HIGHEST    93          1200 AM
 LOWEST     67          1200 PM
 AVERAGE    80

..........................................................


THE DETROIT MI CLIMATE NORMALS FOR TOMORROW
                         NORMAL    RECORD    YEAR
 MAXIMUM TEMPERATURE (F)   62        85      1938
 MINIMUM TEMPERATURE (F)   43        26      1977


SUNRISE AND SUNSET
OCTOBER 15 2014.......SUNRISE   746 AM EDT   SUNSET   651 PM EDT
OCTOBER 16 2014.......SUNRISE   747 AM EDT   SUNSET   650 PM EDT


-  INDICATES NEGATIVE NUMBERS.
R  INDICATES RECORD WAS SET OR TIED.
MM INDICATES DATA IS MISSING.
T  INDICATES TRACE AMOUNT.




$$
