000
CDUS43 KDTX 062033
CLIDTW


CLIMATE REPORT
NATIONAL WEATHER SERVICE DETROIT/PONTIAC MI
430 PM EDT SUN APR 6 2014


...................................

...THE DETROIT MI CLIMATE SUMMARY FOR APRIL 6 2014...
VALID TODAY AS OF 0400 PM LOCAL TIME.

CLIMATE NORMAL PERIOD 1981 TO 2010
CLIMATE RECORD PERIOD 1874 TO 2014


WEATHER ITEM   OBSERVED TIME   RECORD YEAR NORMAL DEPARTURE LAST
                VALUE   (LST)  VALUE       VALUE  FROM      YEAR
                                                  NORMAL
..................................................................
TEMPERATURE (F)
 TODAY
  MAXIMUM         55    245 PM  83    1929  55      0       52
  MINIMUM         28    625 AM  18    1982  36     -8       31
  AVERAGE         42                        46     -4       42

PRECIPITATION (IN)
  TODAY            0.00          2.41 1886   0.09  -0.09     0.00
  MONTH TO DATE    0.43                      0.54  -0.11      T
  SINCE MAR 1      1.92                      2.82  -0.90     0.74
  SINCE JAN 1      7.66                      6.80   0.86     7.02

SNOWFALL (IN)
  TODAY            0.0          24.1  1886   0.1   -0.1      0.0
  MONTH TO DATE    T                         0.7   -0.7       T
  SINCE MAR 1     12.5                       7.6    4.9      3.1
  SINCE JUL 1     91.7                      41.5   50.2     47.6
  SNOW DEPTH       0

DEGREE DAYS
 HEATING
  TODAY           23                        19      4       23
  MONTH TO DATE  128                       122      6      162
  SINCE MAR 1   1247                       984    263     1095
  SINCE JUL 1   6497                      5537    960     5380

 COOLING
  TODAY            0                         0      0        0
  MONTH TO DATE    0                         0      0        0
  SINCE MAR 1      0                         0      0        0
  SINCE JAN 1      0                         0      0        0
..................................................................


WIND (MPH)
  HIGHEST WIND SPEED    10   HIGHEST WIND DIRECTION     E (90)
  HIGHEST GUST SPEED    14   HIGHEST GUST DIRECTION     E (90)
  AVERAGE WIND SPEED     1.8


SKY COVER
  POSSIBLE SUNSHINE  MM
  AVERAGE SKY COVER 0.2


WEATHER CONDITIONS
 THE FOLLOWING WEATHER WAS RECORDED TODAY.
  NO SIGNIFICANT WEATHER WAS OBSERVED.


RELATIVE HUMIDITY (PERCENT)
 HIGHEST    78           200 AM
 LOWEST     24           100 PM
 AVERAGE    51

..........................................................


THE DETROIT MI CLIMATE NORMALS FOR TOMORROW
                         NORMAL    RECORD    YEAR
 MAXIMUM TEMPERATURE (F)   56        83      1991
 MINIMUM TEMPERATURE (F)   36        10      1982


SUNRISE AND SUNSET
APRIL  6 2014.........SUNRISE   707 AM EDT   SUNSET   805 PM EDT
APRIL  7 2014.........SUNRISE   706 AM EDT   SUNSET   806 PM EDT


-  INDICATES NEGATIVE NUMBERS.
R  INDICATES RECORD WAS SET OR TIED.
MM INDICATES DATA IS MISSING.
T  INDICATES TRACE AMOUNT.




$$
