000
CDUS43 KDTX 230536
CLIDTW


CLIMATE REPORT
NATIONAL WEATHER SERVICE DETROIT/PONTIAC MI
136 AM EDT MON MAR 23 2015


...................................

...THE DETROIT MI CLIMATE SUMMARY FOR MARCH 22 2015...

CLIMATE NORMAL PERIOD 1981 TO 2010
CLIMATE RECORD PERIOD 1874 TO 2015


WEATHER ITEM   OBSERVED TIME   RECORD YEAR NORMAL DEPARTURE LAST
                VALUE   (LST)  VALUE       VALUE  FROM      YEAR
                                                  NORMAL
..................................................................
TEMPERATURE (F)
 YESTERDAY
  MAXIMUM         40    433 PM  86    2012  48     -8       42
  MINIMUM         23    640 AM   3    1885  31     -8       29
  AVERAGE         32                        40     -8       36

PRECIPITATION (IN)
  YESTERDAY        0.00          0.93 1916   0.07  -0.07     0.06
  MONTH TO DATE    0.32                      1.56  -1.24     1.40
  SINCE MAR 1      0.32                      1.56  -1.24     1.40
  SINCE JAN 1      3.12                      5.54  -2.42     7.14

SNOWFALL (IN)
  YESTERDAY        0.0           9.5  1916   0.1   -0.1       T
  MONTH TO DATE    2.8                       5.5   -2.7     11.5
  SINCE MAR 1      2.8                       5.5   -2.7     11.5
  SINCE JUL 1     47.5                      39.4    8.1     90.7
  SNOW DEPTH       0

DEGREE DAYS
 HEATING
  YESTERDAY       33                        26      7       29
  MONTH TO DATE  667                       651     16      833
  SINCE MAR 1    667                       651     16      833
  SINCE JUL 1   5778                      5204    574     6083

 COOLING
  YESTERDAY        0                         0      0        0
  MONTH TO DATE    0                         0      0        0
  SINCE MAR 1      0                         0      0        0
  SINCE JAN 1      0                         0      0        0
..................................................................


WIND (MPH)
  HIGHEST WIND SPEED    14   HIGHEST WIND DIRECTION     N (350)
  HIGHEST GUST SPEED    20   HIGHEST GUST DIRECTION     N (350)
  AVERAGE WIND SPEED     5.5


SKY COVER
  POSSIBLE SUNSHINE  MM
  AVERAGE SKY COVER 0.4


WEATHER CONDITIONS
 THE FOLLOWING WEATHER WAS RECORDED YESTERDAY.
  NO SIGNIFICANT WEATHER WAS OBSERVED.


RELATIVE HUMIDITY (PERCENT)
 HIGHEST    68           900 PM
 LOWEST     25           400 PM
 AVERAGE    47

..........................................................


THE DETROIT MI CLIMATE NORMALS FOR TODAY
                         NORMAL    RECORD    YEAR
 MAXIMUM TEMPERATURE (F)   49        73      2012
                                             1994
                                             1988
 MINIMUM TEMPERATURE (F)   31         2      1888


SUNRISE AND SUNSET
MARCH 23 2015.........SUNRISE   732 AM EDT   SUNSET   749 PM EDT
MARCH 24 2015.........SUNRISE   730 AM EDT   SUNSET   750 PM EDT


-  INDICATES NEGATIVE NUMBERS.
R  INDICATES RECORD WAS SET OR TIED.
MM INDICATES DATA IS MISSING.
T  INDICATES TRACE AMOUNT.




$$
