000
CDUS43 KDTX 290535
CLIDTW


CLIMATE REPORT
NATIONAL WEATHER SERVICE DETROIT/PONTIAC MI
135 AM EDT SAT AUG 29 2015


...................................

...THE DETROIT MI CLIMATE SUMMARY FOR AUGUST 28 2015...

CLIMATE NORMAL PERIOD 1981 TO 2010
CLIMATE RECORD PERIOD 1874 TO 2015


WEATHER ITEM   OBSERVED TIME   RECORD YEAR NORMAL DEPARTURE LAST
                VALUE   (LST)  VALUE       VALUE  FROM      YEAR
                                                  NORMAL
..................................................................
TEMPERATURE (F)
 YESTERDAY
  MAXIMUM         76    206 PM  97    1948  80     -4       76
  MINIMUM         54    630 AM  43    1986  61     -7       60
  AVERAGE         65                        70     -5       68

PRECIPITATION (IN)
  YESTERDAY        0.00          2.38 1932   0.10  -0.10     0.00
  MONTH TO DATE    2.98                      2.71   0.27     6.28
  SINCE JUN 1     10.06                      9.60   0.46    12.71
  SINCE JAN 1     21.80                     22.14  -0.34    27.38

SNOWFALL (IN)
  YESTERDAY        0.0           0.0    MM   0.0    0.0      0.0
  MONTH TO DATE    0.0                       0.0    0.0      0.0
  SINCE JUN 1      0.0                       0.0    0.0      0.0
  SINCE JUL 1      0.0                       0.0    0.0      0.0
  SNOW DEPTH       0

DEGREE DAYS
 HEATING
  YESTERDAY        0                         0      0        0
  MONTH TO DATE    7                         0      7        5
  SINCE JUN 1     32                        37     -5       25
  SINCE JUL 1     10                         2      8       13

 COOLING
  YESTERDAY        0                         6     -6        3
  MONTH TO DATE  193                       207    -14      190
  SINCE JUN 1    587                       645    -58      542
  SINCE JAN 1    691                       693     -2      606
..................................................................


WIND (MPH)
  HIGHEST WIND SPEED    10   HIGHEST WIND DIRECTION    SE (140)
  HIGHEST GUST SPEED    14   HIGHEST GUST DIRECTION    SE (140)
  AVERAGE WIND SPEED     2.7


SKY COVER
  POSSIBLE SUNSHINE  MM
  AVERAGE SKY COVER 0.6


WEATHER CONDITIONS
 THE FOLLOWING WEATHER WAS RECORDED YESTERDAY.
  FOG
  HAZE


RELATIVE HUMIDITY (PERCENT)
 HIGHEST    93           600 AM
 LOWEST     53           100 PM
 AVERAGE    73

..........................................................


THE DETROIT MI CLIMATE NORMALS FOR TODAY
                         NORMAL    RECORD    YEAR
 MAXIMUM TEMPERATURE (F)   80        96      1953
 MINIMUM TEMPERATURE (F)   61        38      1982


SUNRISE AND SUNSET
AUGUST 29 2015........SUNRISE   655 AM EDT   SUNSET   813 PM EDT
AUGUST 30 2015........SUNRISE   656 AM EDT   SUNSET   811 PM EDT


-  INDICATES NEGATIVE NUMBERS.
R  INDICATES RECORD WAS SET OR TIED.
MM INDICATES DATA IS MISSING.
T  INDICATES TRACE AMOUNT.




$$
