366
CDUS43 KDTX 192047
CLIDTW


CLIMATE REPORT
NATIONAL WEATHER SERVICE DETROIT/PONTIAC MI
447 PM EDT MON JUN 19 2017


...................................

...THE DETROIT MI CLIMATE SUMMARY FOR JUNE 19 2017...
VALID TODAY AS OF 0400 PM LOCAL TIME.

CLIMATE NORMAL PERIOD 1981 TO 2010
CLIMATE RECORD PERIOD 1874 TO 2017


WEATHER ITEM   OBSERVED TIME   RECORD YEAR NORMAL DEPARTURE LAST
                VALUE   (LST)  VALUE       VALUE  FROM      YEAR
                                                  NORMAL
..................................................................
TEMPERATURE (F)
 TODAY
  MAXIMUM         80    111 PM  95    2012  81     -1       90
                                      1995
                                      1933
  MINIMUM         61    303 AM  46    1926  61      0       64
                                      1914
  AVERAGE         71                        71      0       77

PRECIPITATION (IN)
  TODAY            0.05          2.59 2009   0.11  -0.06     0.00
  MONTH TO DATE    0.44                      2.30  -1.86     1.30
  SINCE JUN 1      0.44                      2.30  -1.86     1.30
  SINCE JAN 1     17.37                     14.84   2.53    14.03

SNOWFALL (IN)
  TODAY            0.0           0.0    MM   0.0    0.0      0.0
  MONTH TO DATE    0.0                       0.0    0.0      0.0
  SINCE JUN 1      0.0                       0.0    0.0      0.0
  SINCE JUL 1     37.9                      42.5   -4.6     35.3
  SNOW DEPTH       0

DEGREE DAYS
 HEATING
  TODAY            0                         1     -1        0
  MONTH TO DATE    9                        31    -22       14
  SINCE JUN 1      9                        31    -22       14
  SINCE JUL 1   5155                      6133   -978     5195

 COOLING
  TODAY            6                         6      0       12
  MONTH TO DATE  144                        85     59      109
  SINCE JUN 1    144                        85     59      109
  SINCE JAN 1    190                       133     57      187
..................................................................


WIND (MPH)
  HIGHEST WIND SPEED    26   HIGHEST WIND DIRECTION     W (290)
  HIGHEST GUST SPEED    33   HIGHEST GUST DIRECTION     W (280)
  AVERAGE WIND SPEED     7.6


SKY COVER
  POSSIBLE SUNSHINE  MM
  AVERAGE SKY COVER 0.6


WEATHER CONDITIONS
 THE FOLLOWING WEATHER WAS RECORDED TODAY.
  THUNDERSTORM
  LIGHT RAIN


RELATIVE HUMIDITY (PERCENT)
 HIGHEST    84           300 AM
 LOWEST     42           100 PM
 AVERAGE    63

..........................................................


THE DETROIT MI CLIMATE NORMALS FOR TOMORROW
                         NORMAL    RECORD    YEAR
 MAXIMUM TEMPERATURE (F)   81        97      1953
 MINIMUM TEMPERATURE (F)   61        43      1970
                                             1914


SUNRISE AND SUNSET
JUNE 19 2017..........SUNRISE   557 AM EDT   SUNSET   913 PM EDT
JUNE 20 2017..........SUNRISE   557 AM EDT   SUNSET   913 PM EDT


-  INDICATES NEGATIVE NUMBERS.
R  INDICATES RECORD WAS SET OR TIED.
MM INDICATES DATA IS MISSING.
T  INDICATES TRACE AMOUNT.




$$
