000
CDUS43 KDTX 050536
CLIDTW


CLIMATE REPORT
NATIONAL WEATHER SERVICE DETROIT/PONTIAC MI
136 AM EDT THU OCT 5 2017


...................................

...THE DETROIT MI CLIMATE SUMMARY FOR OCTOBER 4 2017...

CLIMATE NORMAL PERIOD 1981 TO 2010
CLIMATE RECORD PERIOD 1874 TO 2017


WEATHER ITEM   OBSERVED TIME   RECORD YEAR NORMAL DEPARTURE LAST
                VALUE   (LST)  VALUE       VALUE  FROM      YEAR
                                                  NORMAL
..................................................................
TEMPERATURE (F)
 YESTERDAY
  MAXIMUM         80    436 PM  89    1951  66     14       74
  MINIMUM         64   1158 PM  32    1989  47     17       52
                                      1901
  AVERAGE         72                        57     15       63

PRECIPITATION (IN)
  YESTERDAY        0.02          1.06 2000   0.08  -0.06     0.00
  MONTH TO DATE    0.02                      0.35  -0.33     0.31
  SINCE SEP 1      0.93                      3.62  -2.69     6.59
  SINCE JAN 1     26.23                     26.05   0.18    27.81

SNOWFALL (IN)
  YESTERDAY        0.0           0.0    MM   0.0    0.0      0.0
  MONTH TO DATE    0.0                       0.0    0.0      0.0
  SINCE SEP 1      0.0                       0.0    0.0      0.0
  SINCE JUL 1      0.0                       0.0    0.0      0.0
  SNOW DEPTH       0

DEGREE DAYS
 HEATING
  YESTERDAY        0                         9     -9        2
  MONTH TO DATE   15                        34    -19       13
  SINCE SEP 1     81                       138    -57       43
  SINCE JUL 1     85                       148    -63       43

 COOLING
  YESTERDAY        7                         1      6        0
  MONTH TO DATE   11                         4      7        0
  SINCE SEP 1    147                        88     59      132
  SINCE JAN 1    897                       799     98     1155
..................................................................


WIND (MPH)
  HIGHEST WIND SPEED    22   HIGHEST WIND DIRECTION     W (290)
  HIGHEST GUST SPEED    29   HIGHEST GUST DIRECTION     W (250)
  AVERAGE WIND SPEED    12.6


SKY COVER
  POSSIBLE SUNSHINE  MM
  AVERAGE SKY COVER 0.9


WEATHER CONDITIONS
 THE FOLLOWING WEATHER WAS RECORDED YESTERDAY.
  THUNDERSTORM


RELATIVE HUMIDITY (PERCENT)
 HIGHEST    84           800 AM
 LOWEST     61          1200 AM
 AVERAGE    73

..........................................................


THE DETROIT MI CLIMATE NORMALS FOR TODAY
                         NORMAL    RECORD    YEAR
 MAXIMUM TEMPERATURE (F)   66        88      1951
 MINIMUM TEMPERATURE (F)   47        31      1965


SUNRISE AND SUNSET
OCTOBER  5 2017.......SUNRISE   735 AM EDT   SUNSET   708 PM EDT
OCTOBER  6 2017.......SUNRISE   736 AM EDT   SUNSET   706 PM EDT


-  INDICATES NEGATIVE NUMBERS.
R  INDICATES RECORD WAS SET OR TIED.
MM INDICATES DATA IS MISSING.
T  INDICATES TRACE AMOUNT.




$$
