000
CDUS43 KDTX 282129
CLIDTW


CLIMATE REPORT
NATIONAL WEATHER SERVICE DETROIT/PONTIAC MI
428 PM EST TUE NOV 28 2017


...................................

...THE DETROIT MI CLIMATE SUMMARY FOR NOVEMBER 28 2017...
VALID TODAY AS OF 0400 PM LOCAL TIME.

CLIMATE NORMAL PERIOD 1981 TO 2010
CLIMATE RECORD PERIOD 1874 TO 2017


WEATHER ITEM   OBSERVED TIME   RECORD YEAR NORMAL DEPARTURE LAST
                VALUE   (LST)  VALUE       VALUE  FROM      YEAR
                                                  NORMAL
..................................................................
TEMPERATURE (F)
 TODAY
  MAXIMUM         65    327 PM  68    1990  43     22       49
  MINIMUM         40    251 AM   8    1955  30     10       36
  AVERAGE         53                        36     17       43

PRECIPITATION (IN)
  TODAY            0.00          1.52 1968   0.10  -0.10     0.61
  MONTH TO DATE    4.78                      2.61   2.17     2.06
  SINCE SEP 1      8.53                      8.40   0.13    11.32
  SINCE JAN 1     33.83                     30.83   3.00    32.54

SNOWFALL (IN)
  TODAY            0.0           2.0  1979   0.1   -0.1      0.0
  MONTH TO DATE    T                         1.3   -1.3      0.1
  SINCE SEP 1      T                         1.4   -1.4      0.1
  SINCE JUL 1      T                         1.4   -1.4      0.1
  SNOW DEPTH       0

DEGREE DAYS
 HEATING
  TODAY           12                        29    -17       22
  MONTH TO DATE  684                       646     38      513
  SINCE SEP 1   1013                      1147   -134      840
  SINCE JUL 1   1017                      1157   -140      840

 COOLING
  TODAY            0                         0      0        0
  MONTH TO DATE    0                         0      0        0
  SINCE SEP 1    168                        92     76      154
  SINCE JAN 1    918                       803    115     1177
..................................................................


WIND (MPH)
  HIGHEST WIND SPEED    31   HIGHEST WIND DIRECTION    SW (210)
  HIGHEST GUST SPEED    39   HIGHEST GUST DIRECTION    SW (210)
  AVERAGE WIND SPEED    16.9


SKY COVER
  POSSIBLE SUNSHINE  MM
  AVERAGE SKY COVER 0.3


WEATHER CONDITIONS
 THE FOLLOWING WEATHER WAS RECORDED TODAY.
  NO SIGNIFICANT WEATHER WAS OBSERVED.


RELATIVE HUMIDITY (PERCENT)
 HIGHEST    86           100 AM
 LOWEST     30           400 PM
 AVERAGE    58

..........................................................


THE DETROIT MI CLIMATE NORMALS FOR TOMORROW
                         NORMAL    RECORD    YEAR
 MAXIMUM TEMPERATURE (F)   42        67      2006
 MINIMUM TEMPERATURE (F)   30         5      1929


SUNRISE AND SUNSET
NOVEMBER 28 2017......SUNRISE   739 AM EST   SUNSET   503 PM EST
NOVEMBER 29 2017......SUNRISE   741 AM EST   SUNSET   503 PM EST


-  INDICATES NEGATIVE NUMBERS.
R  INDICATES RECORD WAS SET OR TIED.
MM INDICATES DATA IS MISSING.
T  INDICATES TRACE AMOUNT.




$$
