000
CDUS43 KDTX 100537
CLIDTW


CLIMATE REPORT
NATIONAL WEATHER SERVICE DETROIT/PONTIAC MI
137 AM EDT THU AUG 10 2017


...................................

...THE DETROIT MI CLIMATE SUMMARY FOR AUGUST 9 2017...

CLIMATE NORMAL PERIOD 1981 TO 2010
CLIMATE RECORD PERIOD 1874 TO 2017


WEATHER ITEM   OBSERVED TIME   RECORD YEAR NORMAL DEPARTURE LAST
                VALUE   (LST)  VALUE       VALUE  FROM      YEAR
                                                  NORMAL
..................................................................
TEMPERATURE (F)
 YESTERDAY
  MAXIMUM         85    411 PM  96    1891  82      3       90
  MINIMUM         61    524 AM  46    1884  63     -2       65
  AVERAGE         73                        73      0       78

PRECIPITATION (IN)
  YESTERDAY        0.00          1.03 1896   0.11  -0.11     0.00
  MONTH TO DATE    0.28                      0.97  -0.69     0.17
  SINCE JUN 1      4.74                      7.86  -3.12     3.04
  SINCE JAN 1     21.67                     20.40   1.27    15.77

SNOWFALL (IN)
  YESTERDAY        0.0           0.0    MM   0.0    0.0      0.0
  MONTH TO DATE    0.0                       0.0    0.0      0.0
  SINCE JUN 1      0.0                       0.0    0.0      0.0
  SINCE JUL 1      0.0                       0.0    0.0      0.0
  SNOW DEPTH       0

DEGREE DAYS
 HEATING
  YESTERDAY        0                         0      0        0
  MONTH TO DATE    0                         0      0        0
  SINCE JUN 1     11                        37    -26       14
  SINCE JUL 1      0                         2     -2        0

 COOLING
  YESTERDAY        8                         8      0       13
  MONTH TO DATE   68                        72     -4      115
  SINCE JUN 1    570                       510     60      688
  SINCE JAN 1    616                       558     58      766
..................................................................


WIND (MPH)
  HIGHEST WIND SPEED    16   HIGHEST WIND DIRECTION    SW (210)
  HIGHEST GUST SPEED    21   HIGHEST GUST DIRECTION    SW (220)
  AVERAGE WIND SPEED     6.1


SKY COVER
  POSSIBLE SUNSHINE  MM
  AVERAGE SKY COVER 0.6


WEATHER CONDITIONS
 THE FOLLOWING WEATHER WAS RECORDED YESTERDAY.
  NO SIGNIFICANT WEATHER WAS OBSERVED.


RELATIVE HUMIDITY (PERCENT)
 HIGHEST    81          1100 PM
 LOWEST     36           600 PM
 AVERAGE    59

..........................................................


THE DETROIT MI CLIMATE NORMALS FOR TODAY
                         NORMAL    RECORD    YEAR
 MAXIMUM TEMPERATURE (F)   82        98      1944
 MINIMUM TEMPERATURE (F)   63        45      1972


SUNRISE AND SUNSET
AUGUST 10 2017........SUNRISE   636 AM EDT   SUNSET   841 PM EDT
AUGUST 11 2017........SUNRISE   637 AM EDT   SUNSET   839 PM EDT


-  INDICATES NEGATIVE NUMBERS.
R  INDICATES RECORD WAS SET OR TIED.
MM INDICATES DATA IS MISSING.
T  INDICATES TRACE AMOUNT.




$$
