000
CDUS43 KDTX 230537
CLIDTW


CLIMATE REPORT
NATIONAL WEATHER SERVICE DETROIT/PONTIAC MI
136 AM EDT SAT MAY 23 2015


...................................

...THE DETROIT MI CLIMATE SUMMARY FOR MAY 22 2015...

CLIMATE NORMAL PERIOD 1981 TO 2010
CLIMATE RECORD PERIOD 1874 TO 2015


WEATHER ITEM   OBSERVED TIME   RECORD YEAR NORMAL DEPARTURE LAST
                VALUE   (LST)  VALUE       VALUE  FROM      YEAR
                                                  NORMAL
..................................................................
TEMPERATURE (F)
 YESTERDAY
  MAXIMUM         68    511 PM  90    1994  72     -4       73
                                      1964
  MINIMUM         46   1159 PM  32    1883  51     -5       58
  AVERAGE         57                        62     -5       66

PRECIPITATION (IN)
  YESTERDAY        0.01          1.14 1949   0.12  -0.11     0.00
  MONTH TO DATE    2.84                      2.34   0.50     3.12
  SINCE MAR 1      6.25                      7.52  -1.27     7.18
  SINCE JAN 1      9.05                     11.50  -2.45    12.92

SNOWFALL (IN)
  YESTERDAY        0.0           2.7  1883   0.0    0.0      0.0
  MONTH TO DATE    0.0                       0.0    0.0      0.0
  SINCE MAR 1      2.8                       8.6   -5.8     15.7
  SINCE JUL 1     47.5                      42.5    5.0     94.9
  SNOW DEPTH       0

DEGREE DAYS
 HEATING
  YESTERDAY        8                         5      3        0
  MONTH TO DATE   90                       171    -81      164
  SINCE MAR 1   1468                      1512    -44     1756
  SINCE JUL 1   6579                      6065    514     7006

 COOLING
  YESTERDAY        0                         2     -2        1
  MONTH TO DATE   61                        20     41       35
  SINCE MAR 1     61                        26     35       35
  SINCE JAN 1     61                        26     35       35
..................................................................


WIND (MPH)
  HIGHEST WIND SPEED    20   HIGHEST WIND DIRECTION    NW (300)
  HIGHEST GUST SPEED    38   HIGHEST GUST DIRECTION     W (280)
  AVERAGE WIND SPEED     9.8


SKY COVER
  POSSIBLE SUNSHINE  MM
  AVERAGE SKY COVER 0.5


WEATHER CONDITIONS
 THE FOLLOWING WEATHER WAS RECORDED YESTERDAY.
  LIGHT RAIN


RELATIVE HUMIDITY (PERCENT)
 HIGHEST    59           200 AM
 LOWEST     26           400 PM
 AVERAGE    43

..........................................................


THE DETROIT MI CLIMATE NORMALS FOR TODAY
                         NORMAL    RECORD    YEAR
 MAXIMUM TEMPERATURE (F)   72        89      1964
 MINIMUM TEMPERATURE (F)   52        34      1935
                                             1917


SUNRISE AND SUNSET
MAY 23 2015...........SUNRISE   605 AM EDT   SUNSET   855 PM EDT
MAY 24 2015...........SUNRISE   605 AM EDT   SUNSET   856 PM EDT


-  INDICATES NEGATIVE NUMBERS.
R  INDICATES RECORD WAS SET OR TIED.
MM INDICATES DATA IS MISSING.
T  INDICATES TRACE AMOUNT.




$$
