000
CDUS43 KDTX 061246
CLIDTW

CLIMATE REPORT...CORRECTION
NATIONAL WEATHER SERVICE DETROIT/PONTIAC MI
1245 AM EST MON FEB 6 2017


...................................

...THE DETROIT MI CLIMATE SUMMARY FOR FEBRUARY 5 2017...

CLIMATE NORMAL PERIOD 1981 TO 2010
CLIMATE RECORD PERIOD 1874 TO 2017


WEATHER ITEM   OBSERVED TIME   RECORD YEAR NORMAL DEPARTURE LAST
                VALUE   (LST)  VALUE       VALUE  FROM      YEAR
                                                  NORMAL
..................................................................
TEMPERATURE (F)
 YESTERDAY
  MAXIMUM         38    410 PM  51    1993  33      5       40
                                      1962
                                      1944
  MINIMUM         29   1159 PM -16    1918  20      9       20
  AVERAGE         34                        26      8       30

PRECIPITATION (IN)
  YESTERDAY        T             1.20 1938   0.06  -0.06      T
  MONTH TO DATE    0.10                      0.32  -0.22     0.49
  SINCE DEC 1      5.09                      4.74   0.35     4.84
  SINCE JAN 1      2.93                      2.28   0.65     1.83

SNOWFALL (IN)
  YESTERDAY        0.1           7.6  2014   0.3   -0.2       T
  MONTH TO DATE    1.6                       1.8   -0.2      0.4
  SINCE DEC 1     30.2                      23.9    6.3     10.1
  SINCE JUL 1     30.3                      25.5    4.8     16.3
  SNOW DEPTH       4

DEGREE DAYS
 HEATING
  YESTERDAY       31                        39     -8       35
  MONTH TO DATE  195                       195      0      144
  SINCE DEC 1   2314                      2500   -186     2015
  SINCE JUL 1   3182                      3715   -533     2935

 COOLING
  YESTERDAY        0                         0      0        0
  MONTH TO DATE    0                         0      0        0
  SINCE DEC 1      0                         0      0        0
  SINCE JAN 1      0                         0      0        0
..................................................................


WIND (MPH)
  HIGHEST WIND SPEED    20   HIGHEST WIND DIRECTION     W (260)
  HIGHEST GUST SPEED    24   HIGHEST GUST DIRECTION     W (270)
  AVERAGE WIND SPEED    11.5


SKY COVER
  POSSIBLE SUNSHINE  MM
  AVERAGE SKY COVER 0.9


WEATHER CONDITIONS
 THE FOLLOWING WEATHER WAS RECORDED YESTERDAY.
  LIGHT SNOW
  HAZE


RELATIVE HUMIDITY (PERCENT)
 HIGHEST    70           600 PM
 LOWEST     51           900 AM
 AVERAGE    61

..........................................................


THE DETROIT MI CLIMATE NORMALS FOR TODAY
                         NORMAL    RECORD    YEAR
 MAXIMUM TEMPERATURE (F)   33        58      1938
 MINIMUM TEMPERATURE (F)   20        -7      1895
                                             1889


SUNRISE AND SUNSET
FEBRUARY  6 2017......SUNRISE   741 AM EST   SUNSET   555 PM EST
FEBRUARY  7 2017......SUNRISE   740 AM EST   SUNSET   556 PM EST


-  INDICATES NEGATIVE NUMBERS.
R  INDICATES RECORD WAS SET OR TIED.
MM INDICATES DATA IS MISSING.
T  INDICATES TRACE AMOUNT.




$$
