000
CDUS43 KDTX 132027
CLIDTW


CLIMATE REPORT
NATIONAL WEATHER SERVICE DETROIT/PONTIAC MI
427 PM EDT TUE SEP 13 2016


...................................

...THE DETROIT MI CLIMATE SUMMARY FOR SEPTEMBER 13 2016...
VALID TODAY AS OF 0400 PM LOCAL TIME.

CLIMATE NORMAL PERIOD 1981 TO 2010
CLIMATE RECORD PERIOD 1874 TO 2016


WEATHER ITEM   OBSERVED TIME   RECORD YEAR NORMAL DEPARTURE LAST
                VALUE   (LST)  VALUE       VALUE  FROM      YEAR
                                                  NORMAL
..................................................................
TEMPERATURE (F)
 TODAY
  MAXIMUM         82    250 PM  97    1874  75      7       68
  MINIMUM         58    636 AM  40    1975  56      2       47
  AVERAGE         70                        66      4       58

PRECIPITATION (IN)
  TODAY            0.00          2.97 2008   0.11  -0.11     0.00
  MONTH TO DATE    1.86                      1.43   0.43     0.72
  SINCE SEP 1      1.86                      1.43   0.43     0.72
  SINCE JAN 1     23.08                     23.86  -0.78    22.70

SNOWFALL (IN)
  TODAY            0.0           0.0    MM   0.0    0.0      0.0
  MONTH TO DATE    0.0                       0.0    0.0      0.0
  SINCE SEP 1      0.0                       0.0    0.0      0.0
  SINCE JUL 1      0.0                       0.0    0.0      0.0
  SNOW DEPTH       0

DEGREE DAYS
 HEATING
  TODAY            0                         2     -2        7
  MONTH TO DATE    0                        19    -19       17
  SINCE SEP 1      0                        19    -19       17
  SINCE JUL 1      0                        29    -29       27

 COOLING
  TODAY            5                         3      2        0
  MONTH TO DATE   77                        53     24      120
  SINCE SEP 1     77                        53     24      120
  SINCE JAN 1   1100                       764    336      840
..................................................................


WIND (MPH)
  HIGHEST WIND SPEED    18   HIGHEST WIND DIRECTION    SW (220)
  HIGHEST GUST SPEED    23   HIGHEST GUST DIRECTION     S (200)
  AVERAGE WIND SPEED     6.3


SKY COVER
  POSSIBLE SUNSHINE  MM
  AVERAGE SKY COVER 0.3


WEATHER CONDITIONS
 THE FOLLOWING WEATHER WAS RECORDED TODAY.
  FOG
  HAZE


RELATIVE HUMIDITY (PERCENT)
 HIGHEST   100           600 AM
 LOWEST     49           300 PM
 AVERAGE    75

..........................................................


THE DETROIT MI CLIMATE NORMALS FOR TOMORROW
                         NORMAL    RECORD    YEAR
 MAXIMUM TEMPERATURE (F)   75        98      1939
 MINIMUM TEMPERATURE (F)   56        37      1975


SUNRISE AND SUNSET
SEPTEMBER 13 2016.....SUNRISE   712 AM EDT   SUNSET   746 PM EDT
SEPTEMBER 14 2016.....SUNRISE   713 AM EDT   SUNSET   744 PM EDT


-  INDICATES NEGATIVE NUMBERS.
R  INDICATES RECORD WAS SET OR TIED.
MM INDICATES DATA IS MISSING.
T  INDICATES TRACE AMOUNT.




$$
