000
CDUS43 KDTX 282030
CLIDTW


CLIMATE REPORT
NATIONAL WEATHER SERVICE DETROIT/PONTIAC MI
429 PM EDT SUN JUN 28 2015


...................................

...THE DETROIT MI CLIMATE SUMMARY FOR JUNE 28 2015...
VALID TODAY AS OF 0400 PM LOCAL TIME.

CLIMATE NORMAL PERIOD 1981 TO 2010
CLIMATE RECORD PERIOD 1874 TO 2015


WEATHER ITEM   OBSERVED TIME   RECORD YEAR NORMAL DEPARTURE LAST
                VALUE   (LST)  VALUE       VALUE  FROM      YEAR
                                                  NORMAL
..................................................................
TEMPERATURE (F)
 TODAY
  MAXIMUM         77    259 PM 104    1934  83     -6       88
  MINIMUM         59    515 AM  49    1970  63     -4       65
                                      1919
  AVERAGE         68                        73     -5       77

PRECIPITATION (IN)
  TODAY            0.01          1.56 1999   0.11  -0.10     0.00
  MONTH TO DATE    5.28                      3.30   1.98     4.00
  SINCE JUN 1      5.28                      3.30   1.98     4.00
  SINCE JAN 1     17.02                     15.84   1.18    18.67

SNOWFALL (IN)
  TODAY            0.0           0.0    MM   0.0    0.0      0.0
  MONTH TO DATE    0.0                       0.0    0.0      0.0
  SINCE JUN 1      0.0                       0.0    0.0      0.0
  SINCE JUL 1     47.5                      42.5    5.0     94.9
  SNOW DEPTH       0

DEGREE DAYS
 HEATING
  TODAY            0                         0      0        0
  MONTH TO DATE   22                        34    -12       12
  SINCE JUN 1     22                        34    -12       12
  SINCE JUL 1   6620                      6136    484     7023

 COOLING
  TODAY            3                         8     -5       12
  MONTH TO DATE  131                       151    -20      156
  SINCE JUN 1    131                       151    -20      156
  SINCE JAN 1    235                       199     36      220
..................................................................


WIND (MPH)
  HIGHEST WIND SPEED    21   HIGHEST WIND DIRECTION    NW (330)
  HIGHEST GUST SPEED    30   HIGHEST GUST DIRECTION    NW (320)
  AVERAGE WIND SPEED    13.2


SKY COVER
  POSSIBLE SUNSHINE  MM
  AVERAGE SKY COVER 0.8


WEATHER CONDITIONS
 THE FOLLOWING WEATHER WAS RECORDED TODAY.
  LIGHT RAIN
  FOG


RELATIVE HUMIDITY (PERCENT)
 HIGHEST    93           300 AM
 LOWEST     43           300 PM
 AVERAGE    68

..........................................................


THE DETROIT MI CLIMATE NORMALS FOR TOMORROW
                         NORMAL    RECORD    YEAR
 MAXIMUM TEMPERATURE (F)   83        96      1933
 MINIMUM TEMPERATURE (F)   63        48      1989
                                             1923


SUNRISE AND SUNSET
JUNE 28 2015..........SUNRISE   559 AM EDT   SUNSET   914 PM EDT
JUNE 29 2015..........SUNRISE   600 AM EDT   SUNSET   914 PM EDT


-  INDICATES NEGATIVE NUMBERS.
R  INDICATES RECORD WAS SET OR TIED.
MM INDICATES DATA IS MISSING.
T  INDICATES TRACE AMOUNT.




$$
