000
CDUS43 KDTX 102130
CLIDTW


CLIMATE REPORT
NATIONAL WEATHER SERVICE DETROIT/PONTIAC MI
430 PM EST MON NOV 10 2014


...................................

...THE DETROIT MI CLIMATE SUMMARY FOR NOVEMBER 10 2014...
VALID TODAY AS OF 0400 PM LOCAL TIME.

CLIMATE NORMAL PERIOD 1981 TO 2010
CLIMATE RECORD PERIOD 1874 TO 2014


WEATHER ITEM   OBSERVED TIME   RECORD YEAR NORMAL DEPARTURE LAST
                VALUE   (LST)  VALUE       VALUE  FROM      YEAR
                                                  NORMAL
..................................................................
TEMPERATURE (F)
 TODAY
  MAXIMUM         56    346 PM  68    1999  52      4       49
  MINIMUM         39    700 AM  19    1913  36      3       35
  AVERAGE         48                        44      4       42

PRECIPITATION (IN)
  TODAY            0.00          1.57 2002   0.09  -0.09      T
  MONTH TO DATE    0.15                      0.90  -0.75     0.22
  SINCE SEP 1      7.22                      6.69   0.53     4.90
  SINCE JAN 1     34.64                     29.12   5.52    35.88

SNOWFALL (IN)
  TODAY            0.0           3.4  1892   0.0    0.0      0.0
  MONTH TO DATE    0.0                       0.2   -0.2      0.0
  SINCE SEP 1      T                         0.3   -0.3       T
  SINCE JUL 1      T                         0.3   -0.3       T
  SNOW DEPTH       0

DEGREE DAYS
 HEATING
  TODAY           17                        21     -4       23
  MONTH TO DATE  220                       195     25      205
  SINCE SEP 1    719                       696     23      678
  SINCE JUL 1    732                       706     26      690

 COOLING
  TODAY            0                         0      0        0
  MONTH TO DATE    0                         0      0        0
  SINCE SEP 1     72                        92    -20       98
  SINCE JAN 1    704                       803    -99      891
..................................................................


WIND (MPH)
  HIGHEST WIND SPEED    18   HIGHEST WIND DIRECTION    SE (140)
  HIGHEST GUST SPEED    23   HIGHEST GUST DIRECTION    SE (140)
  AVERAGE WIND SPEED     6.4


SKY COVER
  POSSIBLE SUNSHINE  MM
  AVERAGE SKY COVER 0.9


WEATHER CONDITIONS
 THE FOLLOWING WEATHER WAS RECORDED TODAY.
  NO SIGNIFICANT WEATHER WAS OBSERVED.


RELATIVE HUMIDITY (PERCENT)
 HIGHEST    76          1200 AM
 LOWEST     51           100 PM
 AVERAGE    64

..........................................................


THE DETROIT MI CLIMATE NORMALS FOR TOMORROW
                         NORMAL    RECORD    YEAR
 MAXIMUM TEMPERATURE (F)   51        71      1964
 MINIMUM TEMPERATURE (F)   36        19      1926


SUNRISE AND SUNSET
NOVEMBER 10 2014......SUNRISE   718 AM EST   SUNSET   516 PM EST
NOVEMBER 11 2014......SUNRISE   719 AM EST   SUNSET   515 PM EST


-  INDICATES NEGATIVE NUMBERS.
R  INDICATES RECORD WAS SET OR TIED.
MM INDICATES DATA IS MISSING.
T  INDICATES TRACE AMOUNT.




$$
