000
CDUS43 KDTX 072045
CLIDTW


CLIMATE REPORT
NATIONAL WEATHER SERVICE DETROIT/PONTIAC MI
445 PM EDT SAT OCT 7 2017


...................................

...THE DETROIT MI CLIMATE SUMMARY FOR OCTOBER 7 2017...
VALID TODAY AS OF 0400 PM LOCAL TIME.

CLIMATE NORMAL PERIOD 1981 TO 2010
CLIMATE RECORD PERIOD 1874 TO 2017


WEATHER ITEM   OBSERVED TIME   RECORD YEAR NORMAL DEPARTURE LAST
                VALUE   (LST)  VALUE       VALUE  FROM      YEAR
                                                  NORMAL
..................................................................
TEMPERATURE (F)
 TODAY
  MAXIMUM         83    259 PM  92    1963  65     18       77
  MINIMUM         65    136 AM  29    1935  46     19       57
  AVERAGE         74                        56     18       67

PRECIPITATION (IN)
  TODAY            0.03          1.50 1951   0.08  -0.05      T
  MONTH TO DATE    0.47                      0.61  -0.14     0.31
  SINCE SEP 1      1.38                      3.88  -2.50     6.59
  SINCE JAN 1     26.68                     26.31   0.37    27.81

SNOWFALL (IN)
  TODAY            0.0           0.0    MM   0.0    0.0      0.0
  MONTH TO DATE    0.0                       0.0    0.0      0.0
  SINCE SEP 1      0.0                       0.0    0.0      0.0
  SINCE JUL 1      0.0                       0.0    0.0      0.0
  SNOW DEPTH       0

DEGREE DAYS
 HEATING
  TODAY            0                        10    -10        0
  MONTH TO DATE   19                        63    -44       13
  SINCE SEP 1     85                       167    -82       43
  SINCE JUL 1     89                       177    -88       43

 COOLING
  TODAY            9                         1      8        2
  MONTH TO DATE   21                         7     14       11
  SINCE SEP 1    157                        91     66      143
  SINCE JAN 1    907                       802    105     1166
..................................................................


WIND (MPH)
  HIGHEST WIND SPEED    29   HIGHEST WIND DIRECTION     S (200)
  HIGHEST GUST SPEED    36   HIGHEST GUST DIRECTION     S (200)
  AVERAGE WIND SPEED    14.1


SKY COVER
  POSSIBLE SUNSHINE  MM
  AVERAGE SKY COVER 0.8


WEATHER CONDITIONS
 THE FOLLOWING WEATHER WAS RECORDED TODAY.
  LIGHT RAIN
  FOG


RELATIVE HUMIDITY (PERCENT)
 HIGHEST   100          1200 AM
 LOWEST     47           300 PM
 AVERAGE    74

..........................................................


THE DETROIT MI CLIMATE NORMALS FOR TOMORROW
                         NORMAL    RECORD    YEAR
 MAXIMUM TEMPERATURE (F)   65        90      2007
 MINIMUM TEMPERATURE (F)   46        25      1889


SUNRISE AND SUNSET
OCTOBER  7 2017.......SUNRISE   737 AM EDT   SUNSET   704 PM EDT
OCTOBER  8 2017.......SUNRISE   738 AM EDT   SUNSET   702 PM EDT


-  INDICATES NEGATIVE NUMBERS.
R  INDICATES RECORD WAS SET OR TIED.
MM INDICATES DATA IS MISSING.
T  INDICATES TRACE AMOUNT.




$$
