000
CDUS43 KDTX 052134
CLIDTW


CLIMATE REPORT
NATIONAL WEATHER SERVICE DETROIT/PONTIAC MI
431 PM EST FRI JAN 5 2018


...................................

...THE DETROIT MI CLIMATE SUMMARY FOR JANUARY 5 2018...
VALID TODAY AS OF 0400 PM LOCAL TIME.

CLIMATE NORMAL PERIOD 1981 TO 2010
CLIMATE RECORD PERIOD 1874 TO 2018


WEATHER ITEM   OBSERVED TIME   RECORD YEAR NORMAL DEPARTURE LAST
                VALUE   (LST)  VALUE       VALUE  FROM      YEAR
                                                  NORMAL
..................................................................
TEMPERATURE (F)
 TODAY
  MAXIMUM          6    359 PM  59    1997  32    -26       20
  MINIMUM         -4    825 AM -10    1999  20    -24       12
  AVERAGE          1                        26    -25       16

PRECIPITATION (IN)
  TODAY            0.00          0.91 1955   0.07  -0.07     0.03
  MONTH TO DATE    0.01                      0.36  -0.35     0.48
  SINCE DEC 1      1.49                      2.82  -1.33     2.64
  SINCE JAN 1      0.01                      0.36  -0.35     0.48

SNOWFALL (IN)
  TODAY            0.0          10.2  2014   0.4   -0.4      0.7
  MONTH TO DATE    0.5                       2.0   -1.5      0.9
  SINCE DEC 1     23.0                      11.6   11.4     17.7
  SINCE JUL 1     23.0                      13.2    9.8     17.8
  SNOW DEPTH       6

DEGREE DAYS
 HEATING
  TODAY           64                        39     25       49
  MONTH TO DATE  293                       195     98      171
  SINCE DEC 1   1474                      1277    197     1281
  SINCE JUL 1   2537                      2492     45     2149

 COOLING
  TODAY            0                         0      0        0
  MONTH TO DATE    0                         0      0        0
  SINCE DEC 1      0                         0      0        0
  SINCE JAN 1      0                         0      0        0
..................................................................


WIND (MPH)
  HIGHEST WIND SPEED    23   HIGHEST WIND DIRECTION    NW (300)
  HIGHEST GUST SPEED    29   HIGHEST GUST DIRECTION    NW (330)
  AVERAGE WIND SPEED    12.3


SKY COVER
  POSSIBLE SUNSHINE  MM
  AVERAGE SKY COVER 0.0


WEATHER CONDITIONS
 THE FOLLOWING WEATHER WAS RECORDED TODAY.
  HAZE


RELATIVE HUMIDITY (PERCENT)
 HIGHEST    72           600 AM
 LOWEST     45           300 PM
 AVERAGE    59

..........................................................


THE DETROIT MI CLIMATE NORMALS FOR TOMORROW
                         NORMAL    RECORD    YEAR
 MAXIMUM TEMPERATURE (F)   32        62      1946
 MINIMUM TEMPERATURE (F)   20       -14      2014


SUNRISE AND SUNSET
JANUARY  5 2018.......SUNRISE   802 AM EST   SUNSET   516 PM EST
JANUARY  6 2018.......SUNRISE   802 AM EST   SUNSET   517 PM EST


-  INDICATES NEGATIVE NUMBERS.
R  INDICATES RECORD WAS SET OR TIED.
MM INDICATES DATA IS MISSING.
T  INDICATES TRACE AMOUNT.




$$
