000
CDUS43 KDTX 092045
CLIDTW


CLIMATE REPORT
NATIONAL WEATHER SERVICE DETROIT/PONTIAC MI
445 PM EDT FRI JUN 9 2017


...................................

...THE DETROIT MI CLIMATE SUMMARY FOR JUNE 9 2017...
VALID TODAY AS OF 0400 PM LOCAL TIME.

CLIMATE NORMAL PERIOD 1981 TO 2010
CLIMATE RECORD PERIOD 1874 TO 2017


WEATHER ITEM   OBSERVED TIME   RECORD YEAR NORMAL DEPARTURE LAST
                VALUE   (LST)  VALUE       VALUE  FROM      YEAR
                                                  NORMAL
..................................................................
TEMPERATURE (F)
 TODAY
  MAXIMUM         73    149 PM  93    1976  78     -5       73
                                      1968
  MINIMUM         56    446 AM  40    1988  58     -2       49
  AVERAGE         65                        68     -3       61

PRECIPITATION (IN)
  TODAY            0.02          2.03 1963   0.12  -0.10     0.00
  MONTH TO DATE    0.04                      1.08  -1.04     1.06
  SINCE JUN 1      0.04                      1.08  -1.04     1.06
  SINCE JAN 1     16.97                     13.62   3.35    13.79

SNOWFALL (IN)
  TODAY            0.0           0.0    MM   0.0    0.0     MM
  MONTH TO DATE    0.0                       0.0    0.0      0.0
  SINCE JUN 1      0.0                       0.0    0.0      0.0
  SINCE JUL 1     37.9                      42.5   -4.6     35.3
  SNOW DEPTH       0

DEGREE DAYS
 HEATING
  TODAY            0                         2     -2        4
  MONTH TO DATE    9                        21    -12       12
  SINCE JUN 1      9                        21    -12       12
  SINCE JUL 1   5155                      6123   -968     5193

 COOLING
  TODAY            0                         4     -4        0
  MONTH TO DATE   15                        32    -17       33
  SINCE JUN 1     15                        32    -17       33
  SINCE JAN 1     61                        80    -19      111
..................................................................


WIND (MPH)
  HIGHEST WIND SPEED    13   HIGHEST WIND DIRECTION     S (180)
  HIGHEST GUST SPEED    16   HIGHEST GUST DIRECTION     S (180)
  AVERAGE WIND SPEED     4.6


SKY COVER
  POSSIBLE SUNSHINE  MM
  AVERAGE SKY COVER 0.7


WEATHER CONDITIONS
 THE FOLLOWING WEATHER WAS RECORDED TODAY.
  RAIN
  LIGHT RAIN


RELATIVE HUMIDITY (PERCENT)
 HIGHEST    78          1200 AM
 LOWEST     58           700 AM
 AVERAGE    68

..........................................................


THE DETROIT MI CLIMATE NORMALS FOR TOMORROW
                         NORMAL    RECORD    YEAR
 MAXIMUM TEMPERATURE (F)   78        95      1911
 MINIMUM TEMPERATURE (F)   58        38      1980


SUNRISE AND SUNSET
JUNE  9 2017..........SUNRISE   557 AM EDT   SUNSET   909 PM EDT
JUNE 10 2017..........SUNRISE   557 AM EDT   SUNSET   909 PM EDT


-  INDICATES NEGATIVE NUMBERS.
R  INDICATES RECORD WAS SET OR TIED.
MM INDICATES DATA IS MISSING.
T  INDICATES TRACE AMOUNT.




$$
