000
CDUS43 KDTX 190536
CLIDTW


CLIMATE REPORT
NATIONAL WEATHER SERVICE DETROIT/PONTIAC MI
136 AM EDT THU MAY 19 2016


...................................

...THE DETROIT MI CLIMATE SUMMARY FOR MAY 18 2016...

CLIMATE NORMAL PERIOD 1981 TO 2010
CLIMATE RECORD PERIOD 1874 TO 2016


WEATHER ITEM   OBSERVED TIME   RECORD YEAR NORMAL DEPARTURE LAST
                VALUE   (LST)  VALUE       VALUE  FROM      YEAR
                                                  NORMAL
..................................................................
TEMPERATURE (F)
 YESTERDAY
  MAXIMUM         67    357 PM  93    1962  71     -4       85
  MINIMUM         45    549 AM  32    1973  50     -5       65
  AVERAGE         56                        60     -4       75

PRECIPITATION (IN)
  YESTERDAY        0.00          1.50 2000   0.11  -0.11     0.16
  MONTH TO DATE    2.03                      1.87   0.16     2.83
  SINCE MAR 1      9.20                      7.05   2.15     6.24
  SINCE JAN 1     12.56                     11.03   1.53     9.04

SNOWFALL (IN)
  YESTERDAY        0.0           0.0    MM   0.0    0.0      0.0
  MONTH TO DATE    T                         0.0    0.0      0.0
  SINCE MAR 1      8.7                       8.6    0.1      2.8
  SINCE JUL 1     35.3                      42.5   -7.2     47.5
  SNOW DEPTH       0

DEGREE DAYS
 HEATING
  YESTERDAY        9                         6      3        0
  MONTH TO DATE  171                       149     22       52
  SINCE MAR 1   1395                      1490    -95     1430
  SINCE JUL 1   5160                      6043   -883     6541

 COOLING
  YESTERDAY        0                         1     -1       10
  MONTH TO DATE    2                        13    -11       61
  SINCE MAR 1      2                        19    -17       61
  SINCE JAN 1      2                        19    -17       61
..................................................................


WIND (MPH)
  HIGHEST WIND SPEED    16   HIGHEST WIND DIRECTION     N (20)
  HIGHEST GUST SPEED    20   HIGHEST GUST DIRECTION     N (20)
  AVERAGE WIND SPEED     6.4


SKY COVER
  POSSIBLE SUNSHINE  MM
  AVERAGE SKY COVER 0.4


WEATHER CONDITIONS
 THE FOLLOWING WEATHER WAS RECORDED YESTERDAY.
  NO SIGNIFICANT WEATHER WAS OBSERVED.


RELATIVE HUMIDITY (PERCENT)
 HIGHEST    64          1100 PM
 LOWEST     30           100 PM
 AVERAGE    47

..........................................................


THE DETROIT MI CLIMATE NORMALS FOR TODAY
                         NORMAL    RECORD    YEAR
 MAXIMUM TEMPERATURE (F)   71        91      1934
 MINIMUM TEMPERATURE (F)   50        32      2002


SUNRISE AND SUNSET
MAY 19 2016...........SUNRISE   608 AM EDT   SUNSET   852 PM EDT
MAY 20 2016...........SUNRISE   607 AM EDT   SUNSET   853 PM EDT


-  INDICATES NEGATIVE NUMBERS.
R  INDICATES RECORD WAS SET OR TIED.
MM INDICATES DATA IS MISSING.
T  INDICATES TRACE AMOUNT.




$$
