000
CDUS43 KDTX 140543
CLIDTW


CLIMATE REPORT
NATIONAL WEATHER SERVICE DETROIT/PONTIAC MI
143 AM EDT TUE OCT 14 2014


...................................

...THE DETROIT MI CLIMATE SUMMARY FOR OCTOBER 13 2014...

CLIMATE NORMAL PERIOD 1981 TO 2010
CLIMATE RECORD PERIOD 1874 TO 2014


WEATHER ITEM   OBSERVED TIME   RECORD YEAR NORMAL DEPARTURE LAST
                VALUE   (LST)  VALUE       VALUE  FROM      YEAR
                                                  NORMAL
..................................................................
TEMPERATURE (F)
 YESTERDAY
  MAXIMUM         70    445 PM  83    1975  63      7       69
  MINIMUM         53   1225 AM  26    1977  44      9       50
  AVERAGE         62                        53      9       60

PRECIPITATION (IN)
  YESTERDAY        0.46          1.57 1983   0.08   0.38     0.00
  MONTH TO DATE    1.12                      1.09   0.03     0.95
  SINCE SEP 1      5.83                      4.36   1.47     2.15
  SINCE JAN 1     33.25                     26.79   6.46    33.13

SNOWFALL (IN)
  YESTERDAY        0.0           0.4  1909   0.0    0.0      0.0
  MONTH TO DATE    0.0                       0.0    0.0      0.0
  SINCE SEP 1      0.0                       0.0    0.0      0.0
  SINCE JUL 1      0.0                       0.0    0.0      0.0
  SNOW DEPTH       0

DEGREE DAYS
 HEATING
  YESTERDAY        3                        12     -9        5
  MONTH TO DATE  149                       130     19       52
  SINCE SEP 1    257                       234     23      150
  SINCE JUL 1    270                       244     26      162

 COOLING
  YESTERDAY        0                         0      0        0
  MONTH TO DATE    0                         7     -7       20
  SINCE SEP 1     72                        91    -19       98
  SINCE JAN 1    704                       802    -98      891
..................................................................


WIND (MPH)
  HIGHEST WIND SPEED    15   HIGHEST WIND DIRECTION    SE (120)
  HIGHEST GUST SPEED    23   HIGHEST GUST DIRECTION    SE (130)
  AVERAGE WIND SPEED     7.4


SKY COVER
  POSSIBLE SUNSHINE  MM
  AVERAGE SKY COVER 0.9


WEATHER CONDITIONS
 THE FOLLOWING WEATHER WAS RECORDED YESTERDAY.
  THUNDERSTORM
  HEAVY RAIN
  RAIN
  LIGHT RAIN
  FOG


RELATIVE HUMIDITY (PERCENT)
 HIGHEST   100           600 AM
 LOWEST     73           900 PM
 AVERAGE    87

..........................................................


THE DETROIT MI CLIMATE NORMALS FOR TODAY
                         NORMAL    RECORD    YEAR
 MAXIMUM TEMPERATURE (F)   62        83      1989
                                             1975
 MINIMUM TEMPERATURE (F)   44        27      1937
                                             1874


SUNRISE AND SUNSET
OCTOBER 14 2014.......SUNRISE   745 AM EDT   SUNSET   653 PM EDT
OCTOBER 15 2014.......SUNRISE   746 AM EDT   SUNSET   651 PM EDT


-  INDICATES NEGATIVE NUMBERS.
R  INDICATES RECORD WAS SET OR TIED.
MM INDICATES DATA IS MISSING.
T  INDICATES TRACE AMOUNT.




$$
