999
CDUS43 KDTX 280555
CLIDTW


CLIMATE REPORT
NATIONAL WEATHER SERVICE DETROIT/PONTIAC MI
1255 AM EST THU JAN 28 2016


...................................

...THE DETROIT MI CLIMATE SUMMARY FOR JANUARY 27 2016...

CLIMATE NORMAL PERIOD 1981 TO 2010
CLIMATE RECORD PERIOD 1874 TO 2016


WEATHER ITEM   OBSERVED TIME   RECORD YEAR NORMAL DEPARTURE LAST
                VALUE   (LST)  VALUE       VALUE  FROM      YEAR
                                                  NORMAL
..................................................................
TEMPERATURE (F)
 YESTERDAY
  MAXIMUM         35   1140 AM  61    1916  32      3       29
  MINIMUM         27   1114 PM  -6    1936  19      8       11
  AVERAGE         31                        25      6       20

PRECIPITATION (IN)
  YESTERDAY        T             0.77 1944   0.06  -0.06     0.00
  MONTH TO DATE    1.18                      1.72  -0.54     1.40
  SINCE DEC 1      4.19                      4.18   0.01     2.81
  SINCE JAN 1      1.18                      1.72  -0.54     1.40

SNOWFALL (IN)
  YESTERDAY       MM             4.3  1951   0.4   MM        0.0
  MONTH TO DATE    8.2                      10.9   -2.7     13.3
  SINCE DEC 1      9.5                      20.5  -11.0     13.4
  SINCE JUL 1     15.7                      22.1   -6.4     17.4
  SNOW DEPTH       0

DEGREE DAYS
 HEATING
  YESTERDAY       34                        40     -6       45
  MONTH TO DATE 1025                      1070    -45     1183
  SINCE DEC 1   1757                      2152   -395     2150
  SINCE JUL 1   2677                      3367   -690     3527

 COOLING
  YESTERDAY        0                         0      0        0
  MONTH TO DATE    0                         0      0        0
  SINCE DEC 1      0                         0      0        0
  SINCE JAN 1      0                         0      0        0
..................................................................


WIND (MPH)
  HIGHEST WIND SPEED    25   HIGHEST WIND DIRECTION     S (190)
  HIGHEST GUST SPEED    33   HIGHEST GUST DIRECTION     S (200)
  AVERAGE WIND SPEED    13.8


SKY COVER
  POSSIBLE SUNSHINE  MM
  AVERAGE SKY COVER 1.0


WEATHER CONDITIONS
 THE FOLLOWING WEATHER WAS RECORDED YESTERDAY.
  LIGHT SNOW
  FOG


RELATIVE HUMIDITY (PERCENT)
 HIGHEST    85           300 AM
 LOWEST     58           700 PM
 AVERAGE    72

..........................................................


THE DETROIT MI CLIMATE NORMALS FOR TODAY
                         NORMAL    RECORD    YEAR
 MAXIMUM TEMPERATURE (F)   32        57      2002
 MINIMUM TEMPERATURE (F)   19       -10      2014


SUNRISE AND SUNSET
JANUARY 28 2016.......SUNRISE   751 AM EST   SUNSET   542 PM EST
JANUARY 29 2016.......SUNRISE   750 AM EST   SUNSET   543 PM EST


-  INDICATES NEGATIVE NUMBERS.
R  INDICATES RECORD WAS SET OR TIED.
MM INDICATES DATA IS MISSING.
T  INDICATES TRACE AMOUNT.




$$
