000
CDUS43 KDTX 110542
CLIDTW


CLIMATE REPORT
NATIONAL WEATHER SERVICE DETROIT/PONTIAC MI
1242 AM EST SAT MAR 11 2017


...................................

...THE DETROIT MI CLIMATE SUMMARY FOR MARCH 10 2017...

CLIMATE NORMAL PERIOD 1981 TO 2010
CLIMATE RECORD PERIOD 1874 TO 2017


WEATHER ITEM   OBSERVED TIME   RECORD YEAR NORMAL DEPARTURE LAST
                VALUE   (LST)  VALUE       VALUE  FROM      YEAR
                                                  NORMAL
..................................................................
TEMPERATURE (F)
 YESTERDAY
  MAXIMUM         36    201 AM  70    1925  43     -7       59
  MINIMUM         17   1159 PM   4    1877  27    -10       46
  AVERAGE         27                        35     -8       53

PRECIPITATION (IN)
  YESTERDAY        0.00          0.97 2009   0.07  -0.07     0.05
  MONTH TO DATE    1.03                      0.71   0.32     0.61
  SINCE MAR 1      1.03                      0.71   0.32     0.61
  SINCE JAN 1      5.76                      4.69   1.07     3.97

SNOWFALL (IN)
  YESTERDAY        0.0           7.5  1993   0.2   -0.2      0.0
  MONTH TO DATE    0.3                       2.9   -2.6      7.4
  SINCE MAR 1      0.3                       2.9   -2.6      7.4
  SINCE JUL 1     31.2                      36.8   -5.6     34.0
  SNOW DEPTH       0

DEGREE DAYS
 HEATING
  YESTERDAY       38                        30      8       12
  MONTH TO DATE  282                       318    -36      257
  SINCE MAR 1    282                       318    -36      257
  SINCE JUL 1   4020                      4871   -851     4022

 COOLING
  YESTERDAY        0                         0      0        0
  MONTH TO DATE    0                         0      0        0
  SINCE MAR 1      0                         0      0        0
  SINCE JAN 1      0                         0      0        0
..................................................................


WIND (MPH)
  HIGHEST WIND SPEED    26   HIGHEST WIND DIRECTION    NW (310)
  HIGHEST GUST SPEED    35   HIGHEST GUST DIRECTION     W (280)
  AVERAGE WIND SPEED    14.9


SKY COVER
  POSSIBLE SUNSHINE  MM
  AVERAGE SKY COVER 0.6


WEATHER CONDITIONS
 THE FOLLOWING WEATHER WAS RECORDED YESTERDAY.
  NO SIGNIFICANT WEATHER WAS OBSERVED.


RELATIVE HUMIDITY (PERCENT)
 HIGHEST    75          1200 AM
 LOWEST     28           400 PM
 AVERAGE    52

..........................................................


THE DETROIT MI CLIMATE NORMALS FOR TODAY
                         NORMAL    RECORD    YEAR
 MAXIMUM TEMPERATURE (F)   44        72      1977
 MINIMUM TEMPERATURE (F)   27         7      1960
                                             1948


SUNRISE AND SUNSET
MARCH 11 2017.........SUNRISE   652 AM EST   SUNSET   636 PM EST
MARCH 12 2017.........SUNRISE   750 AM EDT   SUNSET   737 PM EDT


-  INDICATES NEGATIVE NUMBERS.
R  INDICATES RECORD WAS SET OR TIED.
MM INDICATES DATA IS MISSING.
T  INDICATES TRACE AMOUNT.




$$
