000
CDUS43 KDTX 140538
CLIDTW


CLIMATE REPORT
NATIONAL WEATHER SERVICE DETROIT/PONTIAC MI
138 AM EDT THU MAY 14 2015


...................................

...THE DETROIT MI CLIMATE SUMMARY FOR MAY 13 2015...

CLIMATE NORMAL PERIOD 1981 TO 2010
CLIMATE RECORD PERIOD 1874 TO 2015


WEATHER ITEM   OBSERVED TIME   RECORD YEAR NORMAL DEPARTURE LAST
                VALUE   (LST)  VALUE       VALUE  FROM      YEAR
                                                  NORMAL
..................................................................
TEMPERATURE (F)
 YESTERDAY
  MAXIMUM         55    714 PM  89    1977  69    -14       88
  MINIMUM         44    608 AM  30    2013  48     -4       64
                                      1971
  AVERAGE         50                        59     -9       76

PRECIPITATION (IN)
  YESTERDAY        0.01          1.48 1991   0.11  -0.10     0.65
  MONTH TO DATE    2.39                      1.33   1.06     2.36
  SINCE MAR 1      5.80                      6.51  -0.71     6.42
  SINCE JAN 1      8.60                     10.49  -1.89    12.16

SNOWFALL (IN)
  YESTERDAY        0.0           1.5  1912   0.0    0.0      0.0
  MONTH TO DATE    0.0                       0.0    0.0      0.0
  SINCE MAR 1      2.8                       8.6   -5.8     15.7
  SINCE JUL 1     47.5                      42.5    5.0     94.9
  SNOW DEPTH       0

DEGREE DAYS
 HEATING
  YESTERDAY       15                         7      8        0
  MONTH TO DATE   38                       116    -78       94
  SINCE MAR 1   1416                      1457    -41     1686
  SINCE JUL 1   6527                      6010    517     6936

 COOLING
  YESTERDAY        0                         1     -1       11
  MONTH TO DATE   37                         8     29       25
  SINCE MAR 1     37                        14     23       25
  SINCE JAN 1     37                        14     23       25
..................................................................


WIND (MPH)
  HIGHEST WIND SPEED    23   HIGHEST WIND DIRECTION    SW (240)
  HIGHEST GUST SPEED    MM   HIGHEST GUST DIRECTION    SW (220)
  AVERAGE WIND SPEED     7.5


SKY COVER
  POSSIBLE SUNSHINE  MM
  AVERAGE SKY COVER 0.8


WEATHER CONDITIONS
 THE FOLLOWING WEATHER WAS RECORDED YESTERDAY.
  LIGHT RAIN


RELATIVE HUMIDITY (PERCENT)
 HIGHEST    71          1200 AM
 LOWEST     50           800 PM
 AVERAGE    61

..........................................................


THE DETROIT MI CLIMATE NORMALS FOR TODAY
                         NORMAL    RECORD    YEAR
 MAXIMUM TEMPERATURE (F)   69        91      1962
 MINIMUM TEMPERATURE (F)   49        34      1984
                                             1910


SUNRISE AND SUNSET
MAY 14 2015...........SUNRISE   614 AM EDT   SUNSET   846 PM EDT
MAY 15 2015...........SUNRISE   613 AM EDT   SUNSET   847 PM EDT


-  INDICATES NEGATIVE NUMBERS.
R  INDICATES RECORD WAS SET OR TIED.
MM INDICATES DATA IS MISSING.
T  INDICATES TRACE AMOUNT.




$$
