785
CDUS43 KDTX 132045
CLIDTW


CLIMATE REPORT
NATIONAL WEATHER SERVICE DETROIT/PONTIAC MI
445 PM EDT THU APR 13 2017


...................................

...THE DETROIT MI CLIMATE SUMMARY FOR APRIL 13 2017...
VALID TODAY AS OF 0400 PM LOCAL TIME.

CLIMATE NORMAL PERIOD 1981 TO 2010
CLIMATE RECORD PERIOD 1874 TO 2017


WEATHER ITEM   OBSERVED TIME   RECORD YEAR NORMAL DEPARTURE LAST
                VALUE   (LST)  VALUE       VALUE  FROM      YEAR
                                                  NORMAL
..................................................................
TEMPERATURE (F)
 TODAY
  MAXIMUM         53   1251 PM  87    1977  58     -5       50
                                      1941
  MINIMUM         44    655 AM  19    1950  39      5       34
  AVERAGE         49                        48      1       42

PRECIPITATION (IN)
  TODAY            T             1.52 1979   0.10  -0.10     0.00
  MONTH TO DATE    1.85                      1.24   0.61     0.84
  SINCE MAR 1      6.11                      3.52   2.59     5.70
  SINCE JAN 1     10.84                      7.50   3.34     9.06

SNOWFALL (IN)
  TODAY            0.0           2.5  1940   0.1   -0.1      0.0
  MONTH TO DATE    0.1                       1.2   -1.1      1.3
  SINCE MAR 1      7.0                       8.1   -1.1      8.7
  SINCE JUL 1     37.9                      42.0   -4.1     35.3
  SNOW DEPTH       0

DEGREE DAYS
 HEATING
  TODAY           16                        17     -1       23
  MONTH TO DATE  185                       248    -63      350
  SINCE MAR 1   1050                      1110    -60     1020
  SINCE JUL 1   4788                      5663   -875     4785

 COOLING
  TODAY            0                         0      0        0
  MONTH TO DATE    3                         0      3        0
  SINCE MAR 1      3                         0      3        0
  SINCE JAN 1      3                         0      3        0
..................................................................


WIND (MPH)
  HIGHEST WIND SPEED    15   HIGHEST WIND DIRECTION     E (70)
  HIGHEST GUST SPEED    22   HIGHEST GUST DIRECTION    NE (50)
  AVERAGE WIND SPEED     8.2


SKY COVER
  POSSIBLE SUNSHINE  MM
  AVERAGE SKY COVER 0.9


WEATHER CONDITIONS
 THE FOLLOWING WEATHER WAS RECORDED TODAY.
  LIGHT RAIN


RELATIVE HUMIDITY (PERCENT)
 HIGHEST    76           400 AM
 LOWEST     44           200 PM
 AVERAGE    60

..........................................................


THE DETROIT MI CLIMATE NORMALS FOR TOMORROW
                         NORMAL    RECORD    YEAR
 MAXIMUM TEMPERATURE (F)   59        81      2006
                                             1941
 MINIMUM TEMPERATURE (F)   39        20      1950


SUNRISE AND SUNSET
APRIL 13 2017.........SUNRISE   655 AM EDT   SUNSET   813 PM EDT
APRIL 14 2017.........SUNRISE   654 AM EDT   SUNSET   814 PM EDT


-  INDICATES NEGATIVE NUMBERS.
R  INDICATES RECORD WAS SET OR TIED.
MM INDICATES DATA IS MISSING.
T  INDICATES TRACE AMOUNT.




$$
