000
CDUS43 KDTX 240540
CLIDTW


CLIMATE REPORT
NATIONAL WEATHER SERVICE DETROIT/PONTIAC MI
1240 AM EST TUE FEB 24 2015


...................................

...THE DETROIT MI CLIMATE SUMMARY FOR FEBRUARY 23 2015...

CLIMATE NORMAL PERIOD 1981 TO 2010
CLIMATE RECORD PERIOD 1874 TO 2015


WEATHER ITEM   OBSERVED TIME   RECORD YEAR NORMAL DEPARTURE LAST
                VALUE   (LST)  VALUE       VALUE  FROM      YEAR
                                                  NORMAL
..................................................................
TEMPERATURE (F)
 YESTERDAY
  MAXIMUM         12    307 PM  64    1984  37    -25       33
  MINIMUM         -5    733 AM  -8    1889  22    -27       20
  AVERAGE          4                        30    -26       27

PRECIPITATION (IN)
  YESTERDAY        0.00          1.47 1985   0.08  -0.08     0.00
  MONTH TO DATE    1.32                      1.63  -0.31     2.81
  SINCE DEC 1      4.18                      6.05  -1.87     8.15
  SINCE JAN 1      2.77                      3.59  -0.82     5.73

SNOWFALL (IN)
  YESTERDAY        0.0           2.5  1962   0.4   -0.4      0.0
  MONTH TO DATE   25.8                       8.5   17.3     22.7
  SINCE DEC 1     40.1                      30.6    9.5     77.3
  SINCE JUL 1     44.1                      32.2   11.9     78.5
  SNOW DEPTH      12

DEGREE DAYS
 HEATING
  YESTERDAY       61                        35     26       38
  MONTH TO DATE 1151                       861    290     1019
  SINCE DEC 1   3467                      3166    301     3695
  SINCE JUL 1   4844                      4381    463     4997

 COOLING
  YESTERDAY        0                         0      0        0
  MONTH TO DATE    0                         0      0        0
  SINCE DEC 1      0                         0      0        0
  SINCE JAN 1      0                         0      0        0
..................................................................


WIND (MPH)
  HIGHEST WIND SPEED    18   HIGHEST WIND DIRECTION     S (180)
  HIGHEST GUST SPEED    23   HIGHEST GUST DIRECTION    NW (330)
  AVERAGE WIND SPEED     8.4


SKY COVER
  POSSIBLE SUNSHINE  MM
  AVERAGE SKY COVER 0.1


WEATHER CONDITIONS
 THE FOLLOWING WEATHER WAS RECORDED YESTERDAY.
  NO SIGNIFICANT WEATHER WAS OBSERVED.


RELATIVE HUMIDITY (PERCENT)
 HIGHEST    69          1000 PM
 LOWEST     46           200 PM
 AVERAGE    58

..........................................................


THE DETROIT MI CLIMATE NORMALS FOR TODAY
                         NORMAL    RECORD    YEAR
 MAXIMUM TEMPERATURE (F)   38        59      1976
 MINIMUM TEMPERATURE (F)   23       -11      1894


SUNRISE AND SUNSET
FEBRUARY 24 2015......SUNRISE   717 AM EST   SUNSET   617 PM EST
FEBRUARY 25 2015......SUNRISE   715 AM EST   SUNSET   618 PM EST


-  INDICATES NEGATIVE NUMBERS.
R  INDICATES RECORD WAS SET OR TIED.
MM INDICATES DATA IS MISSING.
T  INDICATES TRACE AMOUNT.




$$
