000
CDUS43 KDTX 172032
CLIDTW


CLIMATE REPORT
NATIONAL WEATHER SERVICE DETROIT/PONTIAC MI
432 PM EDT TUE MAY 17 2016


...................................

...THE DETROIT MI CLIMATE SUMMARY FOR MAY 17 2016...
VALID TODAY AS OF 0400 PM LOCAL TIME.

CLIMATE NORMAL PERIOD 1981 TO 2010
CLIMATE RECORD PERIOD 1874 TO 2016


WEATHER ITEM   OBSERVED TIME   RECORD YEAR NORMAL DEPARTURE LAST
                VALUE   (LST)  VALUE       VALUE  FROM      YEAR
                                                  NORMAL
..................................................................
TEMPERATURE (F)
 TODAY
  MAXIMUM         63    259 PM  93    1962  70     -7       81
  MINIMUM         53    523 AM  31    1973  50      3       63
  AVERAGE         58                        60     -2       72

PRECIPITATION (IN)
  TODAY            T             1.22 1980   0.11  -0.11     0.04
  MONTH TO DATE    2.03                      1.76   0.27     2.67
  SINCE MAR 1      9.20                      6.94   2.26     6.08
  SINCE JAN 1     12.56                     10.92   1.64     8.88

SNOWFALL (IN)
  TODAY            0.0           T    1991   0.0    0.0      0.0
  MONTH TO DATE    T                         0.0    0.0      0.0
  SINCE MAR 1      8.7                       8.6    0.1      2.8
  SINCE JUL 1     35.3                      42.5   -7.2     47.5
  SNOW DEPTH       0

DEGREE DAYS
 HEATING
  TODAY            7                         6      1        0
  MONTH TO DATE  162                       143     19       52
  SINCE MAR 1   1386                      1484    -98     1430
  SINCE JUL 1   5151                      6037   -886     6541

 COOLING
  TODAY            0                         1     -1        7
  MONTH TO DATE    2                        12    -10       51
  SINCE MAR 1      2                        18    -16       51
  SINCE JAN 1      2                        18    -16       51
..................................................................


WIND (MPH)
  HIGHEST WIND SPEED    13   HIGHEST WIND DIRECTION    NE (50)
  HIGHEST GUST SPEED    17   HIGHEST GUST DIRECTION    NE (50)
  AVERAGE WIND SPEED     6.2


SKY COVER
  POSSIBLE SUNSHINE  MM
  AVERAGE SKY COVER 1.0


WEATHER CONDITIONS
 THE FOLLOWING WEATHER WAS RECORDED TODAY.
  LIGHT RAIN
  HAZE


RELATIVE HUMIDITY (PERCENT)
 HIGHEST    89           700 AM
 LOWEST     43           200 PM
 AVERAGE    66

..........................................................


THE DETROIT MI CLIMATE NORMALS FOR TOMORROW
                         NORMAL    RECORD    YEAR
 MAXIMUM TEMPERATURE (F)   71        93      1962
 MINIMUM TEMPERATURE (F)   50        32      1973


SUNRISE AND SUNSET
MAY 17 2016...........SUNRISE   610 AM EDT   SUNSET   850 PM EDT
MAY 18 2016...........SUNRISE   609 AM EDT   SUNSET   851 PM EDT


-  INDICATES NEGATIVE NUMBERS.
R  INDICATES RECORD WAS SET OR TIED.
MM INDICATES DATA IS MISSING.
T  INDICATES TRACE AMOUNT.




$$
