000
CDUS43 KDTX 080536
CLIDTW


CLIMATE REPORT
NATIONAL WEATHER SERVICE DETROIT/PONTIAC MI
1236 AM EST SAT NOV 8 2014


...................................

...THE DETROIT MI CLIMATE SUMMARY FOR NOVEMBER 7 2014...

CLIMATE NORMAL PERIOD 1981 TO 2010
CLIMATE RECORD PERIOD 1874 TO 2014


WEATHER ITEM   OBSERVED TIME   RECORD YEAR NORMAL DEPARTURE LAST
                VALUE   (LST)  VALUE       VALUE  FROM      YEAR
                                                  NORMAL
..................................................................
TEMPERATURE (F)
 YESTERDAY
  MAXIMUM         44    324 PM  70    1916  53     -9       45
  MINIMUM         33    714 AM  20    1991  37     -4       36
                                      1984
                                      1973
  AVERAGE         39                        45     -6       41

PRECIPITATION (IN)
  YESTERDAY        0.00          1.33 1996   0.09  -0.09     0.02
  MONTH TO DATE    0.12                      0.63  -0.51     0.22
  SINCE SEP 1      7.19                      6.42   0.77     4.90
  SINCE JAN 1     34.61                     28.85   5.76    35.88

SNOWFALL (IN)
  YESTERDAY        0.0           1.6  1953   0.0    0.0      0.0
  MONTH TO DATE    0.0                       0.1   -0.1      0.0
  SINCE SEP 1      T                         0.2   -0.2       T
  SINCE JUL 1      T                         0.2   -0.2       T
  SNOW DEPTH       0

DEGREE DAYS
 HEATING
  YESTERDAY       26                        20      6       24
  MONTH TO DATE  152                       133     19      139
  SINCE SEP 1    651                       634     17      612
  SINCE JUL 1    664                       644     20      624

 COOLING
  YESTERDAY        0                         0      0        0
  MONTH TO DATE    0                         0      0        0
  SINCE SEP 1     72                        92    -20       98
  SINCE JAN 1    704                       803    -99      891
..................................................................


WIND (MPH)
  HIGHEST WIND SPEED    25   HIGHEST WIND DIRECTION    NW (310)
  HIGHEST GUST SPEED    31   HIGHEST GUST DIRECTION    NW (300)
  AVERAGE WIND SPEED     8.6


SKY COVER
  POSSIBLE SUNSHINE  MM
  AVERAGE SKY COVER 0.8


WEATHER CONDITIONS
 THE FOLLOWING WEATHER WAS RECORDED YESTERDAY.
  NO SIGNIFICANT WEATHER WAS OBSERVED.


RELATIVE HUMIDITY (PERCENT)
 HIGHEST    79          1200 AM
 LOWEST     41           600 PM
 AVERAGE    60

..........................................................


THE DETROIT MI CLIMATE NORMALS FOR TODAY
                         NORMAL    RECORD    YEAR
 MAXIMUM TEMPERATURE (F)   53        71      1915
 MINIMUM TEMPERATURE (F)   37        14      1991


SUNRISE AND SUNSET
NOVEMBER  8 2014......SUNRISE   715 AM EST   SUNSET   519 PM EST
NOVEMBER  9 2014......SUNRISE   716 AM EST   SUNSET   518 PM EST


-  INDICATES NEGATIVE NUMBERS.
R  INDICATES RECORD WAS SET OR TIED.
MM INDICATES DATA IS MISSING.
T  INDICATES TRACE AMOUNT.




$$
