000
CDUS43 KDTX 150614
CLIDTW


CLIMATE REPORT
NATIONAL WEATHER SERVICE DETROIT/PONTIAC MI
114 AM EST WED NOV 15 2017


...................................

...THE DETROIT MI CLIMATE SUMMARY FOR NOVEMBER 14 2017...

CLIMATE NORMAL PERIOD 1981 TO 2010
CLIMATE RECORD PERIOD 1874 TO 2017


WEATHER ITEM   OBSERVED TIME   RECORD YEAR NORMAL DEPARTURE LAST
                VALUE   (LST)  VALUE       VALUE  FROM      YEAR
                                                  NORMAL
..................................................................
TEMPERATURE (F)
 YESTERDAY
  MAXIMUM         47    306 PM  70    1909  50     -3       57
  MINIMUM         34    202 AM  13    1986  35     -1       31
  AVERAGE         41                        42     -1       44

PRECIPITATION (IN)
  YESTERDAY        0.00          1.07 1957   0.10  -0.10     0.00
  MONTH TO DATE    2.43                      1.28   1.15     1.01
  SINCE SEP 1      6.18                      7.07  -0.89    10.27
  SINCE JAN 1     31.48                     29.50   1.98    31.49

SNOWFALL (IN)
  YESTERDAY        0.0           3.0  1933   0.0    0.0      0.0
  MONTH TO DATE    T                         0.3   -0.3      0.0
  SINCE SEP 1      T                         0.4   -0.4      0.0
  SINCE JUL 1      T                         0.4   -0.4      0.0
  SNOW DEPTH       0

DEGREE DAYS
 HEATING
  YESTERDAY       24                        23      1       21
  MONTH TO DATE  333                       284     49      195
  SINCE SEP 1    662                       785   -123      522
  SINCE JUL 1    666                       795   -129      522

 COOLING
  YESTERDAY        0                         0      0        0
  MONTH TO DATE    0                         0      0        0
  SINCE SEP 1    168                        92     76      154
  SINCE JAN 1    918                       803    115     1177
..................................................................


WIND (MPH)
  HIGHEST WIND SPEED    10   HIGHEST WIND DIRECTION    SW (220)
  HIGHEST GUST SPEED    14   HIGHEST GUST DIRECTION    SE (130)
  AVERAGE WIND SPEED     5.6


SKY COVER
  POSSIBLE SUNSHINE  MM
  AVERAGE SKY COVER 0.8


WEATHER CONDITIONS
 THE FOLLOWING WEATHER WAS RECORDED YESTERDAY.
  FOG
  HAZE


RELATIVE HUMIDITY (PERCENT)
 HIGHEST    96           200 AM
 LOWEST     60          1200 PM
 AVERAGE    78

..........................................................


THE DETROIT MI CLIMATE NORMALS FOR TODAY
                         NORMAL    RECORD    YEAR
 MAXIMUM TEMPERATURE (F)   49        71      1928
 MINIMUM TEMPERATURE (F)   35        10      1933


SUNRISE AND SUNSET
NOVEMBER 15 2017......SUNRISE   724 AM EST   SUNSET   511 PM EST
NOVEMBER 16 2017......SUNRISE   725 AM EST   SUNSET   511 PM EST


-  INDICATES NEGATIVE NUMBERS.
R  INDICATES RECORD WAS SET OR TIED.
MM INDICATES DATA IS MISSING.
T  INDICATES TRACE AMOUNT.




$$
