453
CDUS43 KDTX 042038
CLIDTW


CLIMATE REPORT
NATIONAL WEATHER SERVICE DETROIT/PONTIAC MI
435 PM EDT WED MAY 4 2016


...................................

...THE DETROIT MI CLIMATE SUMMARY FOR MAY 4 2016...
VALID TODAY AS OF 0400 PM LOCAL TIME.

CLIMATE NORMAL PERIOD 1981 TO 2010
CLIMATE RECORD PERIOD 1874 TO 2016


WEATHER ITEM   OBSERVED TIME   RECORD YEAR NORMAL DEPARTURE LAST
                VALUE   (LST)  VALUE       VALUE  FROM      YEAR
                                                  NORMAL
..................................................................
TEMPERATURE (F)
 TODAY
  MAXIMUM         61   1014 AM  89    1949  66     -5       77
  MINIMUM         49    247 AM  28    1966  46      3       61
  AVERAGE         55                        56     -1       69

PRECIPITATION (IN)
  TODAY            0.10          1.05 1990   0.11  -0.01     0.10
  MONTH TO DATE    0.55                      0.42   0.13     0.10
  SINCE MAR 1      7.72                      5.60   2.12     3.51
  SINCE JAN 1     11.08                      9.58   1.50     6.31

SNOWFALL (IN)
  TODAY            0.0           0.2  1907   0.0    0.0      0.0
  MONTH TO DATE    0.0                       0.0    0.0      0.0
  SINCE MAR 1      8.7                       8.6    0.1      2.8
  SINCE JUL 1     35.3                      42.5   -7.2     47.5
  SNOW DEPTH       0

DEGREE DAYS
 HEATING
  TODAY           10                        10      0        0
  MONTH TO DATE   50                        41      9        5
  SINCE MAR 1   1274                      1382   -108     1383
  SINCE JUL 1   5039                      5935   -896     6494

 COOLING
  TODAY            0                         0      0        4
  MONTH TO DATE    0                         0      0        6
  SINCE MAR 1      0                         6     -6        6
  SINCE JAN 1      0                         6     -6        6
..................................................................


WIND (MPH)
  HIGHEST WIND SPEED    20   HIGHEST WIND DIRECTION    SE (150)
  HIGHEST GUST SPEED    25   HIGHEST GUST DIRECTION    SE (120)
  AVERAGE WIND SPEED     6.9


SKY COVER
  POSSIBLE SUNSHINE  MM
  AVERAGE SKY COVER 0.9


WEATHER CONDITIONS
 THE FOLLOWING WEATHER WAS RECORDED TODAY.
  LIGHT RAIN
  HAZE


RELATIVE HUMIDITY (PERCENT)
 HIGHEST    80           200 AM
 LOWEST     67          1000 AM
 AVERAGE    74

..........................................................


THE DETROIT MI CLIMATE NORMALS FOR TOMORROW
                         NORMAL    RECORD    YEAR
 MAXIMUM TEMPERATURE (F)   67        90      1895
 MINIMUM TEMPERATURE (F)   46        29      1891


SUNRISE AND SUNSET
MAY  4 2016...........SUNRISE   624 AM EDT   SUNSET   837 PM EDT
MAY  5 2016...........SUNRISE   623 AM EDT   SUNSET   838 PM EDT


-  INDICATES NEGATIVE NUMBERS.
R  INDICATES RECORD WAS SET OR TIED.
MM INDICATES DATA IS MISSING.
T  INDICATES TRACE AMOUNT.




$$
