844
CDUS43 KDTX 170536
CLIDTW


CLIMATE REPORT
NATIONAL WEATHER SERVICE DETROIT/PONTIAC MI
136 AM EDT SUN JUL 17 2016


...................................

...THE DETROIT MI CLIMATE SUMMARY FOR JULY 16 2016...

CLIMATE NORMAL PERIOD 1981 TO 2010
CLIMATE RECORD PERIOD 1874 TO 2016


WEATHER ITEM   OBSERVED TIME   RECORD YEAR NORMAL DEPARTURE LAST
                VALUE   (LST)  VALUE       VALUE  FROM      YEAR
                                                  NORMAL
..................................................................
TEMPERATURE (F)
 YESTERDAY
  MAXIMUM         77    319 PM 102    1988  84     -7       76
  MINIMUM         65   1159 PM  49    1945  64      1       54
  AVERAGE         71                        74     -3       65

PRECIPITATION (IN)
  YESTERDAY        0.01          0.93 1988   0.11  -0.10     0.00
  MONTH TO DATE    1.33                      1.65  -0.32     0.93
  SINCE JUN 1      2.63                      5.17  -2.54     6.25
  SINCE JAN 1     15.36                     17.71  -2.35    17.99

SNOWFALL (IN)
  YESTERDAY        0.0           0.0    MM   0.0    0.0      0.0
  MONTH TO DATE    0.0                       0.0    0.0      0.0
  SINCE JUN 1      0.0                       0.0    0.0      0.0
  SINCE JUL 1      0.0                       0.0    0.0      0.0
  SNOW DEPTH       0

DEGREE DAYS
 HEATING
  YESTERDAY        0                         0      0        0
  MONTH TO DATE    0                         0      0        3
  SINCE JUN 1     14                        35    -21       25
  SINCE JUL 1      0                         0      0        3

 COOLING
  YESTERDAY        6                         9     -3        0
  MONTH TO DATE  161                       141     20       73
  SINCE JUN 1    364                       308     56      213
  SINCE JAN 1    442                       356     86      317
..................................................................


WIND (MPH)
  HIGHEST WIND SPEED    10   HIGHEST WIND DIRECTION    NE (30)
  HIGHEST GUST SPEED    14   HIGHEST GUST DIRECTION     N (10)
  AVERAGE WIND SPEED     4.7


SKY COVER
  POSSIBLE SUNSHINE  MM
  AVERAGE SKY COVER 0.9


WEATHER CONDITIONS
 THE FOLLOWING WEATHER WAS RECORDED YESTERDAY.
  LIGHT RAIN
  FOG
  HAZE


RELATIVE HUMIDITY (PERCENT)
 HIGHEST    84           500 AM
 LOWEST     57           200 PM
 AVERAGE    71

..........................................................


THE DETROIT MI CLIMATE NORMALS FOR TODAY
                         NORMAL    RECORD    YEAR
 MAXIMUM TEMPERATURE (F)   84       102      2012
 MINIMUM TEMPERATURE (F)   64        46      1978


SUNRISE AND SUNSET
JULY 17 2016..........SUNRISE   612 AM EDT   SUNSET   906 PM EDT
JULY 18 2016..........SUNRISE   613 AM EDT   SUNSET   905 PM EDT


-  INDICATES NEGATIVE NUMBERS.
R  INDICATES RECORD WAS SET OR TIED.
MM INDICATES DATA IS MISSING.
T  INDICATES TRACE AMOUNT.




$$
