000
CDUS43 KDTX 181345 CCA
CLIDTW

CLIMATE REPORT...CORRECTED SNOW DEPTH
NATIONAL WEATHER SERVICE DETROIT/PONTIAC MI
1237 AM EST TUE NOV 18 2014


...................................

...THE DETROIT MI CLIMATE SUMMARY FOR NOVEMBER 17 2014...

CLIMATE NORMAL PERIOD 1981 TO 2010
CLIMATE RECORD PERIOD 1874 TO 2014


WEATHER ITEM   OBSERVED TIME   RECORD YEAR NORMAL DEPARTURE LAST
                VALUE   (LST)  VALUE       VALUE  FROM      YEAR
                                                  NORMAL
..................................................................
TEMPERATURE (F)
 YESTERDAY
  MAXIMUM         31    119 PM  70    1953  48    -17       64
  MINIMUM         15   1159 PM  13    1959  34    -19       48
  AVERAGE         23                        41    -18       56

PRECIPITATION (IN)
  YESTERDAY        0.01          1.46 1890   0.09  -0.08     0.99
  MONTH TO DATE    0.26                      1.57  -1.31     1.39
  SINCE SEP 1      7.33                      7.36  -0.03     6.07
  SINCE JAN 1     34.75                     29.79   4.96    37.05

SNOWFALL (IN)
  YESTERDAY        0.2           4.4  1920   0.0    0.2      0.0
  MONTH TO DATE    1.6                       0.4    1.2      0.5
  SINCE SEP 1      1.6                       0.5    1.1      0.5
  SINCE JUL 1      1.6                       0.5    1.1      0.5
  SNOW DEPTH       1

DEGREE DAYS
 HEATING
  YESTERDAY       42                        24     18        9
  MONTH TO DATE  445                       355     90      380
  SINCE SEP 1    944                       856     88      853
  SINCE JUL 1    957                       866     91      865

 COOLING
  YESTERDAY        0                         0      0        0
  MONTH TO DATE    0                         0      0        0
  SINCE SEP 1     72                        92    -20       98
  SINCE JAN 1    704                       803    -99      891
..................................................................


WIND (MPH)
  HIGHEST WIND SPEED    26   HIGHEST WIND DIRECTION    SW (230)
  HIGHEST GUST SPEED    35   HIGHEST GUST DIRECTION    SW (240)
  AVERAGE WIND SPEED    12.1


SKY COVER
  POSSIBLE SUNSHINE  MM
  AVERAGE SKY COVER 0.9


WEATHER CONDITIONS
 THE FOLLOWING WEATHER WAS RECORDED YESTERDAY.
  LIGHT SNOW
  FOG
  HAZE


RELATIVE HUMIDITY (PERCENT)
 HIGHEST   100           400 AM
 LOWEST     57           300 PM
 AVERAGE    79

..........................................................


THE DETROIT MI CLIMATE NORMALS FOR TODAY
                         NORMAL    RECORD    YEAR
 MAXIMUM TEMPERATURE (F)   48        69      1941
 MINIMUM TEMPERATURE (F)   34        11      1880


SUNRISE AND SUNSET
NOVEMBER 18 2014......SUNRISE   727 AM EST   SUNSET   509 PM EST
NOVEMBER 19 2014......SUNRISE   729 AM EST   SUNSET   508 PM EST


-  INDICATES NEGATIVE NUMBERS.
R  INDICATES RECORD WAS SET OR TIED.
MM INDICATES DATA IS MISSING.
T  INDICATES TRACE AMOUNT.




$$
