000
CDUS43 KDTX 080552
CLIDTW


CLIMATE REPORT
NATIONAL WEATHER SERVICE DETROIT/PONTIAC MI
1252 AM EST MON DEC 8 2014


...................................

...THE DETROIT MI CLIMATE SUMMARY FOR DECEMBER 7 2014...

CLIMATE NORMAL PERIOD 1981 TO 2010
CLIMATE RECORD PERIOD 1874 TO 2014


WEATHER ITEM   OBSERVED TIME   RECORD YEAR NORMAL DEPARTURE LAST
                VALUE   (LST)  VALUE       VALUE  FROM      YEAR
                                                  NORMAL
..................................................................
TEMPERATURE (F)
 YESTERDAY
  MAXIMUM         35    302 PM  62    1951  39     -4       26
  MINIMUM         22    550 AM   1    1885  27     -5       16
  AVERAGE         29                        33     -4       21

PRECIPITATION (IN)
  YESTERDAY        0.00          1.47 1950   0.08  -0.08      T
  MONTH TO DATE    T                         0.58  -0.58     0.09
  SINCE DEC 1      T                         0.58  -0.58     0.09
  SINCE JAN 1     36.16                     31.59   4.57    37.57

SNOWFALL (IN)
  YESTERDAY        0.0           6.6  1994   0.2   -0.2       T
  MONTH TO DATE    T                         1.5   -1.5      0.1
  SINCE DEC 1      T                         1.5   -1.5      0.1
  SINCE JUL 1      4.0                       3.1    0.9      1.3
  SNOW DEPTH       0

DEGREE DAYS
 HEATING
  YESTERDAY       36                        32      4       44
  MONTH TO DATE  237                       218     19      212
  SINCE DEC 1    237                       218     19      212
  SINCE JUL 1   1614                      1433    181     1514

 COOLING
  YESTERDAY        0                         0      0        0
  MONTH TO DATE    0                         0      0        0
  SINCE DEC 1      0                         0      0        0
  SINCE JAN 1    704                       803    -99      891
..................................................................


WIND (MPH)
  HIGHEST WIND SPEED    10   HIGHEST WIND DIRECTION     E (90)
  HIGHEST GUST SPEED    14   HIGHEST GUST DIRECTION    NE (60)
  AVERAGE WIND SPEED     6.4


SKY COVER
  POSSIBLE SUNSHINE  MM
  AVERAGE SKY COVER 0.6


WEATHER CONDITIONS
 THE FOLLOWING WEATHER WAS RECORDED YESTERDAY.
  NO SIGNIFICANT WEATHER WAS OBSERVED.


RELATIVE HUMIDITY (PERCENT)
 HIGHEST    81           600 AM
 LOWEST     41          1200 PM
 AVERAGE    61

..........................................................


THE DETROIT MI CLIMATE NORMALS FOR TODAY
                         NORMAL    RECORD    YEAR
 MAXIMUM TEMPERATURE (F)   38        66      1966
 MINIMUM TEMPERATURE (F)   26         0      1977


SUNRISE AND SUNSET
DECEMBER  8 2014......SUNRISE   749 AM EST   SUNSET   501 PM EST
DECEMBER  9 2014......SUNRISE   750 AM EST   SUNSET   501 PM EST


-  INDICATES NEGATIVE NUMBERS.
R  INDICATES RECORD WAS SET OR TIED.
MM INDICATES DATA IS MISSING.
T  INDICATES TRACE AMOUNT.




$$
