000
CDUS43 KDTX 062035
CLIDTW


CLIMATE REPORT
NATIONAL WEATHER SERVICE DETROIT/PONTIAC MI
426 PM EDT SAT AUG 6 2016


...................................

...THE DETROIT MI CLIMATE SUMMARY FOR AUGUST 6 2016...
VALID TODAY AS OF 0400 PM LOCAL TIME.

CLIMATE NORMAL PERIOD 1981 TO 2010
CLIMATE RECORD PERIOD 1874 TO 2016


WEATHER ITEM   OBSERVED TIME   RECORD YEAR NORMAL DEPARTURE LAST
                VALUE   (LST)  VALUE       VALUE  FROM      YEAR
                                                  NORMAL
..................................................................
TEMPERATURE (F)
 TODAY
  MAXIMUM         87    234 PM 104    1918  82      5       77
  MINIMUM         65    604 AM  49    1971  64      1       60
  AVERAGE         76                        73      3       69

PRECIPITATION (IN)
  TODAY            0.00          2.51 1998   0.10  -0.10     0.00
  MONTH TO DATE    0.17                      0.65  -0.48     0.82
  SINCE JUN 1      3.04                      7.54  -4.50     7.90
  SINCE JAN 1     15.77                     20.08  -4.31    19.64

SNOWFALL (IN)
  TODAY            0.0           0.0    MM   0.0    0.0      0.0
  MONTH TO DATE    0.0                       0.0    0.0      0.0
  SINCE JUN 1      0.0                       0.0    0.0      0.0
  SINCE JUL 1      0.0                       0.0    0.0      0.0
  SNOW DEPTH       0

DEGREE DAYS
 HEATING
  TODAY            0                         0      0        0
  MONTH TO DATE    0                         0      0        0
  SINCE JUN 1     14                        37    -23       25
  SINCE JUL 1      0                         2     -2        3

 COOLING
  TODAY           11                         8      3        4
  MONTH TO DATE   81                        48     33       45
  SINCE JUN 1    654                       486    168      439
  SINCE JAN 1    732                       534    198      543
..................................................................


WIND (MPH)
  HIGHEST WIND SPEED    13   HIGHEST WIND DIRECTION    NW (310)
  HIGHEST GUST SPEED    18   HIGHEST GUST DIRECTION     W (290)
  AVERAGE WIND SPEED     5.9


SKY COVER
  POSSIBLE SUNSHINE  MM
  AVERAGE SKY COVER 0.4


WEATHER CONDITIONS
 THE FOLLOWING WEATHER WAS RECORDED TODAY.
  NO SIGNIFICANT WEATHER WAS OBSERVED.


RELATIVE HUMIDITY (PERCENT)
 HIGHEST    87           600 AM
 LOWEST     35           200 PM
 AVERAGE    61

..........................................................


THE DETROIT MI CLIMATE NORMALS FOR TOMORROW
                         NORMAL    RECORD    YEAR
 MAXIMUM TEMPERATURE (F)   82       100      1918
 MINIMUM TEMPERATURE (F)   64        47      1903


SUNRISE AND SUNSET
AUGUST  6 2016........SUNRISE   632 AM EDT   SUNSET   846 PM EDT
AUGUST  7 2016........SUNRISE   633 AM EDT   SUNSET   844 PM EDT


-  INDICATES NEGATIVE NUMBERS.
R  INDICATES RECORD WAS SET OR TIED.
MM INDICATES DATA IS MISSING.
T  INDICATES TRACE AMOUNT.




$$
