000
CDUS43 KDTX 112139
CLIDTW


CLIMATE REPORT
NATIONAL WEATHER SERVICE DETROIT/PONTIAC MI
438 PM EST THU DEC 11 2014


...................................

...THE DETROIT MI CLIMATE SUMMARY FOR DECEMBER 11 2014...
VALID TODAY AS OF 0400 PM LOCAL TIME.

CLIMATE NORMAL PERIOD 1981 TO 2010
CLIMATE RECORD PERIOD 1874 TO 2014


WEATHER ITEM   OBSERVED TIME   RECORD YEAR NORMAL DEPARTURE LAST
                VALUE   (LST)  VALUE       VALUE  FROM      YEAR
                                                  NORMAL
..................................................................
TEMPERATURE (F)
 TODAY
  MAXIMUM         40    309 PM  62    1931  37      3       24
  MINIMUM         20    727 AM  -9    1977  25     -5        8
  AVERAGE         30                        31     -1       16

PRECIPITATION (IN)
  TODAY            0.00          0.92 1899   0.08  -0.08     0.01
  MONTH TO DATE    0.14                      0.91  -0.77     0.17
  SINCE DEC 1      0.14                      0.91  -0.77     0.17
  SINCE JAN 1     36.30                     31.92   4.38    37.65

SNOWFALL (IN)
  TODAY            0.0           5.5  2000   0.3   -0.3      0.3
  MONTH TO DATE    T                         2.6   -2.6      1.3
  SINCE DEC 1      T                         2.6   -2.6      1.3
  SINCE JUL 1      4.0                       4.2   -0.2      2.5
  SNOW DEPTH       0

DEGREE DAYS
 HEATING
  TODAY           35                        34      1       49
  MONTH TO DATE  364                       351     13      391
  SINCE DEC 1    364                       351     13      391
  SINCE JUL 1   1741                      1566    175     1693

 COOLING
  TODAY            0                         0      0        0
  MONTH TO DATE    0                         0      0        0
  SINCE DEC 1      0                         0      0        0
  SINCE JAN 1    704                       803    -99      891
..................................................................


WIND (MPH)
  HIGHEST WIND SPEED    18   HIGHEST WIND DIRECTION     W (280)
  HIGHEST GUST SPEED    24   HIGHEST GUST DIRECTION     W (270)
  AVERAGE WIND SPEED    10.8


SKY COVER
  POSSIBLE SUNSHINE  MM
  AVERAGE SKY COVER 0.5


WEATHER CONDITIONS
 THE FOLLOWING WEATHER WAS RECORDED TODAY.
  NO SIGNIFICANT WEATHER WAS OBSERVED.


RELATIVE HUMIDITY (PERCENT)
 HIGHEST    81          1200 AM
 LOWEST     32           200 PM
 AVERAGE    57

..........................................................


THE DETROIT MI CLIMATE NORMALS FOR TOMORROW
                         NORMAL    RECORD    YEAR
 MAXIMUM TEMPERATURE (F)   37        61      1949
 MINIMUM TEMPERATURE (F)   25        -2      1988


SUNRISE AND SUNSET
DECEMBER 11 2014......SUNRISE   752 AM EST   SUNSET   501 PM EST
DECEMBER 12 2014......SUNRISE   753 AM EST   SUNSET   501 PM EST


-  INDICATES NEGATIVE NUMBERS.
R  INDICATES RECORD WAS SET OR TIED.
MM INDICATES DATA IS MISSING.
T  INDICATES TRACE AMOUNT.




$$
