000
CDUS43 KDTX 040543
CLIDTW


CLIMATE REPORT
NATIONAL WEATHER SERVICE DETROIT/PONTIAC MI
142 AM EDT MON SEP 4 2017


...................................

...THE DETROIT MI CLIMATE SUMMARY FOR SEPTEMBER 3 2017...

CLIMATE NORMAL PERIOD 1981 TO 2010
CLIMATE RECORD PERIOD 1874 TO 2017


WEATHER ITEM   OBSERVED TIME   RECORD YEAR NORMAL DEPARTURE LAST
                VALUE   (LST)  VALUE       VALUE  FROM      YEAR
                                                  NORMAL
..................................................................
TEMPERATURE (F)
 YESTERDAY
  MAXIMUM         78    506 PM 100    1953  79     -1       77
  MINIMUM         57    645 AM  43    1976  60     -3       55
                                      1946
  AVERAGE         68                        69     -1       66

PRECIPITATION (IN)
  YESTERDAY        T             3.21 1879   0.10  -0.10     0.00
  MONTH TO DATE    T                         0.32  -0.32     0.00
  SINCE SEP 1      T                         0.32  -0.32     0.00
  SINCE JAN 1     25.30                     22.75   2.55    21.22

SNOWFALL (IN)
  YESTERDAY        0.0           0.0    MM   0.0    0.0      0.0
  MONTH TO DATE    0.0                       0.0    0.0      0.0
  SINCE SEP 1      0.0                       0.0    0.0      0.0
  SINCE JUL 1      0.0                       0.0    0.0      0.0
  SNOW DEPTH       0

DEGREE DAYS
 HEATING
  YESTERDAY        0                         1     -1        0
  MONTH TO DATE    9                         3      6        0
  SINCE SEP 1      9                         3      6        0
  SINCE JUL 1     13                        13      0        0

 COOLING
  YESTERDAY        3                         5     -2        1
  MONTH TO DATE    3                        15    -12        5
  SINCE SEP 1      3                        15    -12        5
  SINCE JAN 1    753                       726     27     1028
..................................................................


WIND (MPH)
  HIGHEST WIND SPEED    20   HIGHEST WIND DIRECTION     W (280)
  HIGHEST GUST SPEED    24   HIGHEST GUST DIRECTION     W (290)
  AVERAGE WIND SPEED     9.2


SKY COVER
  POSSIBLE SUNSHINE  MM
  AVERAGE SKY COVER 0.6


WEATHER CONDITIONS
 THE FOLLOWING WEATHER WAS RECORDED YESTERDAY.
  NO SIGNIFICANT WEATHER WAS OBSERVED.


RELATIVE HUMIDITY (PERCENT)
 HIGHEST    90          1200 AM
 LOWEST     42           500 PM
 AVERAGE    66

..........................................................


THE DETROIT MI CLIMATE NORMALS FOR TODAY
                         NORMAL    RECORD    YEAR
 MAXIMUM TEMPERATURE (F)   78        92      1973
 MINIMUM TEMPERATURE (F)   59        40      1974


SUNRISE AND SUNSET
SEPTEMBER  4 2017.....SUNRISE   702 AM EDT   SUNSET   802 PM EDT
SEPTEMBER  5 2017.....SUNRISE   703 AM EDT   SUNSET   800 PM EDT


-  INDICATES NEGATIVE NUMBERS.
R  INDICATES RECORD WAS SET OR TIED.
MM INDICATES DATA IS MISSING.
T  INDICATES TRACE AMOUNT.




$$
