000
CDUS43 KDTX 170538
CLIDTW


CLIMATE REPORT
NATIONAL WEATHER SERVICE DETROIT/PONTIAC MI
138 AM EDT MON AUG 17 2015


...................................

...THE DETROIT MI CLIMATE SUMMARY FOR AUGUST 16 2015...

CLIMATE NORMAL PERIOD 1981 TO 2010
CLIMATE RECORD PERIOD 1874 TO 2015


WEATHER ITEM   OBSERVED TIME   RECORD YEAR NORMAL DEPARTURE LAST
                VALUE   (LST)  VALUE       VALUE  FROM      YEAR
                                                  NORMAL
..................................................................
TEMPERATURE (F)
 YESTERDAY
  MAXIMUM         89    306 PM  95    1936  82      7       83
                                      1922
  MINIMUM         68    636 AM  43    1979  63      5       52
  AVERAGE         79                        72      7       68

PRECIPITATION (IN)
  YESTERDAY        0.00          2.81 1974   0.10  -0.10      T
  MONTH TO DATE    1.24                      1.64  -0.40     5.00
  SINCE JUN 1      8.32                      8.53  -0.21    11.43
  SINCE JAN 1     20.06                     21.07  -1.01    26.10

SNOWFALL (IN)
  YESTERDAY        0.0           0.0    MM   0.0    0.0      0.0
  MONTH TO DATE    0.0                       0.0    0.0      0.0
  SINCE JUN 1      0.0                       0.0    0.0      0.0
  SINCE JUL 1      0.0                       0.0    0.0      0.0
  SNOW DEPTH       0

DEGREE DAYS
 HEATING
  YESTERDAY        0                         0      0        0
  MONTH TO DATE    0                         0      0        5
  SINCE JUN 1     25                        37    -12       25
  SINCE JUL 1      3                         2      1       13

 COOLING
  YESTERDAY       14                         7      7        3
  MONTH TO DATE  132                       127      5       83
  SINCE JUN 1    526                       565    -39      435
  SINCE JAN 1    630                       613     17      499
..................................................................


WIND (MPH)
  HIGHEST WIND SPEED    15   HIGHEST WIND DIRECTION     S (200)
  HIGHEST GUST SPEED    25   HIGHEST GUST DIRECTION    SW (210)
  AVERAGE WIND SPEED     7.0


SKY COVER
  POSSIBLE SUNSHINE  MM
  AVERAGE SKY COVER 0.2


WEATHER CONDITIONS
 THE FOLLOWING WEATHER WAS RECORDED YESTERDAY.
  FOG
  HAZE


RELATIVE HUMIDITY (PERCENT)
 HIGHEST    93           600 AM
 LOWEST     50           100 PM
 AVERAGE    72

..........................................................


THE DETROIT MI CLIMATE NORMALS FOR TODAY
                         NORMAL    RECORD    YEAR
 MAXIMUM TEMPERATURE (F)   82       100      1988
 MINIMUM TEMPERATURE (F)   63        46      1981


SUNRISE AND SUNSET
AUGUST 17 2015........SUNRISE   643 AM EDT   SUNSET   832 PM EDT
AUGUST 18 2015........SUNRISE   644 AM EDT   SUNSET   830 PM EDT


-  INDICATES NEGATIVE NUMBERS.
R  INDICATES RECORD WAS SET OR TIED.
MM INDICATES DATA IS MISSING.
T  INDICATES TRACE AMOUNT.




$$
