000
CDUS43 KDTX 050539
CLIDTW


CLIMATE REPORT
NATIONAL WEATHER SERVICE DETROIT/PONTIAC MI
139 AM EDT TUE JUL 5 2016


...................................

...THE DETROIT MI CLIMATE SUMMARY FOR JULY 4 2016...

CLIMATE NORMAL PERIOD 1981 TO 2010
CLIMATE RECORD PERIOD 1874 TO 2016


WEATHER ITEM   OBSERVED TIME   RECORD YEAR NORMAL DEPARTURE LAST
                VALUE   (LST)  VALUE       VALUE  FROM      YEAR
                                                  NORMAL
..................................................................
TEMPERATURE (F)
 YESTERDAY
  MAXIMUM         78    259 PM 102    2012  83     -5       81
  MINIMUM         57    516 AM  49    1972  64     -7       57
  AVERAGE         68                        73     -5       69

PRECIPITATION (IN)
  YESTERDAY        0.00          2.38 1969   0.10  -0.10     0.00
  MONTH TO DATE    0.34                      0.41  -0.07     0.00
  SINCE JUN 1      1.64                      3.93  -2.29     5.32
  SINCE JAN 1     14.37                     16.47  -2.10    17.06

SNOWFALL (IN)
  YESTERDAY        0.0           0.0    MM   0.0    0.0      0.0
  MONTH TO DATE    0.0                       0.0    0.0      0.0
  SINCE JUN 1      0.0                       0.0    0.0      0.0
  SINCE JUL 1      0.0                       0.0    0.0      0.0
  SNOW DEPTH       0

DEGREE DAYS
 HEATING
  YESTERDAY        0                         0      0        0
  MONTH TO DATE    0                         0      0        0
  SINCE JUN 1     14                        35    -21       22
  SINCE JUL 1      0                         0      0        0

 COOLING
  YESTERDAY        3                         9     -6        4
  MONTH TO DATE   11                        33    -22        9
  SINCE JUN 1    214                       200     14      149
  SINCE JAN 1    292                       248     44      253
..................................................................


WIND (MPH)
  HIGHEST WIND SPEED    15   HIGHEST WIND DIRECTION    SE (140)
  HIGHEST GUST SPEED    20   HIGHEST GUST DIRECTION    NE (60)
  AVERAGE WIND SPEED     5.6


SKY COVER
  POSSIBLE SUNSHINE  MM
  AVERAGE SKY COVER 0.8


WEATHER CONDITIONS
 THE FOLLOWING WEATHER WAS RECORDED YESTERDAY.
  HAZE


RELATIVE HUMIDITY (PERCENT)
 HIGHEST    80           400 AM
 LOWEST     43          1000 AM
 AVERAGE    62

..........................................................


THE DETROIT MI CLIMATE NORMALS FOR TODAY
                         NORMAL    RECORD    YEAR
 MAXIMUM TEMPERATURE (F)   83        96      1988
                                             1977
                                             1921
 MINIMUM TEMPERATURE (F)   64        47      1972


SUNRISE AND SUNSET
JULY  5 2016..........SUNRISE   603 AM EDT   SUNSET   912 PM EDT
JULY  6 2016..........SUNRISE   604 AM EDT   SUNSET   912 PM EDT


-  INDICATES NEGATIVE NUMBERS.
R  INDICATES RECORD WAS SET OR TIED.
MM INDICATES DATA IS MISSING.
T  INDICATES TRACE AMOUNT.




$$
