000
CDUS43 KDTX 200536
CLIDTW


CLIMATE REPORT
NATIONAL WEATHER SERVICE DETROIT/PONTIAC MI
136 AM EDT MON JUL 20 2015


...................................

...THE DETROIT MI CLIMATE SUMMARY FOR JULY 19 2015...

CLIMATE NORMAL PERIOD 1981 TO 2010
CLIMATE RECORD PERIOD 1874 TO 2015


WEATHER ITEM   OBSERVED TIME   RECORD YEAR NORMAL DEPARTURE LAST
                VALUE   (LST)  VALUE       VALUE  FROM      YEAR
                                                  NORMAL
..................................................................
TEMPERATURE (F)
 YESTERDAY
  MAXIMUM         91    247 PM 100    1946  84      7       73
  MINIMUM         68   1159 PM  48    1984  64      4       63
  AVERAGE         80                        74      6       68

PRECIPITATION (IN)
  YESTERDAY        T             2.61 1982   0.11  -0.11     0.01
  MONTH TO DATE    1.18                      1.98  -0.80     1.29
  SINCE JUN 1      6.50                      5.50   1.00     5.29
  SINCE JAN 1     18.24                     18.04   0.20    19.96

SNOWFALL (IN)
  YESTERDAY        0.0           0.0    MM   0.0    0.0      0.0
  MONTH TO DATE    0.0                       0.0    0.0      0.0
  SINCE JUN 1      0.0                       0.0    0.0      0.0
  SINCE JUL 1      0.0                       0.0    0.0      0.0
  SNOW DEPTH       0

DEGREE DAYS
 HEATING
  YESTERDAY        0                         0      0        0
  MONTH TO DATE    3                         0      3        3
  SINCE JUN 1     25                        35    -10       15
  SINCE JUL 1      3                         0      3        3

 COOLING
  YESTERDAY       15                         9      6        3
  MONTH TO DATE  117                       168    -51      105
  SINCE JUN 1    257                       335    -78      290
  SINCE JAN 1    361                       383    -22      354
..................................................................


WIND (MPH)
  HIGHEST WIND SPEED    21   HIGHEST WIND DIRECTION    SW (230)
  HIGHEST GUST SPEED    25   HIGHEST GUST DIRECTION     W (290)
  AVERAGE WIND SPEED     9.9


SKY COVER
  POSSIBLE SUNSHINE  MM
  AVERAGE SKY COVER 0.6


WEATHER CONDITIONS
 THE FOLLOWING WEATHER WAS RECORDED YESTERDAY.
  NO SIGNIFICANT WEATHER WAS OBSERVED.


RELATIVE HUMIDITY (PERCENT)
 HIGHEST    90           100 AM
 LOWEST     45           800 PM
 AVERAGE    68

..........................................................


THE DETROIT MI CLIMATE NORMALS FOR TODAY
                         NORMAL    RECORD    YEAR
 MAXIMUM TEMPERATURE (F)   84        97      1977
 MINIMUM TEMPERATURE (F)   64        48      1971


SUNRISE AND SUNSET
JULY 20 2015..........SUNRISE   614 AM EDT   SUNSET   904 PM EDT
JULY 21 2015..........SUNRISE   615 AM EDT   SUNSET   904 PM EDT


-  INDICATES NEGATIVE NUMBERS.
R  INDICATES RECORD WAS SET OR TIED.
MM INDICATES DATA IS MISSING.
T  INDICATES TRACE AMOUNT.




$$
