000
CDUS43 KDTX 170537
CLIDTW


CLIMATE REPORT
NATIONAL WEATHER SERVICE DETROIT/PONTIAC MI
1237 AM EST SAT JAN 17 2015


...................................

...THE DETROIT MI CLIMATE SUMMARY FOR JANUARY 16 2015...

CLIMATE NORMAL PERIOD 1981 TO 2010
CLIMATE RECORD PERIOD 1874 TO 2015


WEATHER ITEM   OBSERVED TIME   RECORD YEAR NORMAL DEPARTURE LAST
                VALUE   (LST)  VALUE       VALUE  FROM      YEAR
                                                  NORMAL
..................................................................
TEMPERATURE (F)
 YESTERDAY
  MAXIMUM         29    358 AM  55    1953  32     -3       28
                                      1949
  MINIMUM         18   1159 PM -15    2009  19     -1       20
  AVERAGE         24                        25     -1       24

PRECIPITATION (IN)
  YESTERDAY        0.00          0.47 1924   0.06  -0.06     0.24
  MONTH TO DATE    1.17                      1.07   0.10     2.27
  SINCE DEC 1      2.58                      3.53  -0.95     4.69
  SINCE JAN 1      1.17                      1.07   0.10     2.27

SNOWFALL (IN)
  YESTERDAY        0.0           4.2  1959   0.4   -0.4      3.1
  MONTH TO DATE    9.4                       6.5    2.9     25.6
  SINCE DEC 1      9.5                      16.1   -6.6     41.1
  SINCE JUL 1     13.5                      17.7   -4.2     42.3
  SNOW DEPTH       5

DEGREE DAYS
 HEATING
  YESTERDAY       41                        40      1       41
  MONTH TO DATE  762                       630    132      730
  SINCE DEC 1   1729                      1712     17     1907
  SINCE JUL 1   3106                      2927    179     3209

 COOLING
  YESTERDAY        0                         0      0        0
  MONTH TO DATE    0                         0      0        0
  SINCE DEC 1      0                         0      0        0
  SINCE JAN 1      0                         0      0        0
..................................................................


WIND (MPH)
  HIGHEST WIND SPEED    15   HIGHEST WIND DIRECTION    NW (320)
  HIGHEST GUST SPEED    18   HIGHEST GUST DIRECTION    NW (310)
  AVERAGE WIND SPEED     8.3


SKY COVER
  POSSIBLE SUNSHINE  MM
  AVERAGE SKY COVER 0.9


WEATHER CONDITIONS
 THE FOLLOWING WEATHER WAS RECORDED YESTERDAY.
  FOG
  HAZE


RELATIVE HUMIDITY (PERCENT)
 HIGHEST    85           400 AM
 LOWEST     50           200 PM
 AVERAGE    68

..........................................................


THE DETROIT MI CLIMATE NORMALS FOR TODAY
                         NORMAL    RECORD    YEAR
 MAXIMUM TEMPERATURE (F)   32        63      1952
 MINIMUM TEMPERATURE (F)   19       -15      1982


SUNRISE AND SUNSET
JANUARY 17 2015.......SUNRISE   759 AM EST   SUNSET   528 PM EST
JANUARY 18 2015.......SUNRISE   758 AM EST   SUNSET   530 PM EST


-  INDICATES NEGATIVE NUMBERS.
R  INDICATES RECORD WAS SET OR TIED.
MM INDICATES DATA IS MISSING.
T  INDICATES TRACE AMOUNT.




$$
