000
CDUS43 KDTX 300545
CLIDTW


CLIMATE REPORT
NATIONAL WEATHER SERVICE DETROIT/PONTIAC MI
145 AM EDT SUN MAR 30 2014


...................................

...THE DETROIT MI CLIMATE SUMMARY FOR MARCH 29 2014...

CLIMATE NORMAL PERIOD 1981 TO 2010
CLIMATE RECORD PERIOD 1874 TO 2014


WEATHER ITEM   OBSERVED TIME   RECORD YEAR NORMAL DEPARTURE LAST
                VALUE   (LST)  VALUE       VALUE  FROM      YEAR
                                                  NORMAL
..................................................................
TEMPERATURE (F)
 YESTERDAY
  MAXIMUM         40    111 AM  78    1986  52    -12       55
  MINIMUM         32   1159 PM   7    1887  33     -1       30
  AVERAGE         36                        42     -6       43

PRECIPITATION (IN)
  YESTERDAY        0.00          0.79 1979   0.08  -0.08     0.00
  MONTH TO DATE    1.49                      2.11  -0.62     0.71
  SINCE MAR 1      1.49                      2.11  -0.62     0.71
  SINCE JAN 1      7.23                      6.09   1.14     6.99

SNOWFALL (IN)
  YESTERDAY        0.0           4.6  1954   0.1   -0.1      0.0
  MONTH TO DATE   12.5                       6.6    5.9      3.1
  SINCE MAR 1     12.5                       6.6    5.9      3.1
  SINCE JUL 1     91.7                      40.5   51.2     47.6
  SNOW DEPTH       0

DEGREE DAYS
 HEATING
  YESTERDAY       29                        23      6       22
  MONTH TO DATE 1073                       818    255      898
  SINCE MAR 1   1073                       818    255      898
  SINCE JUL 1   6323                      5371    952     5183

 COOLING
  YESTERDAY        0                         0      0        0
  MONTH TO DATE    0                         0      0        0
  SINCE MAR 1      0                         0      0        0
  SINCE JAN 1      0                         0      0        0
..................................................................


WIND (MPH)
  HIGHEST WIND SPEED    23   HIGHEST WIND DIRECTION     N (360)
  HIGHEST GUST SPEED    30   HIGHEST GUST DIRECTION     N (350)
  AVERAGE WIND SPEED    12.4


SKY COVER
  POSSIBLE SUNSHINE  MM
  AVERAGE SKY COVER 1.0


WEATHER CONDITIONS
 THE FOLLOWING WEATHER WAS RECORDED YESTERDAY.
  FOG


RELATIVE HUMIDITY (PERCENT)
 HIGHEST    76           200 AM
 LOWEST     64          1100 AM
 AVERAGE    70

..........................................................


THE DETROIT MI CLIMATE NORMALS FOR TODAY
                         NORMAL    RECORD    YEAR
 MAXIMUM TEMPERATURE (F)   52        81      1998
                                             1986
 MINIMUM TEMPERATURE (F)   34        10      1923


SUNRISE AND SUNSET
MARCH 30 2014.........SUNRISE   719 AM EDT   SUNSET   757 PM EDT
MARCH 31 2014.........SUNRISE   718 AM EDT   SUNSET   758 PM EDT


-  INDICATES NEGATIVE NUMBERS.
R  INDICATES RECORD WAS SET OR TIED.
MM INDICATES DATA IS MISSING.
T  INDICATES TRACE AMOUNT.




$$
