000
CDUS43 KDTX 170538
CLIDTW


CLIMATE REPORT
NATIONAL WEATHER SERVICE DETROIT/PONTIAC MI
1238 AM EST TUE FEB 17 2015


...................................

...THE DETROIT MI CLIMATE SUMMARY FOR FEBRUARY 16 2015...

CLIMATE NORMAL PERIOD 1981 TO 2010
CLIMATE RECORD PERIOD 1874 TO 2015


WEATHER ITEM   OBSERVED TIME   RECORD YEAR NORMAL DEPARTURE LAST
                VALUE   (LST)  VALUE       VALUE  FROM      YEAR
                                                  NORMAL
..................................................................
TEMPERATURE (F)
 YESTERDAY
  MAXIMUM          8    406 PM  60    1921  35    -27       26
  MINIMUM         -9R   707 AM  -9    1904  21    -30       10
  AVERAGE          0                        28    -28       18

PRECIPITATION (IN)
  YESTERDAY        0.00          1.55 1954   0.08  -0.08     0.05
  MONTH TO DATE    1.23                      1.11   0.12     1.55
  SINCE DEC 1      4.09                      5.53  -1.44     6.89
  SINCE JAN 1      2.68                      3.07  -0.39     4.47

SNOWFALL (IN)
  YESTERDAY        0.0           7.7  1909   0.3   -0.3      1.5
  MONTH TO DATE   23.9                       5.8   18.1     17.1
  SINCE DEC 1     38.2                      27.9   10.3     71.7
  SINCE JUL 1     42.2                      29.5   12.7     72.9
  SNOW DEPTH      12

DEGREE DAYS
 HEATING
  YESTERDAY       65                        37     28       47
  MONTH TO DATE  761                       610    151      780
  SINCE DEC 1   3077                      2915    162     3456
  SINCE JUL 1   4454                      4130    324     4758

 COOLING
  YESTERDAY        0                         0      0        0
  MONTH TO DATE    0                         0      0        0
  SINCE DEC 1      0                         0      0        0
  SINCE JAN 1      0                         0      0        0
..................................................................


WIND (MPH)
  HIGHEST WIND SPEED    10   HIGHEST WIND DIRECTION    SE (120)
  HIGHEST GUST SPEED    13   HIGHEST GUST DIRECTION     E (110)
  AVERAGE WIND SPEED     2.6


SKY COVER
  POSSIBLE SUNSHINE  MM
  AVERAGE SKY COVER 0.9


WEATHER CONDITIONS
 THE FOLLOWING WEATHER WAS RECORDED YESTERDAY.
  NO SIGNIFICANT WEATHER WAS OBSERVED.


RELATIVE HUMIDITY (PERCENT)
 HIGHEST    79           700 AM
 LOWEST     56          1100 AM
 AVERAGE    68

..........................................................


THE DETROIT MI CLIMATE NORMALS FOR TODAY
                         NORMAL    RECORD    YEAR
 MAXIMUM TEMPERATURE (F)   36        59      1911
 MINIMUM TEMPERATURE (F)   21        -7      1979
                                             1958


SUNRISE AND SUNSET
FEBRUARY 17 2015......SUNRISE   727 AM EST   SUNSET   608 PM EST
FEBRUARY 18 2015......SUNRISE   726 AM EST   SUNSET   609 PM EST


-  INDICATES NEGATIVE NUMBERS.
R  INDICATES RECORD WAS SET OR TIED.
MM INDICATES DATA IS MISSING.
T  INDICATES TRACE AMOUNT.




$$
