000
CDUS43 KDTX 122039
CLIDTW


CLIMATE REPORT
NATIONAL WEATHER SERVICE DETROIT/PONTIAC MI
431 PM EDT TUE APR 12 2016


...................................

...THE DETROIT MI CLIMATE SUMMARY FOR APRIL 12 2016...
VALID TODAY AS OF 0400 PM LOCAL TIME.

CLIMATE NORMAL PERIOD 1981 TO 2010
CLIMATE RECORD PERIOD 1874 TO 2016


WEATHER ITEM   OBSERVED TIME   RECORD YEAR NORMAL DEPARTURE LAST
                VALUE   (LST)  VALUE       VALUE  FROM      YEAR
                                                  NORMAL
..................................................................
TEMPERATURE (F)
 TODAY
  MAXIMUM         49    259 PM  89    1977  58     -9       65
  MINIMUM         32    625 AM  18    1976  38     -6       37
  AVERAGE         41                        48     -7       51

PRECIPITATION (IN)
  TODAY            0.00          1.24 1903   0.10  -0.10     0.00
  MONTH TO DATE    0.84                      1.14  -0.30     1.58
  SINCE MAR 1      5.70                      3.42   2.28     2.38
  SINCE JAN 1      9.06                      7.40   1.66     5.18

SNOWFALL (IN)
  TODAY            0.0           1.8  1920   0.0    0.0      0.0
  MONTH TO DATE    1.3                       1.1    0.2      0.0
  SINCE MAR 1      8.7                       8.0    0.7      2.8
  SINCE JUL 1     35.3                      41.9   -6.6     47.5
  SNOW DEPTH       0

DEGREE DAYS
 HEATING
  TODAY           24                        17      7       14
  MONTH TO DATE  327                       231     96      197
  SINCE MAR 1    997                      1093    -96     1134
  SINCE JUL 1   4762                      5646   -884     6245

 COOLING
  TODAY            0                         0      0        0
  MONTH TO DATE    0                         0      0        0
  SINCE MAR 1      0                         0      0        0
  SINCE JAN 1      0                         0      0        0
..................................................................


WIND (MPH)
  HIGHEST WIND SPEED    17   HIGHEST WIND DIRECTION    NW (310)
  HIGHEST GUST SPEED    23   HIGHEST GUST DIRECTION    NW (320)
  AVERAGE WIND SPEED     9.4


SKY COVER
  POSSIBLE SUNSHINE  MM
  AVERAGE SKY COVER 0.3


WEATHER CONDITIONS
 THE FOLLOWING WEATHER WAS RECORDED TODAY.
  NO SIGNIFICANT WEATHER WAS OBSERVED.


RELATIVE HUMIDITY (PERCENT)
 HIGHEST    69           700 AM
 LOWEST     34           300 PM
 AVERAGE    52

..........................................................


THE DETROIT MI CLIMATE NORMALS FOR TOMORROW
                         NORMAL    RECORD    YEAR
 MAXIMUM TEMPERATURE (F)   58        87      1977
                                             1941
 MINIMUM TEMPERATURE (F)   39        19      1950


SUNRISE AND SUNSET
APRIL 12 2016.........SUNRISE   657 AM EDT   SUNSET   812 PM EDT
APRIL 13 2016.........SUNRISE   655 AM EDT   SUNSET   813 PM EDT


-  INDICATES NEGATIVE NUMBERS.
R  INDICATES RECORD WAS SET OR TIED.
MM INDICATES DATA IS MISSING.
T  INDICATES TRACE AMOUNT.




$$
