443
CDUS43 KDTX 260555
CLIDTW


CLIMATE REPORT
NATIONAL WEATHER SERVICE DETROIT/PONTIAC MI
1255 AM EST SAT NOV 26 2016


...................................

...THE DETROIT MI CLIMATE SUMMARY FOR NOVEMBER 25 2016...

CLIMATE NORMAL PERIOD 1981 TO 2010
CLIMATE RECORD PERIOD 1874 TO 2016


WEATHER ITEM   OBSERVED TIME   RECORD YEAR NORMAL DEPARTURE LAST
                VALUE   (LST)  VALUE       VALUE  FROM      YEAR
                                                  NORMAL
..................................................................
TEMPERATURE (F)
 YESTERDAY
  MAXIMUM         44    151 PM  63    2001  44      0       54
                                      1908
  MINIMUM         39   1159 PM  10    1950  31      8       30
  AVERAGE         42                        38      4       42

PRECIPITATION (IN)
  YESTERDAY        0.03          1.52 1987   0.09  -0.06     0.00
  MONTH TO DATE    1.45                      2.33  -0.88     1.53
  SINCE SEP 1     10.71                      8.12   2.59     4.79
  SINCE JAN 1     31.93                     30.55   1.38    26.77

SNOWFALL (IN)
  YESTERDAY       MM             3.8  1956   0.1   MM        0.0
  MONTH TO DATE    0.1                       1.0   -0.9      6.2
  SINCE SEP 1      0.1                       1.1   -1.0      6.2
  SINCE JUL 1      0.1                       1.1   -1.0      6.2
  SNOW DEPTH       0

DEGREE DAYS
 HEATING
  YESTERDAY       23                        27     -4       23
  MONTH TO DATE  440                       561   -121      443
  SINCE SEP 1    767                      1062   -295      790
  SINCE JUL 1    767                      1072   -305      800

 COOLING
  YESTERDAY        0                         0      0        0
  MONTH TO DATE    0                         0      0        0
  SINCE SEP 1    154                        92     62      171
  SINCE JAN 1   1177                       803    374      891
..................................................................


WIND (MPH)
  HIGHEST WIND SPEED    14   HIGHEST WIND DIRECTION     W (250)
  HIGHEST GUST SPEED    16   HIGHEST GUST DIRECTION    SW (240)
  AVERAGE WIND SPEED     8.3


SKY COVER
  POSSIBLE SUNSHINE  MM
  AVERAGE SKY COVER 0.9


WEATHER CONDITIONS
 THE FOLLOWING WEATHER WAS RECORDED YESTERDAY.
  LIGHT RAIN
  FOG
  HAZE


RELATIVE HUMIDITY (PERCENT)
 HIGHEST    92           200 AM
 LOWEST     70           400 PM
 AVERAGE    81

..........................................................


THE DETROIT MI CLIMATE NORMALS FOR TODAY
                         NORMAL    RECORD    YEAR
 MAXIMUM TEMPERATURE (F)   44        65      1896
 MINIMUM TEMPERATURE (F)   31        10      1949


SUNRISE AND SUNSET
NOVEMBER 26 2016......SUNRISE   737 AM EST   SUNSET   504 PM EST
NOVEMBER 27 2016......SUNRISE   739 AM EST   SUNSET   503 PM EST


-  INDICATES NEGATIVE NUMBERS.
R  INDICATES RECORD WAS SET OR TIED.
MM INDICATES DATA IS MISSING.
T  INDICATES TRACE AMOUNT.




$$
