000
CDUS43 KDTX 072032
CLIDTW


CLIMATE REPORT
NATIONAL WEATHER SERVICE DETROIT/PONTIAC MI
431 PM EDT FRI APR 7 2017


...................................

...THE DETROIT MI CLIMATE SUMMARY FOR APRIL 7 2017...
VALID TODAY AS OF 0400 PM LOCAL TIME.

CLIMATE NORMAL PERIOD 1981 TO 2010
CLIMATE RECORD PERIOD 1874 TO 2017


WEATHER ITEM   OBSERVED TIME   RECORD YEAR NORMAL DEPARTURE LAST
                VALUE   (LST)  VALUE       VALUE  FROM      YEAR
                                                  NORMAL
..................................................................
TEMPERATURE (F)
 TODAY
  MAXIMUM         51    259 PM  83    1991  56     -5       46
  MINIMUM         35    340 AM  10    1982  36     -1       32
  AVERAGE         43                        46     -3       39

PRECIPITATION (IN)
  TODAY            0.01          0.92 2010   0.10  -0.09     0.10
  MONTH TO DATE    1.35                      0.64   0.71     0.35
  SINCE MAR 1      5.61                      2.92   2.69     5.21
  SINCE JAN 1     10.34                      6.90   3.44     8.57

SNOWFALL (IN)
  TODAY            T             6.0  1894   0.1   -0.1      0.1
  MONTH TO DATE    0.1                       0.8   -0.7      0.5
  SINCE MAR 1      7.0                       7.7   -0.7      7.9
  SINCE JUL 1     37.9                      41.6   -3.7     34.5
  SNOW DEPTH       0

DEGREE DAYS
 HEATING
  TODAY           22                        19      3       26
  MONTH TO DATE  128                       141    -13      194
  SINCE MAR 1    993                      1003    -10      864
  SINCE JUL 1   4731                      5556   -825     4629

 COOLING
  TODAY            0                         0      0        0
  MONTH TO DATE    0                         0      0        0
  SINCE MAR 1      0                         0      0        0
  SINCE JAN 1      0                         0      0        0
..................................................................


WIND (MPH)
  HIGHEST WIND SPEED    24   HIGHEST WIND DIRECTION     N (350)
  HIGHEST GUST SPEED    32   HIGHEST GUST DIRECTION    NW (330)
  AVERAGE WIND SPEED    17.2


SKY COVER
  POSSIBLE SUNSHINE  MM
  AVERAGE SKY COVER 0.8


WEATHER CONDITIONS
 THE FOLLOWING WEATHER WAS RECORDED TODAY.
  LIGHT SNOW
  FOG


RELATIVE HUMIDITY (PERCENT)
 HIGHEST    92          1200 AM
 LOWEST     29           300 PM
 AVERAGE    61

..........................................................


THE DETROIT MI CLIMATE NORMALS FOR TOMORROW
                         NORMAL    RECORD    YEAR
 MAXIMUM TEMPERATURE (F)   56        79      2001
 MINIMUM TEMPERATURE (F)   37        11      1982


SUNRISE AND SUNSET
APRIL  7 2017.........SUNRISE   705 AM EDT   SUNSET   806 PM EDT
APRIL  8 2017.........SUNRISE   704 AM EDT   SUNSET   807 PM EDT


-  INDICATES NEGATIVE NUMBERS.
R  INDICATES RECORD WAS SET OR TIED.
MM INDICATES DATA IS MISSING.
T  INDICATES TRACE AMOUNT.




$$
