000
CDUS43 KDTX 060536
CLIDTW


CLIMATE REPORT
NATIONAL WEATHER SERVICE DETROIT/PONTIAC MI
1236 AM EST MON MAR 6 2017


...................................

...THE DETROIT MI CLIMATE SUMMARY FOR MARCH 5 2017...

CLIMATE NORMAL PERIOD 1981 TO 2010
CLIMATE RECORD PERIOD 1874 TO 2017


WEATHER ITEM   OBSERVED TIME   RECORD YEAR NORMAL DEPARTURE LAST
                VALUE   (LST)  VALUE       VALUE  FROM      YEAR
                                                  NORMAL
..................................................................
TEMPERATURE (F)
 YESTERDAY
  MAXIMUM         42   1159 PM  68    2004  41      1       33
  MINIMUM         24    455 AM   2    1948  25     -1       28
                                      1901
  AVERAGE         33                        33      0       31

PRECIPITATION (IN)
  YESTERDAY        T             1.00 2011   0.07  -0.07     0.10
  MONTH TO DATE    0.90                      0.36   0.54     0.51
  SINCE MAR 1      0.90                      0.36   0.54     0.51
  SINCE JAN 1      5.63                      4.34   1.29     3.87

SNOWFALL (IN)
  YESTERDAY        0.0           9.8  1899   0.3   -0.3      1.5
  MONTH TO DATE    0.3                       1.5   -1.2      7.4
  SINCE MAR 1      0.3                       1.5   -1.2      7.4
  SINCE JUL 1     31.2                      35.4   -4.2     34.0
  SNOW DEPTH       0

DEGREE DAYS
 HEATING
  YESTERDAY       32                        32      0       34
  MONTH TO DATE  168                       163      5      188
  SINCE MAR 1    168                       163      5      188
  SINCE JUL 1   3906                      4716   -810     3953

 COOLING
  YESTERDAY        0                         0      0        0
  MONTH TO DATE    0                         0      0        0
  SINCE MAR 1      0                         0      0        0
  SINCE JAN 1      0                         0      0        0
..................................................................


WIND (MPH)
  HIGHEST WIND SPEED    17   HIGHEST WIND DIRECTION    SE (140)
  HIGHEST GUST SPEED    22   HIGHEST GUST DIRECTION    SE (140)
  AVERAGE WIND SPEED     9.1


SKY COVER
  POSSIBLE SUNSHINE  MM
  AVERAGE SKY COVER 0.7


WEATHER CONDITIONS
 THE FOLLOWING WEATHER WAS RECORDED YESTERDAY.
  LIGHT RAIN


RELATIVE HUMIDITY (PERCENT)
 HIGHEST    69           700 AM
 LOWEST     45           400 PM
 AVERAGE    57

..........................................................


THE DETROIT MI CLIMATE NORMALS FOR TODAY
                         NORMAL    RECORD    YEAR
 MAXIMUM TEMPERATURE (F)   41        67      2009
                                             1961
                                             1951
 MINIMUM TEMPERATURE (F)   25         0      2015


SUNRISE AND SUNSET
MARCH  6 2017.........SUNRISE   700 AM EST   SUNSET   630 PM EST
MARCH  7 2017.........SUNRISE   658 AM EST   SUNSET   631 PM EST


-  INDICATES NEGATIVE NUMBERS.
R  INDICATES RECORD WAS SET OR TIED.
MM INDICATES DATA IS MISSING.
T  INDICATES TRACE AMOUNT.




$$
