000
CDUS43 KDTX 150538
CLIDTW


CLIMATE REPORT
NATIONAL WEATHER SERVICE DETROIT/PONTIAC MI
138 AM EDT SAT APR 15 2017


...................................

...THE DETROIT MI CLIMATE SUMMARY FOR APRIL 14 2017...

CLIMATE NORMAL PERIOD 1981 TO 2010
CLIMATE RECORD PERIOD 1874 TO 2017


WEATHER ITEM   OBSERVED TIME   RECORD YEAR NORMAL DEPARTURE LAST
                VALUE   (LST)  VALUE       VALUE  FROM      YEAR
                                                  NORMAL
..................................................................
TEMPERATURE (F)
 YESTERDAY
  MAXIMUM         64    314 PM  81    2006  59      5       56
                                      1941
  MINIMUM         45    627 AM  20    1950  39      6       33
  AVERAGE         55                        49      6       45

PRECIPITATION (IN)
  YESTERDAY        0.00          1.14 1980   0.09  -0.09     0.00
  MONTH TO DATE    1.85                      1.33   0.52     0.84
  SINCE MAR 1      6.11                      3.61   2.50     5.70
  SINCE JAN 1     10.84                      7.59   3.25     9.06

SNOWFALL (IN)
  YESTERDAY        0.0           1.2  1980   0.0    0.0      0.0
  MONTH TO DATE    0.1                       1.2   -1.1      1.3
  SINCE MAR 1      7.0                       8.1   -1.1      8.7
  SINCE JUL 1     37.9                      42.0   -4.1     35.3
  SNOW DEPTH       0

DEGREE DAYS
 HEATING
  YESTERDAY       10                        16     -6       20
  MONTH TO DATE  195                       264    -69      370
  SINCE MAR 1   1060                      1126    -66     1040
  SINCE JUL 1   4798                      5679   -881     4805

 COOLING
  YESTERDAY        0                         0      0        0
  MONTH TO DATE    3                         0      3        0
  SINCE MAR 1      3                         0      3        0
  SINCE JAN 1      3                         0      3        0
..................................................................


WIND (MPH)
  HIGHEST WIND SPEED    15   HIGHEST WIND DIRECTION     E (80)
  HIGHEST GUST SPEED    21   HIGHEST GUST DIRECTION     N (360)
  AVERAGE WIND SPEED     8.9


SKY COVER
  POSSIBLE SUNSHINE  MM
  AVERAGE SKY COVER 0.8


WEATHER CONDITIONS
 THE FOLLOWING WEATHER WAS RECORDED YESTERDAY.
  NO SIGNIFICANT WEATHER WAS OBSERVED.


RELATIVE HUMIDITY (PERCENT)
 HIGHEST    65           400 AM
 LOWEST     32           900 PM
 AVERAGE    49

..........................................................


THE DETROIT MI CLIMATE NORMALS FOR TODAY
                         NORMAL    RECORD    YEAR
 MAXIMUM TEMPERATURE (F)   59        85      2003
                                             1976
 MINIMUM TEMPERATURE (F)   39        21      1935


SUNRISE AND SUNSET
APRIL 15 2017.........SUNRISE   652 AM EDT   SUNSET   815 PM EDT
APRIL 16 2017.........SUNRISE   651 AM EDT   SUNSET   816 PM EDT


-  INDICATES NEGATIVE NUMBERS.
R  INDICATES RECORD WAS SET OR TIED.
MM INDICATES DATA IS MISSING.
T  INDICATES TRACE AMOUNT.




$$
