000
CDUS43 KDTX 270536
CLIDTW


CLIMATE REPORT
NATIONAL WEATHER SERVICE DETROIT/PONTIAC MI
136 AM EDT THU MAR 27 2014


...................................

...THE DETROIT MI CLIMATE SUMMARY FOR MARCH 26 2014...

CLIMATE NORMAL PERIOD 1981 TO 2010
CLIMATE RECORD PERIOD 1874 TO 2014


WEATHER ITEM   OBSERVED TIME   RECORD YEAR NORMAL DEPARTURE LAST
                VALUE   (LST)  VALUE       VALUE  FROM      YEAR
                                                  NORMAL
..................................................................
TEMPERATURE (F)
 YESTERDAY
  MAXIMUM         33    349 PM  81    2007  50    -17       48
  MINIMUM         11R   614 AM  11    2001  32    -21       34
                                      1937
  AVERAGE         22                        41    -19       41

PRECIPITATION (IN)
  YESTERDAY        0.00          1.08 1934   0.08  -0.08     0.03
  MONTH TO DATE    1.43                      1.87  -0.44     0.71
  SINCE MAR 1      1.43                      1.87  -0.44     0.71
  SINCE JAN 1      7.17                      5.85   1.32     6.99

SNOWFALL (IN)
  YESTERDAY        0.0           3.6  1970   0.2   -0.2       T
  MONTH TO DATE   12.5                       6.2    6.3      3.1
  SINCE MAR 1     12.5                       6.2    6.3      3.1
  SINCE JUL 1     91.7                      40.1   51.6     47.6
  SNOW DEPTH       1

DEGREE DAYS
 HEATING
  YESTERDAY       43                        24     19       24
  MONTH TO DATE  997                       749    248      829
  SINCE MAR 1    997                       749    248      829
  SINCE JUL 1   6247                      5302    945     5114

 COOLING
  YESTERDAY        0                         0      0        0
  MONTH TO DATE    0                         0      0        0
  SINCE MAR 1      0                         0      0        0
  SINCE JAN 1      0                         0      0        0
..................................................................


WIND (MPH)
  HIGHEST WIND SPEED    15   HIGHEST WIND DIRECTION     S (170)
  HIGHEST GUST SPEED    22   HIGHEST GUST DIRECTION    SW (210)
  AVERAGE WIND SPEED     5.9


SKY COVER
  POSSIBLE SUNSHINE  MM
  AVERAGE SKY COVER 0.4


WEATHER CONDITIONS
 THE FOLLOWING WEATHER WAS RECORDED YESTERDAY.
  NO SIGNIFICANT WEATHER WAS OBSERVED.


RELATIVE HUMIDITY (PERCENT)
 HIGHEST    76           500 AM
 LOWEST     33           400 PM
 AVERAGE    55

..........................................................


THE DETROIT MI CLIMATE NORMALS FOR TODAY
                         NORMAL    RECORD    YEAR
 MAXIMUM TEMPERATURE (F)   51        81      2007
 MINIMUM TEMPERATURE (F)   32         3      1934


SUNRISE AND SUNSET
MARCH 27 2014.........SUNRISE   725 AM EDT   SUNSET   753 PM EDT
MARCH 28 2014.........SUNRISE   723 AM EDT   SUNSET   755 PM EDT


-  INDICATES NEGATIVE NUMBERS.
R  INDICATES RECORD WAS SET OR TIED.
MM INDICATES DATA IS MISSING.
T  INDICATES TRACE AMOUNT.




$$
