664
CDUS43 KDTX 292138
CLIDTW


CLIMATE REPORT
NATIONAL WEATHER SERVICE DETROIT/PONTIAC MI
437 PM EST WED NOV 29 2017


...................................

...THE DETROIT MI CLIMATE SUMMARY FOR NOVEMBER 29 2017...
VALID TODAY AS OF 0400 PM LOCAL TIME.

CLIMATE NORMAL PERIOD 1981 TO 2010
CLIMATE RECORD PERIOD 1874 TO 2017


WEATHER ITEM   OBSERVED TIME   RECORD YEAR NORMAL DEPARTURE LAST
                VALUE   (LST)  VALUE       VALUE  FROM      YEAR
                                                  NORMAL
..................................................................
TEMPERATURE (F)
 TODAY
  MAXIMUM         53   1210 AM  67    2006  42     11       58
  MINIMUM         37    742 AM   5    1929  30      7       47
  AVERAGE         45                        36      9       53

PRECIPITATION (IN)
  TODAY            0.00          1.91 2011   0.09  -0.09     0.04
  MONTH TO DATE    4.78                      2.70   2.08     2.10
  SINCE SEP 1      8.53                      8.49   0.04    11.36
  SINCE JAN 1     33.83                     30.92   2.91    32.58

SNOWFALL (IN)
  TODAY            0.0           3.7  1942   0.1   -0.1      0.0
  MONTH TO DATE    T                         1.4   -1.4      0.1
  SINCE SEP 1      T                         1.5   -1.5      0.1
  SINCE JUL 1      T                         1.5   -1.5      0.1
  SNOW DEPTH       0

DEGREE DAYS
 HEATING
  TODAY           20                        29     -9       12
  MONTH TO DATE  704                       675     29      525
  SINCE SEP 1   1033                      1176   -143      852
  SINCE JUL 1   1037                      1186   -149      852

 COOLING
  TODAY            0                         0      0        0
  MONTH TO DATE    0                         0      0        0
  SINCE SEP 1    168                        92     76      154
  SINCE JAN 1    918                       803    115     1177
..................................................................


WIND (MPH)
  HIGHEST WIND SPEED    15   HIGHEST WIND DIRECTION     W (270)
  HIGHEST GUST SPEED    21   HIGHEST GUST DIRECTION     W (270)
  AVERAGE WIND SPEED     8.4


SKY COVER
  POSSIBLE SUNSHINE  MM
  AVERAGE SKY COVER 0.3


WEATHER CONDITIONS
 THE FOLLOWING WEATHER WAS RECORDED TODAY.
  NO SIGNIFICANT WEATHER WAS OBSERVED.


RELATIVE HUMIDITY (PERCENT)
 HIGHEST    64          1200 AM
 LOWEST     39           200 PM
 AVERAGE    52

..........................................................


THE DETROIT MI CLIMATE NORMALS FOR TOMORROW
                         NORMAL    RECORD    YEAR
 MAXIMUM TEMPERATURE (F)   42        65      1998
 MINIMUM TEMPERATURE (F)   29         4      1929
                                             1874


SUNRISE AND SUNSET
NOVEMBER 29 2017......SUNRISE   741 AM EST   SUNSET   503 PM EST
NOVEMBER 30 2017......SUNRISE   742 AM EST   SUNSET   502 PM EST


-  INDICATES NEGATIVE NUMBERS.
R  INDICATES RECORD WAS SET OR TIED.
MM INDICATES DATA IS MISSING.
T  INDICATES TRACE AMOUNT.




$$
