000
CDUS43 KDTX 090541
CLIDTW


CLIMATE REPORT
NATIONAL WEATHER SERVICE DETROIT/PONTIAC MI
1240 AM EST SUN NOV 9 2014


...................................

...THE DETROIT MI CLIMATE SUMMARY FOR NOVEMBER 8 2014...

CLIMATE NORMAL PERIOD 1981 TO 2010
CLIMATE RECORD PERIOD 1874 TO 2014


WEATHER ITEM   OBSERVED TIME   RECORD YEAR NORMAL DEPARTURE LAST
                VALUE   (LST)  VALUE       VALUE  FROM      YEAR
                                                  NORMAL
..................................................................
TEMPERATURE (F)
 YESTERDAY
  MAXIMUM         45    431 PM  71    1915  53     -8       45
  MINIMUM         37   1211 AM  14    1991  37      0       32
  AVERAGE         41                        45     -4       39

PRECIPITATION (IN)
  YESTERDAY        0.03          1.57 1877   0.09  -0.06     0.00
  MONTH TO DATE    0.15                      0.72  -0.57     0.22
  SINCE SEP 1      7.22                      6.51   0.71     4.90
  SINCE JAN 1     34.64                     28.94   5.70    35.88

SNOWFALL (IN)
  YESTERDAY        0.0           0.9  1921   0.0    0.0      0.0
  MONTH TO DATE    0.0                       0.1   -0.1      0.0
  SINCE SEP 1      T                         0.2   -0.2       T
  SINCE JUL 1      T                         0.2   -0.2       T
  SNOW DEPTH       0

DEGREE DAYS
 HEATING
  YESTERDAY       24                        20      4       26
  MONTH TO DATE  176                       153     23      165
  SINCE SEP 1    675                       654     21      638
  SINCE JUL 1    688                       664     24      650

 COOLING
  YESTERDAY        0                         0      0        0
  MONTH TO DATE    0                         0      0        0
  SINCE SEP 1     72                        92    -20       98
  SINCE JAN 1    704                       803    -99      891
..................................................................


WIND (MPH)
  HIGHEST WIND SPEED    20   HIGHEST WIND DIRECTION     S (190)
  HIGHEST GUST SPEED    26   HIGHEST GUST DIRECTION     W (270)
  AVERAGE WIND SPEED    11.1


SKY COVER
  POSSIBLE SUNSHINE  MM
  AVERAGE SKY COVER 1.0


WEATHER CONDITIONS
 THE FOLLOWING WEATHER WAS RECORDED YESTERDAY.
  LIGHT RAIN


RELATIVE HUMIDITY (PERCENT)
 HIGHEST    85          1000 AM
 LOWEST     64           300 AM
 AVERAGE    75

..........................................................


THE DETROIT MI CLIMATE NORMALS FOR TODAY
                         NORMAL    RECORD    YEAR
 MAXIMUM TEMPERATURE (F)   52        75      1999
 MINIMUM TEMPERATURE (F)   37        18      1991


SUNRISE AND SUNSET
NOVEMBER  9 2014......SUNRISE   716 AM EST   SUNSET   518 PM EST
NOVEMBER 10 2014......SUNRISE   718 AM EST   SUNSET   516 PM EST


-  INDICATES NEGATIVE NUMBERS.
R  INDICATES RECORD WAS SET OR TIED.
MM INDICATES DATA IS MISSING.
T  INDICATES TRACE AMOUNT.




$$
