000
CDUS43 KDTX 290543
CLIDTW


CLIMATE REPORT
NATIONAL WEATHER SERVICE DETROIT/PONTIAC MI
143 AM EDT MON MAY 29 2017


...................................

...THE DETROIT MI CLIMATE SUMMARY FOR MAY 28 2017...

CLIMATE NORMAL PERIOD 1981 TO 2010
CLIMATE RECORD PERIOD 1874 TO 2017


WEATHER ITEM   OBSERVED TIME   RECORD YEAR NORMAL DEPARTURE LAST
                VALUE   (LST)  VALUE       VALUE  FROM      YEAR
                                                  NORMAL
..................................................................
TEMPERATURE (F)
 YESTERDAY
  MAXIMUM         78    230 PM  95    2012  74      4       89
  MINIMUM         59    540 AM  35    1907  53      6       66
                                      1894
                                      1889
  AVERAGE         69                        64      5       78

PRECIPITATION (IN)
  YESTERDAY        0.29          2.02 1935   0.11   0.18     0.08
  MONTH TO DATE    4.35                      3.04   1.31     2.13
  SINCE MAR 1     12.16                      8.22   3.94     9.30
  SINCE JAN 1     16.89                     12.20   4.69    12.66

SNOWFALL (IN)
  YESTERDAY        0.0           0.0    MM   0.0    0.0      0.0
  MONTH TO DATE    0.0                       0.0    0.0       T
  SINCE MAR 1      7.0                       8.6   -1.6      8.7
  SINCE JUL 1     37.9                      42.5   -4.6     35.3
  SNOW DEPTH       0

DEGREE DAYS
 HEATING
  YESTERDAY        0                         4     -4        0
  MONTH TO DATE  218                       198     20      192
  SINCE MAR 1   1407                      1539   -132     1416
  SINCE JUL 1   5145                      6092   -947     5181

 COOLING
  YESTERDAY        4                         2      2       13
  MONTH TO DATE   35                        32      3       49
  SINCE MAR 1     42                        38      4       49
  SINCE JAN 1     42                        38      4       49
..................................................................


WIND (MPH)
  HIGHEST WIND SPEED    18   HIGHEST WIND DIRECTION     S (160)
  HIGHEST GUST SPEED    25   HIGHEST GUST DIRECTION    SE (150)
  AVERAGE WIND SPEED     6.7


SKY COVER
  POSSIBLE SUNSHINE  MM
  AVERAGE SKY COVER 0.8


WEATHER CONDITIONS
 THE FOLLOWING WEATHER WAS RECORDED YESTERDAY.
  THUNDERSTORM
  LIGHT RAIN
  FOG


RELATIVE HUMIDITY (PERCENT)
 HIGHEST    93          1000 PM
 LOWEST     61          1000 AM
 AVERAGE    77

..........................................................


THE DETROIT MI CLIMATE NORMALS FOR TODAY
                         NORMAL    RECORD    YEAR
 MAXIMUM TEMPERATURE (F)   74        92      2006
                                             1987
                                             1929
 MINIMUM TEMPERATURE (F)   54        32      1966


SUNRISE AND SUNSET
MAY 29 2017...........SUNRISE   601 AM EDT   SUNSET   901 PM EDT
MAY 30 2017...........SUNRISE   600 AM EDT   SUNSET   902 PM EDT


-  INDICATES NEGATIVE NUMBERS.
R  INDICATES RECORD WAS SET OR TIED.
MM INDICATES DATA IS MISSING.
T  INDICATES TRACE AMOUNT.




$$
