000
CDUS43 KDTX 060539
CLIDTW


CLIMATE REPORT
NATIONAL WEATHER SERVICE DETROIT/PONTIAC MI
139 AM EDT WED JUL 6 2016


...................................

...THE DETROIT MI CLIMATE SUMMARY FOR JULY 5 2016...

CLIMATE NORMAL PERIOD 1981 TO 2010
CLIMATE RECORD PERIOD 1874 TO 2016


WEATHER ITEM   OBSERVED TIME   RECORD YEAR NORMAL DEPARTURE LAST
                VALUE   (LST)  VALUE       VALUE  FROM      YEAR
                                                  NORMAL
..................................................................
TEMPERATURE (F)
 YESTERDAY
  MAXIMUM         89    353 PM  96    1988  83      6       82
                                      1977
                                      1921
  MINIMUM         69    608 AM  47    1972  64      5       60
  AVERAGE         79                        74      5       71

PRECIPITATION (IN)
  YESTERDAY        0.00          1.76 2012   0.10  -0.10     0.00
  MONTH TO DATE    0.34                      0.51  -0.17     0.00
  SINCE JUN 1      1.64                      4.03  -2.39     5.32
  SINCE JAN 1     14.37                     16.57  -2.20    17.06

SNOWFALL (IN)
  YESTERDAY        0.0           0.0    MM   0.0    0.0      0.0
  MONTH TO DATE    0.0                       0.0    0.0      0.0
  SINCE JUN 1      0.0                       0.0    0.0      0.0
  SINCE JUL 1      0.0                       0.0    0.0      0.0
  SNOW DEPTH       0

DEGREE DAYS
 HEATING
  YESTERDAY        0                         0      0        0
  MONTH TO DATE    0                         0      0        0
  SINCE JUN 1     14                        35    -21       22
  SINCE JUL 1      0                         0      0        0

 COOLING
  YESTERDAY       14                         9      5        6
  MONTH TO DATE   25                        42    -17       15
  SINCE JUN 1    228                       209     19      155
  SINCE JAN 1    306                       257     49      259
..................................................................


WIND (MPH)
  HIGHEST WIND SPEED    17   HIGHEST WIND DIRECTION    SW (230)
  HIGHEST GUST SPEED    22   HIGHEST GUST DIRECTION    SW (240)
  AVERAGE WIND SPEED     7.2


SKY COVER
  POSSIBLE SUNSHINE  MM
  AVERAGE SKY COVER 0.7


WEATHER CONDITIONS
 THE FOLLOWING WEATHER WAS RECORDED YESTERDAY.
  HAZE


RELATIVE HUMIDITY (PERCENT)
 HIGHEST    84           100 AM
 LOWEST     40           500 PM
 AVERAGE    62

..........................................................


THE DETROIT MI CLIMATE NORMALS FOR TODAY
                         NORMAL    RECORD    YEAR
 MAXIMUM TEMPERATURE (F)   84       100      1988
                                             1977
 MINIMUM TEMPERATURE (F)   64        42      1972


SUNRISE AND SUNSET
JULY  6 2016..........SUNRISE   604 AM EDT   SUNSET   912 PM EDT
JULY  7 2016..........SUNRISE   605 AM EDT   SUNSET   912 PM EDT


-  INDICATES NEGATIVE NUMBERS.
R  INDICATES RECORD WAS SET OR TIED.
MM INDICATES DATA IS MISSING.
T  INDICATES TRACE AMOUNT.




$$
