000
CDUS43 KDTX 012032
CLIDTW


CLIMATE REPORT
NATIONAL WEATHER SERVICE DETROIT/PONTIAC MI
431 PM EDT FRI JUL 1 2016


...................................

...THE DETROIT MI CLIMATE SUMMARY FOR JULY 1 2016...
VALID TODAY AS OF 0400 PM LOCAL TIME.

CLIMATE NORMAL PERIOD 1981 TO 2010
CLIMATE RECORD PERIOD 1874 TO 2016


WEATHER ITEM   OBSERVED TIME   RECORD YEAR NORMAL DEPARTURE LAST
                VALUE   (LST)  VALUE       VALUE  FROM      YEAR
                                                  NORMAL
..................................................................
TEMPERATURE (F)
 TODAY
  MAXIMUM         77    256 PM  98    1931  83     -6       74
  MINIMUM         61    521 AM  47    1965  63     -2       61
  AVERAGE         69                        73     -4       68

PRECIPITATION (IN)
  TODAY            0.34          1.52 1876   0.10   0.24     0.00
  MONTH TO DATE    0.34                      0.10   0.24     0.00
  SINCE JUN 1      1.64                      3.62  -1.98     5.32
  SINCE JAN 1     14.37                     16.16  -1.79    17.06

SNOWFALL (IN)
  TODAY            0.0           0.0    MM   0.0    0.0      0.0
  MONTH TO DATE    0.0                       0.0    0.0      0.0
  SINCE JUN 1      0.0                       0.0    0.0      0.0
  SINCE JUL 1      0.0                       0.0    0.0      0.0
  SNOW DEPTH       0

DEGREE DAYS
 HEATING
  TODAY            0                         0      0        0
  MONTH TO DATE    0                         0      0        0
  SINCE JUN 1     14                        35    -21       22
  SINCE JUL 1      0                         0      0        0

 COOLING
  TODAY            4                         8     -4        3
  MONTH TO DATE    4                         8     -4        3
  SINCE JUN 1    207                       175     32      143
  SINCE JAN 1    285                       223     62      247
..................................................................


WIND (MPH)
  HIGHEST WIND SPEED    22   HIGHEST WIND DIRECTION     W (290)
  HIGHEST GUST SPEED    28   HIGHEST GUST DIRECTION    NW (320)
  AVERAGE WIND SPEED    10.8


SKY COVER
  POSSIBLE SUNSHINE  MM
  AVERAGE SKY COVER 0.8


WEATHER CONDITIONS
 THE FOLLOWING WEATHER WAS RECORDED TODAY.
  HEAVY RAIN
  RAIN
  LIGHT RAIN
  FOG


RELATIVE HUMIDITY (PERCENT)
 HIGHEST    93           600 AM
 LOWEST     43           100 PM
 AVERAGE    68

..........................................................


THE DETROIT MI CLIMATE NORMALS FOR TOMORROW
                         NORMAL    RECORD    YEAR
 MAXIMUM TEMPERATURE (F)   83        99      2011
 MINIMUM TEMPERATURE (F)   63        46      2001


SUNRISE AND SUNSET
JULY  1 2016..........SUNRISE   601 AM EDT   SUNSET   913 PM EDT
JULY  2 2016..........SUNRISE   602 AM EDT   SUNSET   913 PM EDT


-  INDICATES NEGATIVE NUMBERS.
R  INDICATES RECORD WAS SET OR TIED.
MM INDICATES DATA IS MISSING.
T  INDICATES TRACE AMOUNT.




$$
