862
CDUS43 KDTX 262130
CLIDTW


CLIMATE REPORT
NATIONAL WEATHER SERVICE DETROIT/PONTIAC MI
429 PM EST SAT NOV 26 2016


...................................

...THE DETROIT MI CLIMATE SUMMARY FOR NOVEMBER 26 2016...
VALID TODAY AS OF 0400 PM LOCAL TIME.

CLIMATE NORMAL PERIOD 1981 TO 2010
CLIMATE RECORD PERIOD 1874 TO 2016


WEATHER ITEM   OBSERVED TIME   RECORD YEAR NORMAL DEPARTURE LAST
                VALUE   (LST)  VALUE       VALUE  FROM      YEAR
                                                  NORMAL
..................................................................
TEMPERATURE (F)
 TODAY
  MAXIMUM         43    112 PM  65    1896  44     -1       62
  MINIMUM         37    816 AM  10    1949  31      6       44
  AVERAGE         40                        37      3       53

PRECIPITATION (IN)
  TODAY            T             1.23 1887   0.09  -0.09     0.02
  MONTH TO DATE    1.45                      2.42  -0.97     1.55
  SINCE SEP 1     10.71                      8.21   2.50     4.81
  SINCE JAN 1     31.93                     30.64   1.29    26.79

SNOWFALL (IN)
  TODAY            0.0           2.1  1972   0.1   -0.1      0.0
  MONTH TO DATE    0.1                       1.1   -1.0      6.2
  SINCE SEP 1      0.1                       1.2   -1.1      6.2
  SINCE JUL 1      0.1                       1.2   -1.1      6.2
  SNOW DEPTH       0

DEGREE DAYS
 HEATING
  TODAY           25                        28     -3       12
  MONTH TO DATE  465                       589   -124      455
  SINCE SEP 1    792                      1090   -298      802
  SINCE JUL 1    792                      1100   -308      812

 COOLING
  TODAY            0                         0      0        0
  MONTH TO DATE    0                         0      0        0
  SINCE SEP 1    154                        92     62      171
  SINCE JAN 1   1177                       803    374      891
..................................................................


WIND (MPH)
  HIGHEST WIND SPEED    21   HIGHEST WIND DIRECTION    NW (300)
  HIGHEST GUST SPEED    25   HIGHEST GUST DIRECTION    NW (300)
  AVERAGE WIND SPEED    11.5


SKY COVER
  POSSIBLE SUNSHINE  MM
  AVERAGE SKY COVER 0.9


WEATHER CONDITIONS
 THE FOLLOWING WEATHER WAS RECORDED TODAY.
  RAIN
  LIGHT RAIN
  FOG


RELATIVE HUMIDITY (PERCENT)
 HIGHEST    92          1200 AM
 LOWEST     57           200 PM
 AVERAGE    75

..........................................................


THE DETROIT MI CLIMATE NORMALS FOR TOMORROW
                         NORMAL    RECORD    YEAR
 MAXIMUM TEMPERATURE (F)   43        69      1990
 MINIMUM TEMPERATURE (F)   30         9      1930


SUNRISE AND SUNSET
NOVEMBER 26 2016......SUNRISE   737 AM EST   SUNSET   504 PM EST
NOVEMBER 27 2016......SUNRISE   739 AM EST   SUNSET   503 PM EST


-  INDICATES NEGATIVE NUMBERS.
R  INDICATES RECORD WAS SET OR TIED.
MM INDICATES DATA IS MISSING.
T  INDICATES TRACE AMOUNT.




$$
