000
CDUS43 KDTX 072028
CLIDTW


CLIMATE REPORT
NATIONAL WEATHER SERVICE DETROIT/PONTIAC MI
426 PM EDT THU AUG 7 2014


...................................

...THE DETROIT MI CLIMATE SUMMARY FOR AUGUST 7 2014...
VALID TODAY AS OF 0400 PM LOCAL TIME.

CLIMATE NORMAL PERIOD 1981 TO 2010
CLIMATE RECORD PERIOD 1874 TO 2014


WEATHER ITEM   OBSERVED TIME   RECORD YEAR NORMAL DEPARTURE LAST
                VALUE   (LST)  VALUE       VALUE  FROM      YEAR
                                                  NORMAL
..................................................................
TEMPERATURE (F)
 TODAY
  MAXIMUM         83    259 PM 100    1918  82      1       85
  MINIMUM         59    551 AM  47    1903  64     -5       67
  AVERAGE         71                        73     -2       76

PRECIPITATION (IN)
  TODAY            0.00          1.26 1916   0.11  -0.11     0.01
  MONTH TO DATE    0.15                      0.76  -0.61     0.04
  SINCE JUN 1      6.58                      7.65  -1.07    10.19
  SINCE JAN 1     21.25                     20.19   1.06    25.04

SNOWFALL (IN)
  TODAY            0.0           0.0    MM   0.0    0.0      0.0
  MONTH TO DATE    0.0                       0.0    0.0      0.0
  SINCE JUN 1      0.0                       0.0    0.0      0.0
  SINCE JUL 1      0.0                       0.0    0.0      0.0
  SNOW DEPTH       0

DEGREE DAYS
 HEATING
  TODAY            0                         0      0        0
  MONTH TO DATE    0                         0      0        0
  SINCE JUN 1     20                        37    -17       27
  SINCE JUL 1      8                         2      6        4

 COOLING
  TODAY            6                         8     -2       11
  MONTH TO DATE   47                        56     -9       39
  SINCE JUN 1    399                       494    -95      502
  SINCE JAN 1    463                       542    -79      605
..................................................................


WIND (MPH)
  HIGHEST WIND SPEED     9   HIGHEST WIND DIRECTION     N (340)
  HIGHEST GUST SPEED    13   HIGHEST GUST DIRECTION    NW (320)
  AVERAGE WIND SPEED     1.5


SKY COVER
  POSSIBLE SUNSHINE  MM
  AVERAGE SKY COVER 0.4


WEATHER CONDITIONS
 THE FOLLOWING WEATHER WAS RECORDED TODAY.
  HAZE


RELATIVE HUMIDITY (PERCENT)
 HIGHEST    87           500 AM
 LOWEST     37           300 PM
 AVERAGE    62

..........................................................


THE DETROIT MI CLIMATE NORMALS FOR TOMORROW
                         NORMAL    RECORD    YEAR
 MAXIMUM TEMPERATURE (F)   82        99      2001
 MINIMUM TEMPERATURE (F)   64        47      1989


SUNRISE AND SUNSET
AUGUST  7 2014........SUNRISE   632 AM EDT   SUNSET   845 PM EDT
AUGUST  8 2014........SUNRISE   633 AM EDT   SUNSET   844 PM EDT


-  INDICATES NEGATIVE NUMBERS.
R  INDICATES RECORD WAS SET OR TIED.
MM INDICATES DATA IS MISSING.
T  INDICATES TRACE AMOUNT.




$$
