000
CDUS43 KDTX 082042
CLIDTW


CLIMATE REPORT
NATIONAL WEATHER SERVICE DETROIT/PONTIAC MI
441 PM EDT FRI APR 8 2016


...................................

...THE DETROIT MI CLIMATE SUMMARY FOR APRIL 8 2016...
VALID TODAY AS OF 0400 PM LOCAL TIME.

CLIMATE NORMAL PERIOD 1981 TO 2010
CLIMATE RECORD PERIOD 1874 TO 2016


WEATHER ITEM   OBSERVED TIME   RECORD YEAR NORMAL DEPARTURE LAST
                VALUE   (LST)  VALUE       VALUE  FROM      YEAR
                                                  NORMAL
..................................................................
TEMPERATURE (F)
 TODAY
  MAXIMUM         43    131 PM  79    2001  56    -13       47
  MINIMUM         28    619 AM  11    1982  37     -9       38
  AVERAGE         36                        46    -10       43

PRECIPITATION (IN)
  TODAY            T             0.94 2002   0.10  -0.10     0.04
  MONTH TO DATE    0.35                      0.74  -0.39     0.48
  SINCE MAR 1      5.21                      3.02   2.19     1.28
  SINCE JAN 1      8.57                      7.00   1.57     4.08

SNOWFALL (IN)
  TODAY            T             0.8  1902   0.0    0.0      0.0
  MONTH TO DATE    0.5                       0.8   -0.3      0.0
  SINCE MAR 1      7.9                       7.7    0.2      2.8
  SINCE JUL 1     34.5                      41.6   -7.1     47.5
  SNOW DEPTH       0

DEGREE DAYS
 HEATING
  TODAY           29                        19     10       22
  MONTH TO DATE  223                       160     63      147
  SINCE MAR 1    893                      1022   -129     1084
  SINCE JUL 1   4658                      5575   -917     6195

 COOLING
  TODAY            0                         0      0        0
  MONTH TO DATE    0                         0      0        0
  SINCE MAR 1      0                         0      0        0
  SINCE JAN 1      0                         0      0        0
..................................................................


WIND (MPH)
  HIGHEST WIND SPEED    20   HIGHEST WIND DIRECTION    NW (300)
  HIGHEST GUST SPEED    25   HIGHEST GUST DIRECTION    NW (300)
  AVERAGE WIND SPEED    11.3


SKY COVER
  POSSIBLE SUNSHINE  MM
  AVERAGE SKY COVER 0.8


WEATHER CONDITIONS
 THE FOLLOWING WEATHER WAS RECORDED TODAY.
  LIGHT SNOW


RELATIVE HUMIDITY (PERCENT)
 HIGHEST    75          1200 AM
 LOWEST     39          1200 PM
 AVERAGE    57

..........................................................


THE DETROIT MI CLIMATE NORMALS FOR TOMORROW
                         NORMAL    RECORD    YEAR
 MAXIMUM TEMPERATURE (F)   57        78      1931
 MINIMUM TEMPERATURE (F)   37        19      1985
                                             1914


SUNRISE AND SUNSET
APRIL  8 2016.........SUNRISE   703 AM EDT   SUNSET   808 PM EDT
APRIL  9 2016.........SUNRISE   702 AM EDT   SUNSET   809 PM EDT


-  INDICATES NEGATIVE NUMBERS.
R  INDICATES RECORD WAS SET OR TIED.
MM INDICATES DATA IS MISSING.
T  INDICATES TRACE AMOUNT.




$$
