000
CDUS43 KDTX 130538
CLIDTW


CLIMATE REPORT
NATIONAL WEATHER SERVICE DETROIT/PONTIAC MI
137 AM EDT TUE JUN 13 2017


...................................

...THE DETROIT MI CLIMATE SUMMARY FOR JUNE 12 2017...

CLIMATE NORMAL PERIOD 1981 TO 2010
CLIMATE RECORD PERIOD 1874 TO 2017


WEATHER ITEM   OBSERVED TIME   RECORD YEAR NORMAL DEPARTURE LAST
                VALUE   (LST)  VALUE       VALUE  FROM      YEAR
                                                  NORMAL
..................................................................
TEMPERATURE (F)
 YESTERDAY
  MAXIMUM         92    533 PM  94    1956  79     13       80
                                      1894
  MINIMUM         67    534 AM  42    1906  59      8       57
  AVERAGE         80                        69     11       69

PRECIPITATION (IN)
  YESTERDAY        0.00          0.68 2003   0.12  -0.12     0.00
  MONTH TO DATE    0.04                      1.45  -1.41     1.06
  SINCE JUN 1      0.04                      1.45  -1.41     1.06
  SINCE JAN 1     16.97                     13.99   2.98    13.79

SNOWFALL (IN)
  YESTERDAY        0.0           0.0    MM   0.0    0.0      0.0
  MONTH TO DATE    0.0                       0.0    0.0      0.0
  SINCE JUN 1      0.0                       0.0    0.0      0.0
  SINCE JUL 1     37.9                      42.5   -4.6     35.3
  SNOW DEPTH       0

DEGREE DAYS
 HEATING
  YESTERDAY        0                         1     -1        0
  MONTH TO DATE    9                        24    -15       12
  SINCE JUN 1      9                        24    -15       12
  SINCE JUL 1   5155                      6126   -971     5193

 COOLING
  YESTERDAY       15                         5     10        4
  MONTH TO DATE   56                        46     10       59
  SINCE JUN 1     56                        46     10       59
  SINCE JAN 1    102                        94      8      137
..................................................................


WIND (MPH)
  HIGHEST WIND SPEED    25   HIGHEST WIND DIRECTION    SW (220)
  HIGHEST GUST SPEED    32   HIGHEST GUST DIRECTION    SW (220)
  AVERAGE WIND SPEED    11.4


SKY COVER
  POSSIBLE SUNSHINE  MM
  AVERAGE SKY COVER 0.4


WEATHER CONDITIONS
 THE FOLLOWING WEATHER WAS RECORDED YESTERDAY.
  NO SIGNIFICANT WEATHER WAS OBSERVED.


RELATIVE HUMIDITY (PERCENT)
 HIGHEST    78           600 AM
 LOWEST     32           400 PM
 AVERAGE    55

..........................................................


THE DETROIT MI CLIMATE NORMALS FOR TODAY
                         NORMAL    RECORD    YEAR
 MAXIMUM TEMPERATURE (F)   79        96      1956
 MINIMUM TEMPERATURE (F)   59        42      1875


SUNRISE AND SUNSET
JUNE 13 2017..........SUNRISE   556 AM EDT   SUNSET   911 PM EDT
JUNE 14 2017..........SUNRISE   556 AM EDT   SUNSET   911 PM EDT


-  INDICATES NEGATIVE NUMBERS.
R  INDICATES RECORD WAS SET OR TIED.
MM INDICATES DATA IS MISSING.
T  INDICATES TRACE AMOUNT.




$$
