000
CDUS43 KDTX 060539
CLIDTW


CLIMATE REPORT
NATIONAL WEATHER SERVICE DETROIT/PONTIAC MI
139 AM EDT MON JUL 6 2015


...................................

...THE DETROIT MI CLIMATE SUMMARY FOR JULY 5 2015...

CLIMATE NORMAL PERIOD 1981 TO 2010
CLIMATE RECORD PERIOD 1874 TO 2015


WEATHER ITEM   OBSERVED TIME   RECORD YEAR NORMAL DEPARTURE LAST
                VALUE   (LST)  VALUE       VALUE  FROM      YEAR
                                                  NORMAL
..................................................................
TEMPERATURE (F)
 YESTERDAY
  MAXIMUM         82    239 PM  96    1988  83     -1       78
                                      1977
                                      1921
  MINIMUM         60    555 AM  47    1972  64     -4       54
  AVERAGE         71                        74     -3       66

PRECIPITATION (IN)
  YESTERDAY        0.00          1.76 2012   0.10  -0.10     0.00
  MONTH TO DATE    0.00                      0.51  -0.51     0.55
  SINCE JUN 1      5.32                      4.03   1.29     4.55
  SINCE JAN 1     17.06                     16.57   0.49    19.22

SNOWFALL (IN)
  YESTERDAY        0.0           0.0    MM   0.0    0.0      0.0
  MONTH TO DATE    0.0                       0.0    0.0      0.0
  SINCE JUN 1      0.0                       0.0    0.0      0.0
  SINCE JUL 1      0.0                       0.0    0.0      0.0
  SNOW DEPTH       0

DEGREE DAYS
 HEATING
  YESTERDAY        0                         0      0        0
  MONTH TO DATE    0                         0      0        0
  SINCE JUN 1     22                        35    -13       12
  SINCE JUL 1      0                         0      0        0

 COOLING
  YESTERDAY        6                         9     -3        1
  MONTH TO DATE   15                        42    -27       22
  SINCE JUN 1    155                       209    -54      207
  SINCE JAN 1    259                       257      2      271
..................................................................


WIND (MPH)
  HIGHEST WIND SPEED    10   HIGHEST WIND DIRECTION    SE (150)
  HIGHEST GUST SPEED    14   HIGHEST GUST DIRECTION     S (160)
  AVERAGE WIND SPEED     3.8


SKY COVER
  POSSIBLE SUNSHINE  MM
  AVERAGE SKY COVER 0.4


WEATHER CONDITIONS
 THE FOLLOWING WEATHER WAS RECORDED YESTERDAY.
  FOG
  HAZE


RELATIVE HUMIDITY (PERCENT)
 HIGHEST    90           600 AM
 LOWEST     39           400 PM
 AVERAGE    65

..........................................................


THE DETROIT MI CLIMATE NORMALS FOR TODAY
                         NORMAL    RECORD    YEAR
 MAXIMUM TEMPERATURE (F)   84       100      1988
                                             1977
 MINIMUM TEMPERATURE (F)   64        42      1972


SUNRISE AND SUNSET
JULY  6 2015..........SUNRISE   603 AM EDT   SUNSET   912 PM EDT
JULY  7 2015..........SUNRISE   604 AM EDT   SUNSET   912 PM EDT


-  INDICATES NEGATIVE NUMBERS.
R  INDICATES RECORD WAS SET OR TIED.
MM INDICATES DATA IS MISSING.
T  INDICATES TRACE AMOUNT.




$$
