283
CDUS43 KDTX 020539
CLIDTW


CLIMATE REPORT
NATIONAL WEATHER SERVICE DETROIT/PONTIAC MI
138 AM EDT MON MAY 2 2016


...................................

...THE DETROIT MI CLIMATE SUMMARY FOR MAY 1 2016...

CLIMATE NORMAL PERIOD 1981 TO 2010
CLIMATE RECORD PERIOD 1874 TO 2016


WEATHER ITEM   OBSERVED TIME   RECORD YEAR NORMAL DEPARTURE LAST
                VALUE   (LST)  VALUE       VALUE  FROM      YEAR
                                                  NORMAL
..................................................................
TEMPERATURE (F)
 YESTERDAY
  MAXIMUM         55    316 PM  86    1942  65    -10       75
  MINIMUM         48   1159 PM  26    1978  45      3       46
  AVERAGE         52                        55     -3       61

PRECIPITATION (IN)
  YESTERDAY        0.04          1.46 1875   0.10  -0.06     0.00
  MONTH TO DATE    0.04                      0.10  -0.06     0.00
  SINCE MAR 1      7.21                      5.28   1.93     3.41
  SINCE JAN 1     10.57                      9.26   1.31     6.21

SNOWFALL (IN)
  YESTERDAY        0.0           0.3  1909   0.0    0.0      0.0
  MONTH TO DATE    0.0                       0.0    0.0      0.0
  SINCE MAR 1      8.7                       8.6    0.1      2.8
  SINCE JUL 1     35.3                      42.5   -7.2     47.5
  SNOW DEPTH       0

DEGREE DAYS
 HEATING
  YESTERDAY       13                        11      2        4
  MONTH TO DATE   13                        11      2        4
  SINCE MAR 1   1237                      1352   -115     1382
  SINCE JUL 1   5002                      5905   -903     6493

 COOLING
  YESTERDAY        0                         0      0        0
  MONTH TO DATE    0                         0      0        0
  SINCE MAR 1      0                         6     -6        0
  SINCE JAN 1      0                         6     -6        0
..................................................................


WIND (MPH)
  HIGHEST WIND SPEED    17   HIGHEST WIND DIRECTION     N (10)
  HIGHEST GUST SPEED    20   HIGHEST GUST DIRECTION     N (360)
  AVERAGE WIND SPEED     8.0


SKY COVER
  POSSIBLE SUNSHINE  MM
  AVERAGE SKY COVER 1.0


WEATHER CONDITIONS
 THE FOLLOWING WEATHER WAS RECORDED YESTERDAY.
  RAIN
  LIGHT RAIN
  FOG
  HAZE


RELATIVE HUMIDITY (PERCENT)
 HIGHEST   100           800 AM
 LOWEST     77           300 PM
 AVERAGE    89

..........................................................


THE DETROIT MI CLIMATE NORMALS FOR TODAY
                         NORMAL    RECORD    YEAR
 MAXIMUM TEMPERATURE (F)   66        85      2012
                                             1901
 MINIMUM TEMPERATURE (F)   45        29      1978
                                             1875


SUNRISE AND SUNSET
MAY  2 2016...........SUNRISE   627 AM EDT   SUNSET   834 PM EDT
MAY  3 2016...........SUNRISE   626 AM EDT   SUNSET   835 PM EDT


-  INDICATES NEGATIVE NUMBERS.
R  INDICATES RECORD WAS SET OR TIED.
MM INDICATES DATA IS MISSING.
T  INDICATES TRACE AMOUNT.




$$
