000
CDUS43 KDTX 050555
CLIDTW


CLIMATE REPORT
NATIONAL WEATHER SERVICE DETROIT/PONTIAC MI
1255 AM EST MON DEC 5 2016


...................................

...THE DETROIT MI CLIMATE SUMMARY FOR DECEMBER 4 2016...

CLIMATE NORMAL PERIOD 1981 TO 2010
CLIMATE RECORD PERIOD 1874 TO 2016


WEATHER ITEM   OBSERVED TIME   RECORD YEAR NORMAL DEPARTURE LAST
                VALUE   (LST)  VALUE       VALUE  FROM      YEAR
                                                  NORMAL
..................................................................
TEMPERATURE (F)
 YESTERDAY
  MAXIMUM         39    201 PM  64    1941  40     -1       45
  MINIMUM         33   1159 PM   3    2002  28      5       31
  AVERAGE         36                        34      2       38

PRECIPITATION (IN)
  YESTERDAY        0.18          0.90 1920   0.09   0.09     0.00
  MONTH TO DATE    0.18                      0.34  -0.16     0.14
  SINCE DEC 1      0.18                      0.34  -0.16     0.14
  SINCE JAN 1     32.76                     31.35   1.41    27.44

SNOWFALL (IN)
  YESTERDAY       MM             7.0  1898   0.2   MM        0.0
  MONTH TO DATE    T                         0.8   -0.8      0.4
  SINCE DEC 1      T                         0.8   -0.8      0.4
  SINCE JUL 1      0.1                       2.4   -2.3      6.6
  SNOW DEPTH       0

DEGREE DAYS
 HEATING
  YESTERDAY       29                        31     -2       27
  MONTH TO DATE  112                       122    -10      104
  SINCE DEC 1    112                       122    -10      104
  SINCE JUL 1    980                      1337   -357     1024

 COOLING
  YESTERDAY        0                         0      0        0
  MONTH TO DATE    0                         0      0        0
  SINCE DEC 1      0                         0      0        0
  SINCE JAN 1   1177                       803    374      891
..................................................................


WIND (MPH)
  HIGHEST WIND SPEED    10   HIGHEST WIND DIRECTION     E (110)
  HIGHEST GUST SPEED    15   HIGHEST GUST DIRECTION     E (110)
  AVERAGE WIND SPEED     4.7


SKY COVER
  POSSIBLE SUNSHINE  MM
  AVERAGE SKY COVER 1.0


WEATHER CONDITIONS
 THE FOLLOWING WEATHER WAS RECORDED YESTERDAY.
  SNOW
  LIGHT SNOW
  FOG
  HAZE


RELATIVE HUMIDITY (PERCENT)
 HIGHEST   100           900 PM
 LOWEST     64          1000 AM
 AVERAGE    82

..........................................................


THE DETROIT MI CLIMATE NORMALS FOR TODAY
                         NORMAL    RECORD    YEAR
 MAXIMUM TEMPERATURE (F)   40        67      2001
 MINIMUM TEMPERATURE (F)   27         6      1974


SUNRISE AND SUNSET
DECEMBER  5 2016......SUNRISE   747 AM EST   SUNSET   501 PM EST
DECEMBER  6 2016......SUNRISE   748 AM EST   SUNSET   501 PM EST


-  INDICATES NEGATIVE NUMBERS.
R  INDICATES RECORD WAS SET OR TIED.
MM INDICATES DATA IS MISSING.
T  INDICATES TRACE AMOUNT.




$$
