000
CDUS43 KDTX 260535
CLIDTW


CLIMATE REPORT
NATIONAL WEATHER SERVICE DETROIT/PONTIAC MI
135 AM EDT TUE APR 26 2016


...................................

...THE DETROIT MI CLIMATE SUMMARY FOR APRIL 25 2016...

CLIMATE NORMAL PERIOD 1981 TO 2010
CLIMATE RECORD PERIOD 1874 TO 2016


WEATHER ITEM   OBSERVED TIME   RECORD YEAR NORMAL DEPARTURE LAST
                VALUE   (LST)  VALUE       VALUE  FROM      YEAR
                                                  NORMAL
..................................................................
TEMPERATURE (F)
 YESTERDAY
  MAXIMUM         73    244 PM  87    1994  63     10       54
                                      1990
                                      1915
  MINIMUM         46    204 AM  26    1892  43      3       41
  AVERAGE         60                        53      7       48

PRECIPITATION (IN)
  YESTERDAY        0.09          1.41 1961   0.10  -0.01     0.02
  MONTH TO DATE    1.19                      2.41  -1.22     2.31
  SINCE MAR 1      6.05                      4.69   1.36     3.11
  SINCE JAN 1      9.41                      8.67   0.74     5.91

SNOWFALL (IN)
  YESTERDAY        0.0           0.4  1976   0.0    0.0      0.0
  MONTH TO DATE    1.3                       1.6   -0.3       T
  SINCE MAR 1      8.7                       8.5    0.2      2.8
  SINCE JUL 1     35.3                      42.4   -7.1     47.5
  SNOW DEPTH       0

DEGREE DAYS
 HEATING
  YESTERDAY        5                        13     -8       17
  MONTH TO DATE  470                       422     48      367
  SINCE MAR 1   1140                      1284   -144     1304
  SINCE JUL 1   4905                      5837   -932     6415

 COOLING
  YESTERDAY        0                         0      0        0
  MONTH TO DATE    0                         0      0        0
  SINCE MAR 1      0                         0      0        0
  SINCE JAN 1      0                         0      0        0
..................................................................


WIND (MPH)
  HIGHEST WIND SPEED    18   HIGHEST WIND DIRECTION    NW (330)
  HIGHEST GUST SPEED    25   HIGHEST GUST DIRECTION    NW (320)
  AVERAGE WIND SPEED     5.9


SKY COVER
  POSSIBLE SUNSHINE  MM
  AVERAGE SKY COVER 0.9


WEATHER CONDITIONS
 THE FOLLOWING WEATHER WAS RECORDED YESTERDAY.
  THUNDERSTORM
  RAIN
  LIGHT RAIN
  FOG


RELATIVE HUMIDITY (PERCENT)
 HIGHEST    66          1000 PM
 LOWEST     40           100 PM
 AVERAGE    53

..........................................................


THE DETROIT MI CLIMATE NORMALS FOR TODAY
                         NORMAL    RECORD    YEAR
 MAXIMUM TEMPERATURE (F)   63        86      2009
                                             1915
 MINIMUM TEMPERATURE (F)   43        27      1926


SUNRISE AND SUNSET
APRIL 26 2016.........SUNRISE   635 AM EDT   SUNSET   828 PM EDT
APRIL 27 2016.........SUNRISE   634 AM EDT   SUNSET   829 PM EDT


-  INDICATES NEGATIVE NUMBERS.
R  INDICATES RECORD WAS SET OR TIED.
MM INDICATES DATA IS MISSING.
T  INDICATES TRACE AMOUNT.




$$
