000
CDUS43 KDTX 020538
CLIDTW


CLIMATE REPORT
NATIONAL WEATHER SERVICE DETROIT/PONTIAC MI
138 AM EDT THU OCT 2 2014


...................................

...THE DETROIT MI CLIMATE SUMMARY FOR OCTOBER 1 2014...

CLIMATE NORMAL PERIOD 1981 TO 2010
CLIMATE RECORD PERIOD 1874 TO 2014


WEATHER ITEM   OBSERVED TIME   RECORD YEAR NORMAL DEPARTURE LAST
                VALUE   (LST)  VALUE       VALUE  FROM      YEAR
                                                  NORMAL
..................................................................
TEMPERATURE (F)
 YESTERDAY
  MAXIMUM         67    416 PM  88    1897  68     -1       72
  MINIMUM         52    158 AM  31    1947  48      4       52
  AVERAGE         60                        58      2       62

PRECIPITATION (IN)
  YESTERDAY        0.00          1.55 1945   0.09  -0.09     0.00
  MONTH TO DATE    0.00                      0.09  -0.09     0.00
  SINCE SEP 1      4.71                      3.36   1.35     1.20
  SINCE JAN 1     32.13                     25.79   6.34    32.18

SNOWFALL (IN)
  YESTERDAY        0.0           T    1974   0.0    0.0      0.0
  MONTH TO DATE    0.0                       0.0    0.0      0.0
  SINCE SEP 1      0.0                       0.0    0.0      0.0
  SINCE JUL 1      0.0                       0.0    0.0      0.0
  SNOW DEPTH       0

DEGREE DAYS
 HEATING
  YESTERDAY        5                         8     -3        3
  MONTH TO DATE    5                         8     -3        3
  SINCE SEP 1    113                       112      1      101
  SINCE JUL 1    126                       122      4      113

 COOLING
  YESTERDAY        0                         1     -1        0
  MONTH TO DATE    0                         1     -1        0
  SINCE SEP 1     72                        85    -13       78
  SINCE JAN 1    704                       796    -92      871
..................................................................


WIND (MPH)
  HIGHEST WIND SPEED     9   HIGHEST WIND DIRECTION     S (190)
  HIGHEST GUST SPEED    12   HIGHEST GUST DIRECTION     S (180)
  AVERAGE WIND SPEED     2.2


SKY COVER
  POSSIBLE SUNSHINE  MM
  AVERAGE SKY COVER 0.8


WEATHER CONDITIONS
 THE FOLLOWING WEATHER WAS RECORDED YESTERDAY.
  FOG
  HAZE


RELATIVE HUMIDITY (PERCENT)
 HIGHEST    93           300 AM
 LOWEST     58           200 PM
 AVERAGE    76

..........................................................


THE DETROIT MI CLIMATE NORMALS FOR TODAY
                         NORMAL    RECORD    YEAR
 MAXIMUM TEMPERATURE (F)   67        86      1971
 MINIMUM TEMPERATURE (F)   48        29      1974


SUNRISE AND SUNSET
OCTOBER  2 2014.......SUNRISE   731 AM EDT   SUNSET   713 PM EDT
OCTOBER  3 2014.......SUNRISE   732 AM EDT   SUNSET   711 PM EDT


-  INDICATES NEGATIVE NUMBERS.
R  INDICATES RECORD WAS SET OR TIED.
MM INDICATES DATA IS MISSING.
T  INDICATES TRACE AMOUNT.




$$
