000
CDUS43 KDTX 011230 CCA
CLIDTW

CLIMATE REPORT...CORRECTED SNOWFALL
NATIONAL WEATHER SERVICE DETROIT/PONTIAC MI
155 AM EDT MON JUN 1 2015


...................................

...THE DETROIT MI CLIMATE SUMMARY FOR MAY 31 2015...

CLIMATE NORMAL PERIOD 1981 TO 2010
CLIMATE RECORD PERIOD 1874 TO 2015


WEATHER ITEM   OBSERVED TIME   RECORD YEAR NORMAL DEPARTURE LAST
                VALUE   (LST)  VALUE       VALUE  FROM      YEAR
                                                  NORMAL
..................................................................
TEMPERATURE (F)
 YESTERDAY
  MAXIMUM         54   1215 AM  95    1895  75    -21       80
  MINIMUM         49   1159 PM  34    1910  55     -6       60
  AVERAGE         52                        65    -13       70

PRECIPITATION (IN)
  YESTERDAY        0.94          1.98 1946   0.11   0.83     0.00
  MONTH TO DATE    5.53                      3.38   2.15     4.87
  SINCE MAR 1      8.94                      8.56   0.38     8.93
  SINCE JAN 1     11.74                     12.54  -0.80    14.67

SNOWFALL (IN)
  YESTERDAY        0.0             T   1910  0.0     MM      0.0
  MONTH TO DATE    0.0                       T      0.0      0.0
  SINCE MAR 1      2.8                       8.6   -5.8     15.7
  SINCE JUL 1     47.5                      42.5    5.0     94.9
  SNOW DEPTH       0

DEGREE DAYS
 HEATING
  YESTERDAY       13                         3     10        0
  MONTH TO DATE  109                       208    -99      169
  SINCE MAR 1   1487                      1549    -62     1761
  SINCE JUL 1   6598                      6102    496     7011

 COOLING
  YESTERDAY        0                         3     -3        5
  MONTH TO DATE  104                        42     62       64
  SINCE MAR 1    104                        48     56       64
  SINCE JAN 1    104                        48     56       64
..................................................................


WIND (MPH)
  HIGHEST WIND SPEED    24   HIGHEST WIND DIRECTION    NE (50)
  HIGHEST GUST SPEED    37   HIGHEST GUST DIRECTION     E (70)
  AVERAGE WIND SPEED    13.5


SKY COVER
  POSSIBLE SUNSHINE  MM
  AVERAGE SKY COVER 1.0


WEATHER CONDITIONS
 THE FOLLOWING WEATHER WAS RECORDED YESTERDAY.
  HEAVY RAIN
  RAIN
  LIGHT RAIN
  FOG


RELATIVE HUMIDITY (PERCENT)
 HIGHEST    89          1200 AM
 LOWEST     71           700 PM
 AVERAGE    80

..........................................................


THE DETROIT MI CLIMATE NORMALS FOR TODAY
                         NORMAL    RECORD    YEAR
 MAXIMUM TEMPERATURE (F)   75        97      1934
 MINIMUM TEMPERATURE (F)   55        36      1966


SUNRISE AND SUNSET
JUNE  1 2015..........SUNRISE   600 AM EDT   SUNSET   903 PM EDT
JUNE  2 2015..........SUNRISE   559 AM EDT   SUNSET   904 PM EDT


-  INDICATES NEGATIVE NUMBERS.
R  INDICATES RECORD WAS SET OR TIED.
MM INDICATES DATA IS MISSING.
T  INDICATES TRACE AMOUNT.




$$
