000
CDUS43 KDTX 230547
CLIDTW


CLIMATE REPORT
NATIONAL WEATHER SERVICE DETROIT/PONTIAC MI
147 AM EDT THU MAR 23 2017


...................................

...THE DETROIT MI CLIMATE SUMMARY FOR MARCH 22 2017...

CLIMATE NORMAL PERIOD 1981 TO 2010
CLIMATE RECORD PERIOD 1874 TO 2017


WEATHER ITEM   OBSERVED TIME   RECORD YEAR NORMAL DEPARTURE LAST
                VALUE   (LST)  VALUE       VALUE  FROM      YEAR
                                                  NORMAL
..................................................................
TEMPERATURE (F)
 YESTERDAY
  MAXIMUM         39    449 PM  86    2012  48     -9       63
  MINIMUM         22    656 AM   3    1885  31     -9       32
  AVERAGE         31                        40     -9       48

PRECIPITATION (IN)
  YESTERDAY        0.00          0.93 1916   0.07  -0.07     0.00
  MONTH TO DATE    1.68                      1.56   0.12     1.98
  SINCE MAR 1      1.68                      1.56   0.12     1.98
  SINCE JAN 1      6.41                      5.54   0.87     5.34

SNOWFALL (IN)
  YESTERDAY        0.0           9.5  1916   0.1   -0.1      0.0
  MONTH TO DATE    6.9                       5.5    1.4      7.4
  SINCE MAR 1      6.9                       5.5    1.4      7.4
  SINCE JUL 1     37.8                      39.4   -1.6     34.0
  SNOW DEPTH       0

DEGREE DAYS
 HEATING
  YESTERDAY       34                        26      8       17
  MONTH TO DATE  689                       651     38      498
  SINCE MAR 1    689                       651     38      498
  SINCE JUL 1   4427                      5204   -777     4263

 COOLING
  YESTERDAY        0                         0      0        0
  MONTH TO DATE    0                         0      0        0
  SINCE MAR 1      0                         0      0        0
  SINCE JAN 1      0                         0      0        0
..................................................................


WIND (MPH)
  HIGHEST WIND SPEED    24   HIGHEST WIND DIRECTION     N (360)
  HIGHEST GUST SPEED    30   HIGHEST GUST DIRECTION     N (360)
  AVERAGE WIND SPEED     8.6


SKY COVER
  POSSIBLE SUNSHINE  MM
  AVERAGE SKY COVER 0.2


WEATHER CONDITIONS
 THE FOLLOWING WEATHER WAS RECORDED YESTERDAY.
  NO SIGNIFICANT WEATHER WAS OBSERVED.


RELATIVE HUMIDITY (PERCENT)
 HIGHEST    63          1000 PM
 LOWEST     29           300 PM
 AVERAGE    46

..........................................................


THE DETROIT MI CLIMATE NORMALS FOR TODAY
                         NORMAL    RECORD    YEAR
 MAXIMUM TEMPERATURE (F)   49        73      2012
                                             1994
                                             1988
 MINIMUM TEMPERATURE (F)   31         2      1888


SUNRISE AND SUNSET
MARCH 23 2017.........SUNRISE   731 AM EDT   SUNSET   749 PM EDT
MARCH 24 2017.........SUNRISE   729 AM EDT   SUNSET   750 PM EDT


-  INDICATES NEGATIVE NUMBERS.
R  INDICATES RECORD WAS SET OR TIED.
MM INDICATES DATA IS MISSING.
T  INDICATES TRACE AMOUNT.




$$
