000
CDUS43 KDTX 240539
CLIDTW


CLIMATE REPORT
NATIONAL WEATHER SERVICE DETROIT/PONTIAC MI
139 AM EDT SAT JUN 24 2017


...................................

...THE DETROIT MI CLIMATE SUMMARY FOR JUNE 23 2017...

CLIMATE NORMAL PERIOD 1981 TO 2010
CLIMATE RECORD PERIOD 1874 TO 2017


WEATHER ITEM   OBSERVED TIME   RECORD YEAR NORMAL DEPARTURE LAST
                VALUE   (LST)  VALUE       VALUE  FROM      YEAR
                                                  NORMAL
..................................................................
TEMPERATURE (F)
 YESTERDAY
  MAXIMUM         82   1236 PM  95    1923  82      0       78
                                      1911
  MINIMUM         66   1159 PM  42    1877  62      4       64
  AVERAGE         74                        72      2       71

PRECIPITATION (IN)
  YESTERDAY        0.11          1.08 2015   0.12  -0.01      T
  MONTH TO DATE    1.46                      2.75  -1.29     1.30
  SINCE JUN 1      1.46                      2.75  -1.29     1.30
  SINCE JAN 1     18.39                     15.29   3.10    14.03

SNOWFALL (IN)
  YESTERDAY        0.0           0.0    MM   0.0    0.0      0.0
  MONTH TO DATE    0.0                       0.0    0.0      0.0
  SINCE JUN 1      0.0                       0.0    0.0      0.0
  SINCE JUL 1     37.9                      42.5   -4.6     35.3
  SNOW DEPTH       0

DEGREE DAYS
 HEATING
  YESTERDAY        0                         0      0        0
  MONTH TO DATE    9                        34    -25       14
  SINCE JUN 1      9                        34    -25       14
  SINCE JUL 1   5155                      6136   -981     5195

 COOLING
  YESTERDAY        9                         7      2        6
  MONTH TO DATE  170                       113     57      149
  SINCE JUN 1    170                       113     57      149
  SINCE JAN 1    216                       161     55      227
..................................................................


WIND (MPH)
  HIGHEST WIND SPEED    17   HIGHEST WIND DIRECTION    NW (300)
  HIGHEST GUST SPEED    23   HIGHEST GUST DIRECTION    NW (320)
  AVERAGE WIND SPEED     9.6


SKY COVER
  POSSIBLE SUNSHINE  MM
  AVERAGE SKY COVER 0.9


WEATHER CONDITIONS
 THE FOLLOWING WEATHER WAS RECORDED YESTERDAY.
  LIGHT RAIN
  FOG


RELATIVE HUMIDITY (PERCENT)
 HIGHEST    93           700 AM
 LOWEST     62           200 PM
 AVERAGE    78

..........................................................


THE DETROIT MI CLIMATE NORMALS FOR TODAY
                         NORMAL    RECORD    YEAR
 MAXIMUM TEMPERATURE (F)   82        97      1952
 MINIMUM TEMPERATURE (F)   62        45      1881


SUNRISE AND SUNSET
JUNE 24 2017..........SUNRISE   558 AM EDT   SUNSET   914 PM EDT
JUNE 25 2017..........SUNRISE   558 AM EDT   SUNSET   914 PM EDT


-  INDICATES NEGATIVE NUMBERS.
R  INDICATES RECORD WAS SET OR TIED.
MM INDICATES DATA IS MISSING.
T  INDICATES TRACE AMOUNT.




$$
