000
CDUS43 KDTX 142029
CLIDTW


CLIMATE REPORT
NATIONAL WEATHER SERVICE DETROIT/PONTIAC MI
428 PM EDT MON AUG 14 2017


...................................

...THE DETROIT MI CLIMATE SUMMARY FOR AUGUST 14 2017...
VALID TODAY AS OF 0400 PM LOCAL TIME.

CLIMATE NORMAL PERIOD 1981 TO 2010
CLIMATE RECORD PERIOD 1874 TO 2017


WEATHER ITEM   OBSERVED TIME   RECORD YEAR NORMAL DEPARTURE LAST
                VALUE   (LST)  VALUE       VALUE  FROM      YEAR
                                                  NORMAL
..................................................................
TEMPERATURE (F)
 TODAY
  MAXIMUM         83    257 PM  99    1944  82      1       83
  MINIMUM         62    527 AM  48    1964  63     -1       69
  AVERAGE         73                        72      1       76

PRECIPITATION (IN)
  TODAY            0.00          1.86 1905   0.10  -0.10     0.26
  MONTH TO DATE    0.63                      1.45  -0.82     1.48
  SINCE JUN 1      5.09                      8.34  -3.25     4.35
  SINCE JAN 1     22.02                     20.88   1.14    17.08

SNOWFALL (IN)
  TODAY            0.0           0.0    MM   0.0    0.0      0.0
  MONTH TO DATE    0.0                       0.0    0.0      0.0
  SINCE JUN 1      0.0                       0.0    0.0      0.0
  SINCE JUL 1      0.0                       0.0    0.0      0.0
  SNOW DEPTH       0

DEGREE DAYS
 HEATING
  TODAY            0                         0      0        0
  MONTH TO DATE    0                         0      0        0
  SINCE JUN 1     11                        37    -26       14
  SINCE JUL 1      0                         2     -2        0

 COOLING
  TODAY            8                         8      0       11
  MONTH TO DATE  107                       112     -5      201
  SINCE JUN 1    609                       550     59      774
  SINCE JAN 1    655                       598     57      852
..................................................................


WIND (MPH)
  HIGHEST WIND SPEED    15   HIGHEST WIND DIRECTION     S (180)
  HIGHEST GUST SPEED    22   HIGHEST GUST DIRECTION     S (160)
  AVERAGE WIND SPEED     3.5


SKY COVER
  POSSIBLE SUNSHINE  MM
  AVERAGE SKY COVER 0.7


WEATHER CONDITIONS
 THE FOLLOWING WEATHER WAS RECORDED TODAY.
  NO SIGNIFICANT WEATHER WAS OBSERVED.


RELATIVE HUMIDITY (PERCENT)
 HIGHEST    78          1200 AM
 LOWEST     43           200 PM
 AVERAGE    61

..........................................................


THE DETROIT MI CLIMATE NORMALS FOR TOMORROW
                         NORMAL    RECORD    YEAR
 MAXIMUM TEMPERATURE (F)   82        97      1965
 MINIMUM TEMPERATURE (F)   63        46      1979


SUNRISE AND SUNSET
AUGUST 14 2017........SUNRISE   640 AM EDT   SUNSET   835 PM EDT
AUGUST 15 2017........SUNRISE   641 AM EDT   SUNSET   834 PM EDT


-  INDICATES NEGATIVE NUMBERS.
R  INDICATES RECORD WAS SET OR TIED.
MM INDICATES DATA IS MISSING.
T  INDICATES TRACE AMOUNT.




$$
