000
CDUS43 KDTX 180555
CLIDTW


CLIMATE REPORT
NATIONAL WEATHER SERVICE DETROIT/PONTIAC MI
155 AM EDT SUN JUN 18 2017


...................................

...THE DETROIT MI CLIMATE SUMMARY FOR JUNE 17 2017...

CLIMATE NORMAL PERIOD 1981 TO 2010
CLIMATE RECORD PERIOD 1874 TO 2017


WEATHER ITEM   OBSERVED TIME   RECORD YEAR NORMAL DEPARTURE LAST
                VALUE   (LST)  VALUE       VALUE  FROM      YEAR
                                                  NORMAL
..................................................................
TEMPERATURE (F)
 YESTERDAY
  MAXIMUM         89    524 PM  99    1994  80      9       87
  MINIMUM         68    445 AM  43    1980  60      8       59
  AVERAGE         79                        70      9       73

PRECIPITATION (IN)
  YESTERDAY        0.01          1.62 1881   0.11  -0.10     0.00
  MONTH TO DATE    0.34                      2.07  -1.73     1.30
  SINCE JUN 1      0.34                      2.07  -1.73     1.30
  SINCE JAN 1     17.27                     14.61   2.66    14.03

SNOWFALL (IN)
  YESTERDAY        0.0           0.0    MM   0.0    0.0      0.0
  MONTH TO DATE    0.0                       0.0    0.0      0.0
  SINCE JUN 1      0.0                       0.0    0.0      0.0
  SINCE JUL 1     37.9                      42.5   -4.6     35.3
  SNOW DEPTH       0

DEGREE DAYS
 HEATING
  YESTERDAY        0                         1     -1        0
  MONTH TO DATE    9                        29    -20       14
  SINCE JUN 1      9                        29    -20       14
  SINCE JUL 1   5155                      6131   -976     5195

 COOLING
  YESTERDAY       14                         6      8        8
  MONTH TO DATE  124                        73     51       88
  SINCE JUN 1    124                        73     51       88
  SINCE JAN 1    170                       121     49      166
..................................................................


WIND (MPH)
  HIGHEST WIND SPEED    29   HIGHEST WIND DIRECTION     S (200)
  HIGHEST GUST SPEED    35   HIGHEST GUST DIRECTION     S (200)
  AVERAGE WIND SPEED    12.5


SKY COVER
  POSSIBLE SUNSHINE  MM
  AVERAGE SKY COVER 0.7


WEATHER CONDITIONS
 THE FOLLOWING WEATHER WAS RECORDED YESTERDAY.
  THUNDERSTORM
  LIGHT RAIN


RELATIVE HUMIDITY (PERCENT)
 HIGHEST    90           200 AM
 LOWEST     46           500 PM
 AVERAGE    68

..........................................................


THE DETROIT MI CLIMATE NORMALS FOR TODAY
                         NORMAL    RECORD    YEAR
 MAXIMUM TEMPERATURE (F)   80        99      1994
 MINIMUM TEMPERATURE (F)   61        47      1980
                                             1960
                                             1950


SUNRISE AND SUNSET
JUNE 18 2017..........SUNRISE   557 AM EDT   SUNSET   913 PM EDT
JUNE 19 2017..........SUNRISE   557 AM EDT   SUNSET   913 PM EDT


-  INDICATES NEGATIVE NUMBERS.
R  INDICATES RECORD WAS SET OR TIED.
MM INDICATES DATA IS MISSING.
T  INDICATES TRACE AMOUNT.




$$
