000
CDUS43 KDTX 240537
CLIDTW


CLIMATE REPORT
NATIONAL WEATHER SERVICE DETROIT/PONTIAC MI
1237 AM EST SAT JAN 24 2015


...................................

...THE DETROIT MI CLIMATE SUMMARY FOR JANUARY 23 2015...

CLIMATE NORMAL PERIOD 1981 TO 2010
CLIMATE RECORD PERIOD 1874 TO 2015


WEATHER ITEM   OBSERVED TIME   RECORD YEAR NORMAL DEPARTURE LAST
                VALUE   (LST)  VALUE       VALUE  FROM      YEAR
                                                  NORMAL
..................................................................
TEMPERATURE (F)
 YESTERDAY
  MAXIMUM         31    332 PM  61    1967  32     -1       16
  MINIMUM         16    124 AM -12    1963  19     -3        1
  AVERAGE         24                        25     -1        9

PRECIPITATION (IN)
  YESTERDAY        0.00          0.69 1898   0.06  -0.06     0.01
  MONTH TO DATE    1.40                      1.49  -0.09     2.41
  SINCE DEC 1      2.81                      3.95  -1.14     4.83
  SINCE JAN 1      1.40                      1.49  -0.09     2.41

SNOWFALL (IN)
  YESTERDAY        0.0           3.2  1998   0.4   -0.4      0.3
  MONTH TO DATE   13.3                       9.4    3.9     29.2
  SINCE DEC 1     13.4                      19.0   -5.6     44.7
  SINCE JUL 1     17.4                      20.6   -3.2     45.9
  SNOW DEPTH       4

DEGREE DAYS
 HEATING
  YESTERDAY       41                        40      1       56
  MONTH TO DATE 1018                       910    108     1084
  SINCE DEC 1   1985                      1992     -7     2261
  SINCE JUL 1   3362                      3207    155     3563

 COOLING
  YESTERDAY        0                         0      0        0
  MONTH TO DATE    0                         0      0        0
  SINCE DEC 1      0                         0      0        0
  SINCE JAN 1      0                         0      0        0
..................................................................


WIND (MPH)
  HIGHEST WIND SPEED    18   HIGHEST WIND DIRECTION    SW (220)
  HIGHEST GUST SPEED    29   HIGHEST GUST DIRECTION     E (110)
  AVERAGE WIND SPEED    11.3


SKY COVER
  POSSIBLE SUNSHINE  MM
  AVERAGE SKY COVER 0.9


WEATHER CONDITIONS
 THE FOLLOWING WEATHER WAS RECORDED YESTERDAY.
  NO SIGNIFICANT WEATHER WAS OBSERVED.


RELATIVE HUMIDITY (PERCENT)
 HIGHEST    84          1200 AM
 LOWEST     72          1200 PM
 AVERAGE    78

..........................................................


THE DETROIT MI CLIMATE NORMALS FOR TODAY
                         NORMAL    RECORD    YEAR
 MAXIMUM TEMPERATURE (F)   32        61      1909
 MINIMUM TEMPERATURE (F)   19       -13      1963


SUNRISE AND SUNSET
JANUARY 24 2015.......SUNRISE   754 AM EST   SUNSET   537 PM EST
JANUARY 25 2015.......SUNRISE   753 AM EST   SUNSET   538 PM EST


-  INDICATES NEGATIVE NUMBERS.
R  INDICATES RECORD WAS SET OR TIED.
MM INDICATES DATA IS MISSING.
T  INDICATES TRACE AMOUNT.




$$
