000
CDUS43 KDTX 250538
CLIDTW


CLIMATE REPORT
NATIONAL WEATHER SERVICE DETROIT/PONTIAC MI
1237 AM EST TUE NOV 25 2014


...................................

...THE DETROIT MI CLIMATE SUMMARY FOR NOVEMBER 24 2014...

CLIMATE NORMAL PERIOD 1981 TO 2010
CLIMATE RECORD PERIOD 1874 TO 2014


WEATHER ITEM   OBSERVED TIME   RECORD YEAR NORMAL DEPARTURE LAST
                VALUE   (LST)  VALUE       VALUE  FROM      YEAR
                                                  NORMAL
..................................................................
TEMPERATURE (F)
 YESTERDAY
  MAXIMUM         58   1205 PM  62    2001  45     13       26
                                      1973
  MINIMUM         35   1159 PM   7    1950  32      3       14
  AVERAGE         47                        38      9       20

PRECIPITATION (IN)
  YESTERDAY        0.42          0.82 2004   0.09   0.33     0.00
  MONTH TO DATE    1.65                      2.24  -0.59     1.80
  SINCE SEP 1      8.72                      8.03   0.69     6.48
  SINCE JAN 1     36.14                     30.46   5.68    37.46

SNOWFALL (IN)
  YESTERDAY        0.0           2.6  1949   0.1   -0.1      0.0
  MONTH TO DATE    3.7                       0.9    2.8      0.6
  SINCE SEP 1      3.7                       1.0    2.7      0.6
  SINCE JUL 1      3.7                       1.0    2.7      0.6
  SNOW DEPTH       0

DEGREE DAYS
 HEATING
  YESTERDAY       18                        27     -9       45
  MONTH TO DATE  686                       534    152      596
  SINCE SEP 1   1185                      1035    150     1069
  SINCE JUL 1   1198                      1045    153     1081

 COOLING
  YESTERDAY        0                         0      0        0
  MONTH TO DATE    0                         0      0        0
  SINCE SEP 1     72                        92    -20       98
  SINCE JAN 1    704                       803    -99      891
..................................................................


WIND (MPH)
  HIGHEST WIND SPEED    46   HIGHEST WIND DIRECTION    SW (210)
  HIGHEST GUST SPEED    58   HIGHEST GUST DIRECTION     S (200)
  AVERAGE WIND SPEED    26.0


SKY COVER
  POSSIBLE SUNSHINE  MM
  AVERAGE SKY COVER 1.0


WEATHER CONDITIONS
 THE FOLLOWING WEATHER WAS RECORDED YESTERDAY.
  HEAVY RAIN
  RAIN
  LIGHT RAIN
  FOG
  FOG W/VISIBILITY <= 1/4 MILE


RELATIVE HUMIDITY (PERCENT)
 HIGHEST    96          1200 AM
 LOWEST     66           100 PM
 AVERAGE    81

..........................................................


THE DETROIT MI CLIMATE NORMALS FOR TODAY
                         NORMAL    RECORD    YEAR
 MAXIMUM TEMPERATURE (F)   44        63      2001
                                             1908
 MINIMUM TEMPERATURE (F)   31        10      1950


SUNRISE AND SUNSET
NOVEMBER 25 2014......SUNRISE   736 AM EST   SUNSET   505 PM EST
NOVEMBER 26 2014......SUNRISE   737 AM EST   SUNSET   504 PM EST


-  INDICATES NEGATIVE NUMBERS.
R  INDICATES RECORD WAS SET OR TIED.
MM INDICATES DATA IS MISSING.
T  INDICATES TRACE AMOUNT.




$$
