000
CDUS43 KDTX 252030
CLIDTW


CLIMATE REPORT
NATIONAL WEATHER SERVICE DETROIT/PONTIAC MI
430 PM EDT SUN SEP 25 2016


...................................

...THE DETROIT MI CLIMATE SUMMARY FOR SEPTEMBER 25 2016...
VALID TODAY AS OF 0400 PM LOCAL TIME.

CLIMATE NORMAL PERIOD 1981 TO 2010
CLIMATE RECORD PERIOD 1874 TO 2016


WEATHER ITEM   OBSERVED TIME   RECORD YEAR NORMAL DEPARTURE LAST
                VALUE   (LST)  VALUE       VALUE  FROM      YEAR
                                                  NORMAL
..................................................................
TEMPERATURE (F)
 TODAY
  MAXIMUM         73    255 PM  93    1891  70      3       80
  MINIMUM         51    655 AM  34    1879  51      0       59
  AVERAGE         62                        60      2       70

PRECIPITATION (IN)
  TODAY            0.00          1.40 1986   0.11  -0.11     0.00
  MONTH TO DATE    2.29                      2.78  -0.49     1.12
  SINCE SEP 1      2.29                      2.78  -0.49     1.12
  SINCE JAN 1     23.51                     25.21  -1.70    23.10

SNOWFALL (IN)
  TODAY            0.0           0.0    MM   0.0    0.0      0.0
  MONTH TO DATE    0.0                       0.0    0.0      0.0
  SINCE SEP 1      0.0                       0.0    0.0      0.0
  SINCE JUL 1      0.0                       0.0    0.0      0.0
  SNOW DEPTH       0

DEGREE DAYS
 HEATING
  TODAY            3                         6     -3        0
  MONTH TO DATE    7                        69    -62       27
  SINCE SEP 1      7                        69    -62       27
  SINCE JUL 1      7                        79    -72       37

 COOLING
  TODAY            0                         1     -1        5
  MONTH TO DATE  132                        78     54      153
  SINCE SEP 1    132                        78     54      153
  SINCE JAN 1   1155                       789    366      873
..................................................................


WIND (MPH)
  HIGHEST WIND SPEED    14   HIGHEST WIND DIRECTION    SE (140)
  HIGHEST GUST SPEED    19   HIGHEST GUST DIRECTION     E (110)
  AVERAGE WIND SPEED     5.0


SKY COVER
  POSSIBLE SUNSHINE  MM
  AVERAGE SKY COVER 0.3


WEATHER CONDITIONS
 THE FOLLOWING WEATHER WAS RECORDED TODAY.
  HAZE


RELATIVE HUMIDITY (PERCENT)
 HIGHEST    89           600 AM
 LOWEST     41           300 PM
 AVERAGE    65

..........................................................


THE DETROIT MI CLIMATE NORMALS FOR TOMORROW
                         NORMAL    RECORD    YEAR
 MAXIMUM TEMPERATURE (F)   70        91      1998
 MINIMUM TEMPERATURE (F)   50        30      1883


SUNRISE AND SUNSET
SEPTEMBER 25 2016.....SUNRISE   724 AM EDT   SUNSET   724 PM EDT
SEPTEMBER 26 2016.....SUNRISE   725 AM EDT   SUNSET   723 PM EDT


-  INDICATES NEGATIVE NUMBERS.
R  INDICATES RECORD WAS SET OR TIED.
MM INDICATES DATA IS MISSING.
T  INDICATES TRACE AMOUNT.




$$
