000
CDUS43 KDTX 232131
CLIDTW


CLIMATE REPORT
NATIONAL WEATHER SERVICE DETROIT/PONTIAC MI
430 PM EST TUE DEC 23 2014


...................................

...THE DETROIT MI CLIMATE SUMMARY FOR DECEMBER 23 2014...
VALID TODAY AS OF 0400 PM LOCAL TIME.

CLIMATE NORMAL PERIOD 1981 TO 2010
CLIMATE RECORD PERIOD 1874 TO 2014


WEATHER ITEM   OBSERVED TIME   RECORD YEAR NORMAL DEPARTURE LAST
                VALUE   (LST)  VALUE       VALUE  FROM      YEAR
                                                  NORMAL
..................................................................
TEMPERATURE (F)
 TODAY
  MAXIMUM         51    315 PM  56    1893  34     17       35
  MINIMUM         37    439 AM  -9    1983  22     15       23
  AVERAGE         44                        28     16       29

PRECIPITATION (IN)
  TODAY            0.08          1.18 1932   0.08   0.00     0.02
  MONTH TO DATE    0.65                      1.85  -1.20     2.28
  SINCE DEC 1      0.65                      1.85  -1.20     2.28
  SINCE JAN 1     36.81                     32.86   3.95    39.76

SNOWFALL (IN)
  TODAY            0.0           8.4  2004   0.4   -0.4      0.1
  MONTH TO DATE    T                         6.6   -6.6     11.8
  SINCE DEC 1      T                         6.6   -6.6     11.8
  SINCE JUL 1      4.0                       8.2   -4.2     13.0
  SNOW DEPTH       0

DEGREE DAYS
 HEATING
  TODAY           21                        37    -16       36
  MONTH TO DATE  709                       779    -70      864
  SINCE DEC 1    709                       779    -70      864
  SINCE JUL 1   2086                      1994     92     2166

 COOLING
  TODAY            0                         0      0        0
  MONTH TO DATE    0                         0      0        0
  SINCE DEC 1      0                         0      0        0
  SINCE JAN 1    704                       803    -99      891
..................................................................


WIND (MPH)
  HIGHEST WIND SPEED    10   HIGHEST WIND DIRECTION     E (70)
  HIGHEST GUST SPEED    16   HIGHEST GUST DIRECTION     E (80)
  AVERAGE WIND SPEED     6.4


SKY COVER
  POSSIBLE SUNSHINE  MM
  AVERAGE SKY COVER 0.9


WEATHER CONDITIONS
 THE FOLLOWING WEATHER WAS RECORDED TODAY.
  RAIN
  LIGHT RAIN
  FOG


RELATIVE HUMIDITY (PERCENT)
 HIGHEST   100           600 AM
 LOWEST     79           100 AM
 AVERAGE    90

..........................................................


THE DETROIT MI CLIMATE NORMALS FOR TOMORROW
                         NORMAL    RECORD    YEAR
 MAXIMUM TEMPERATURE (F)   34        61      1889
 MINIMUM TEMPERATURE (F)   22        -9      1983


SUNRISE AND SUNSET
DECEMBER 23 2014......SUNRISE   800 AM EST   SUNSET   505 PM EST
DECEMBER 24 2014......SUNRISE   800 AM EST   SUNSET   506 PM EST


-  INDICATES NEGATIVE NUMBERS.
R  INDICATES RECORD WAS SET OR TIED.
MM INDICATES DATA IS MISSING.
T  INDICATES TRACE AMOUNT.




$$
