000
CDUS43 KDTX 230536
CLIDTW


CLIMATE REPORT
NATIONAL WEATHER SERVICE DETROIT/PONTIAC MI
136 AM EDT TUE MAY 23 2017


...................................

...THE DETROIT MI CLIMATE SUMMARY FOR MAY 22 2017...

CLIMATE NORMAL PERIOD 1981 TO 2010
CLIMATE RECORD PERIOD 1874 TO 2017


WEATHER ITEM   OBSERVED TIME   RECORD YEAR NORMAL DEPARTURE LAST
                VALUE   (LST)  VALUE       VALUE  FROM      YEAR
                                                  NORMAL
..................................................................
TEMPERATURE (F)
 YESTERDAY
  MAXIMUM         71    504 PM  90    1994  72     -1       73
                                      1964
  MINIMUM         51    605 AM  32    1883  51      0       52
  AVERAGE         61                        62     -1       63

PRECIPITATION (IN)
  YESTERDAY        0.00          1.14 1949   0.12  -0.12     0.00
  MONTH TO DATE    3.26                      2.34   0.92     2.03
  SINCE MAR 1     11.07                      7.52   3.55     9.20
  SINCE JAN 1     15.80                     11.50   4.30    12.56

SNOWFALL (IN)
  YESTERDAY        0.0           2.7  1883   0.0    0.0      0.0
  MONTH TO DATE    0.0                       0.0    0.0       T
  SINCE MAR 1      7.0                       8.6   -1.6      8.7
  SINCE JUL 1     37.9                      42.5   -4.6     35.3
  SNOW DEPTH       0

DEGREE DAYS
 HEATING
  YESTERDAY        4                         5     -1        2
  MONTH TO DATE  212                       171     41      187
  SINCE MAR 1   1401                      1512   -111     1411
  SINCE JUL 1   5139                      6065   -926     5176

 COOLING
  YESTERDAY        0                         2     -2        0
  MONTH TO DATE   30                        20     10        2
  SINCE MAR 1     37                        26     11        2
  SINCE JAN 1     37                        26     11        2
..................................................................


WIND (MPH)
  HIGHEST WIND SPEED    22   HIGHEST WIND DIRECTION     W (250)
  HIGHEST GUST SPEED    28   HIGHEST GUST DIRECTION     W (270)
  AVERAGE WIND SPEED    13.1


SKY COVER
  POSSIBLE SUNSHINE  MM
  AVERAGE SKY COVER 0.7


WEATHER CONDITIONS
 THE FOLLOWING WEATHER WAS RECORDED YESTERDAY.
  NO SIGNIFICANT WEATHER WAS OBSERVED.


RELATIVE HUMIDITY (PERCENT)
 HIGHEST    72          1200 AM
 LOWEST     40           500 PM
 AVERAGE    56

..........................................................


THE DETROIT MI CLIMATE NORMALS FOR TODAY
                         NORMAL    RECORD    YEAR
 MAXIMUM TEMPERATURE (F)   72        89      1964
 MINIMUM TEMPERATURE (F)   52        34      1935
                                             1917


SUNRISE AND SUNSET
MAY 23 2017...........SUNRISE   605 AM EDT   SUNSET   856 PM EDT
MAY 24 2017...........SUNRISE   604 AM EDT   SUNSET   857 PM EDT


-  INDICATES NEGATIVE NUMBERS.
R  INDICATES RECORD WAS SET OR TIED.
MM INDICATES DATA IS MISSING.
T  INDICATES TRACE AMOUNT.




$$
