000
CDUS43 KDTX 200538
CLIDTW


CLIMATE REPORT
NATIONAL WEATHER SERVICE DETROIT/PONTIAC MI
1237 AM EST THU NOV 20 2014


...................................

...THE DETROIT MI CLIMATE SUMMARY FOR NOVEMBER 19 2014...

CLIMATE NORMAL PERIOD 1981 TO 2010
CLIMATE RECORD PERIOD 1874 TO 2014


WEATHER ITEM   OBSERVED TIME   RECORD YEAR NORMAL DEPARTURE LAST
                VALUE   (LST)  VALUE       VALUE  FROM      YEAR
                                                  NORMAL
..................................................................
TEMPERATURE (F)
 YESTERDAY
  MAXIMUM         30    753 PM  68    1985  47    -17       42
                                      1953
                                      1941
  MINIMUM         13    232 AM   9    1880  33    -20       30
  AVERAGE         22                        40    -18       36

PRECIPITATION (IN)
  YESTERDAY        0.09          1.07 1948   0.10  -0.01     0.00
  MONTH TO DATE    0.37                      1.77  -1.40     1.39
  SINCE SEP 1      7.44                      7.56  -0.12     6.07
  SINCE JAN 1     34.86                     29.99   4.87    37.05

SNOWFALL (IN)
  YESTERDAY        2.1           3.2  1955   0.0    2.1      0.0
  MONTH TO DATE    3.5                       0.5    3.0      0.5
  SINCE SEP 1      3.5                       0.6    2.9      0.5
  SINCE JUL 1      3.5                       0.6    2.9      0.5
  SNOW DEPTH       1

DEGREE DAYS
 HEATING
  YESTERDAY       43                        25     18       29
  MONTH TO DATE  536                       404    132      432
  SINCE SEP 1   1035                       905    130      905
  SINCE JUL 1   1048                       915    133      917

 COOLING
  YESTERDAY        0                         0      0        0
  MONTH TO DATE    0                         0      0        0
  SINCE SEP 1     72                        92    -20       98
  SINCE JAN 1    704                       803    -99      891
..................................................................


WIND (MPH)
  HIGHEST WIND SPEED    26   HIGHEST WIND DIRECTION    SW (220)
  HIGHEST GUST SPEED    32   HIGHEST GUST DIRECTION    SW (220)
  AVERAGE WIND SPEED    15.0


SKY COVER
  POSSIBLE SUNSHINE  MM
  AVERAGE SKY COVER 0.8


WEATHER CONDITIONS
 THE FOLLOWING WEATHER WAS RECORDED YESTERDAY.
  LIGHT SNOW
  FOG
  HAZE


RELATIVE HUMIDITY (PERCENT)
 HIGHEST    92          1200 PM
 LOWEST     62          1000 AM
 AVERAGE    77

..........................................................


THE DETROIT MI CLIMATE NORMALS FOR TODAY
                         NORMAL    RECORD    YEAR
 MAXIMUM TEMPERATURE (F)   47        70      1942
                                             1931
 MINIMUM TEMPERATURE (F)   33        12      1880


SUNRISE AND SUNSET
NOVEMBER 20 2014......SUNRISE   730 AM EST   SUNSET   508 PM EST
NOVEMBER 21 2014......SUNRISE   731 AM EST   SUNSET   507 PM EST


-  INDICATES NEGATIVE NUMBERS.
R  INDICATES RECORD WAS SET OR TIED.
MM INDICATES DATA IS MISSING.
T  INDICATES TRACE AMOUNT.




$$
