000
CDUS43 KDTX 250537
CLIDTW


CLIMATE REPORT
NATIONAL WEATHER SERVICE DETROIT/PONTIAC MI
137 AM EDT SAT OCT 25 2014


...................................

...THE DETROIT MI CLIMATE SUMMARY FOR OCTOBER 24 2014...

CLIMATE NORMAL PERIOD 1981 TO 2010
CLIMATE RECORD PERIOD 1874 TO 2014


WEATHER ITEM   OBSERVED TIME   RECORD YEAR NORMAL DEPARTURE LAST
                VALUE   (LST)  VALUE       VALUE  FROM      YEAR
                                                  NORMAL
..................................................................
TEMPERATURE (F)
 YESTERDAY
  MAXIMUM         61    236 PM  81    1963  59      2       48
  MINIMUM         37    727 AM  22    1981  41     -4       29
                                      1969
  AVERAGE         49                        50     -1       39

PRECIPITATION (IN)
  YESTERDAY        0.00          1.07 2000   0.08  -0.08     0.00
  MONTH TO DATE    1.86                      1.96  -0.10     1.41
  SINCE SEP 1      6.57                      5.23   1.34     2.61
  SINCE JAN 1     33.99                     27.66   6.33    33.59

SNOWFALL (IN)
  YESTERDAY        0.0           T    1988   0.1   -0.1      0.0
  MONTH TO DATE    0.0                       0.1   -0.1       T
  SINCE SEP 1      0.0                       0.1   -0.1       T
  SINCE JUL 1      0.0                       0.1   -0.1       T
  SNOW DEPTH       0

DEGREE DAYS
 HEATING
  YESTERDAY       16                        15      1       26
  MONTH TO DATE  289                       280      9      238
  SINCE SEP 1    397                       384     13      336
  SINCE JUL 1    410                       394     16      348

 COOLING
  YESTERDAY        0                         0      0        0
  MONTH TO DATE    0                         7     -7       20
  SINCE SEP 1     72                        91    -19       98
  SINCE JAN 1    704                       802    -98      891
..................................................................


WIND (MPH)
  HIGHEST WIND SPEED    14   HIGHEST WIND DIRECTION    SW (210)
  HIGHEST GUST SPEED    17   HIGHEST GUST DIRECTION    SW (210)
  AVERAGE WIND SPEED     5.3


SKY COVER
  POSSIBLE SUNSHINE  MM
  AVERAGE SKY COVER 0.8


WEATHER CONDITIONS
 THE FOLLOWING WEATHER WAS RECORDED YESTERDAY.
  FOG
  HAZE


RELATIVE HUMIDITY (PERCENT)
 HIGHEST    92           200 AM
 LOWEST     51           100 PM
 AVERAGE    72

..........................................................


THE DETROIT MI CLIMATE NORMALS FOR TODAY
                         NORMAL    RECORD    YEAR
 MAXIMUM TEMPERATURE (F)   58        82      1963
 MINIMUM TEMPERATURE (F)   41        24      1981


SUNRISE AND SUNSET
OCTOBER 25 2014.......SUNRISE   758 AM EDT   SUNSET   636 PM EDT
OCTOBER 26 2014.......SUNRISE   759 AM EDT   SUNSET   635 PM EDT


-  INDICATES NEGATIVE NUMBERS.
R  INDICATES RECORD WAS SET OR TIED.
MM INDICATES DATA IS MISSING.
T  INDICATES TRACE AMOUNT.




$$
