000
CDUS43 KDTX 200536
CLIDTW


CLIMATE REPORT
NATIONAL WEATHER SERVICE DETROIT/PONTIAC MI
135 AM EDT THU APR 20 2017


...................................

...THE DETROIT MI CLIMATE SUMMARY FOR APRIL 19 2017...

CLIMATE NORMAL PERIOD 1981 TO 2010
CLIMATE RECORD PERIOD 1874 TO 2017


WEATHER ITEM   OBSERVED TIME   RECORD YEAR NORMAL DEPARTURE LAST
                VALUE   (LST)  VALUE       VALUE  FROM      YEAR
                                                  NORMAL
..................................................................
TEMPERATURE (F)
 YESTERDAY
  MAXIMUM         78    222 PM  83    2005  61     17       62
                                      1977
  MINIMUM         50   1159 PM  23    1897  41      9       46
  AVERAGE         64                        51     13       54

PRECIPITATION (IN)
  YESTERDAY        0.40          1.38 1911   0.10   0.30     0.00
  MONTH TO DATE    2.32                      1.83   0.49     0.84
  SINCE MAR 1      6.58                      4.11   2.47     5.70
  SINCE JAN 1     11.31                      8.09   3.22     9.06

SNOWFALL (IN)
  YESTERDAY        0.0           3.0  1943   0.0    0.0      0.0
  MONTH TO DATE    0.1                       1.5   -1.4      1.3
  SINCE MAR 1      7.0                       8.4   -1.4      8.7
  SINCE JUL 1     37.9                      42.3   -4.4     35.3
  SNOW DEPTH       0

DEGREE DAYS
 HEATING
  YESTERDAY        1                        15    -14       11
  MONTH TO DATE  216                       341   -125      405
  SINCE MAR 1   1081                      1203   -122     1075
  SINCE JUL 1   4819                      5756   -937     4840

 COOLING
  YESTERDAY        0                         0      0        0
  MONTH TO DATE    5                         0      5        0
  SINCE MAR 1      5                         0      5        0
  SINCE JAN 1      5                         0      5        0
..................................................................


WIND (MPH)
  HIGHEST WIND SPEED    24   HIGHEST WIND DIRECTION    NW (310)
  HIGHEST GUST SPEED    34   HIGHEST GUST DIRECTION    NW (300)
  AVERAGE WIND SPEED     9.4


SKY COVER
  POSSIBLE SUNSHINE  MM
  AVERAGE SKY COVER 1.0


WEATHER CONDITIONS
 THE FOLLOWING WEATHER WAS RECORDED YESTERDAY.
  THUNDERSTORM
  HEAVY RAIN
  RAIN
  LIGHT RAIN
  FOG
  HAZE


RELATIVE HUMIDITY (PERCENT)
 HIGHEST    93           800 PM
 LOWEST     56           300 PM
 AVERAGE    75

..........................................................


THE DETROIT MI CLIMATE NORMALS FOR TODAY
                         NORMAL    RECORD    YEAR
 MAXIMUM TEMPERATURE (F)   61        82      1985
                                             1957
                                             1952
 MINIMUM TEMPERATURE (F)   41        20      1897


SUNRISE AND SUNSET
APRIL 20 2017.........SUNRISE   644 AM EDT   SUNSET   821 PM EDT
APRIL 21 2017.........SUNRISE   643 AM EDT   SUNSET   822 PM EDT


-  INDICATES NEGATIVE NUMBERS.
R  INDICATES RECORD WAS SET OR TIED.
MM INDICATES DATA IS MISSING.
T  INDICATES TRACE AMOUNT.




$$
