000
CDUS43 KDTX 210555
CLIDTW


CLIMATE REPORT
NATIONAL WEATHER SERVICE DETROIT/PONTIAC MI
155 AM EDT THU APR 21 2016


...................................

...THE DETROIT MI CLIMATE SUMMARY FOR APRIL 20 2016...

CLIMATE NORMAL PERIOD 1981 TO 2010
CLIMATE RECORD PERIOD 1874 TO 2016


WEATHER ITEM   OBSERVED TIME   RECORD YEAR NORMAL DEPARTURE LAST
                VALUE   (LST)  VALUE       VALUE  FROM      YEAR
                                                  NORMAL
..................................................................
TEMPERATURE (F)
 YESTERDAY
  MAXIMUM         65    406 PM  82    1985  61      4       66
                                      1957
                                      1952
  MINIMUM         44    627 AM  20    1897  41      3       46
  AVERAGE         55                        51      4       56

PRECIPITATION (IN)
  YESTERDAY        0.00          3.58 2000   0.10  -0.10     0.11
  MONTH TO DATE    0.84                      1.93  -1.09     2.28
  SINCE MAR 1      5.70                      4.21   1.49     3.08
  SINCE JAN 1      9.06                      8.19   0.87     5.88

SNOWFALL (IN)
  YESTERDAY        0.0           1.2  1947   0.0    0.0      0.0
  MONTH TO DATE    1.3                       1.5   -0.2      0.0
  SINCE MAR 1      8.7                       8.4    0.3      2.8
  SINCE JUL 1     35.3                      42.3   -7.0     47.5
  SNOW DEPTH       0

DEGREE DAYS
 HEATING
  YESTERDAY       10                        14     -4        9
  MONTH TO DATE  415                       355     60      261
  SINCE MAR 1   1085                      1217   -132     1198
  SINCE JUL 1   4850                      5770   -920     6309

 COOLING
  YESTERDAY        0                         0      0        0
  MONTH TO DATE    0                         0      0        0
  SINCE MAR 1      0                         0      0        0
  SINCE JAN 1      0                         0      0        0
..................................................................


WIND (MPH)
  HIGHEST WIND SPEED    14   HIGHEST WIND DIRECTION     E (70)
  HIGHEST GUST SPEED    21   HIGHEST GUST DIRECTION     E (100)
  AVERAGE WIND SPEED     7.6


SKY COVER
  POSSIBLE SUNSHINE  MM
  AVERAGE SKY COVER 0.8


WEATHER CONDITIONS
 THE FOLLOWING WEATHER WAS RECORDED YESTERDAY.
  HAZE


RELATIVE HUMIDITY (PERCENT)
 HIGHEST    71           700 AM
 LOWEST     24           200 PM
 AVERAGE    48

..........................................................


THE DETROIT MI CLIMATE NORMALS FOR TODAY
                         NORMAL    RECORD    YEAR
 MAXIMUM TEMPERATURE (F)   62        86      1987
 MINIMUM TEMPERATURE (F)   41        21      1875


SUNRISE AND SUNSET
APRIL 21 2016.........SUNRISE   642 AM EDT   SUNSET   822 PM EDT
APRIL 22 2016.........SUNRISE   641 AM EDT   SUNSET   823 PM EDT


-  INDICATES NEGATIVE NUMBERS.
R  INDICATES RECORD WAS SET OR TIED.
MM INDICATES DATA IS MISSING.
T  INDICATES TRACE AMOUNT.




$$
