000
CDUS43 KDTX 190536
CLIDTW


CLIMATE REPORT
NATIONAL WEATHER SERVICE DETROIT/PONTIAC MI
136 AM EDT MON JUN 19 2017


...................................

...THE DETROIT MI CLIMATE SUMMARY FOR JUNE 18 2017...

CLIMATE NORMAL PERIOD 1981 TO 2010
CLIMATE RECORD PERIOD 1874 TO 2017


WEATHER ITEM   OBSERVED TIME   RECORD YEAR NORMAL DEPARTURE LAST
                VALUE   (LST)  VALUE       VALUE  FROM      YEAR
                                                  NORMAL
..................................................................
TEMPERATURE (F)
 YESTERDAY
  MAXIMUM         86        MM  99    1994  80      6       88
  MINIMUM         71   1000 PM  47    1980  61     10       60
                                      1960
                                      1950
  AVERAGE         79                        70      9       74

PRECIPITATION (IN)
  YESTERDAY        0.05          1.77 2014   0.12  -0.07     0.00
  MONTH TO DATE    0.39                      2.19  -1.80     1.30
  SINCE JUN 1      0.39                      2.19  -1.80     1.30
  SINCE JAN 1     17.32                     14.73   2.59    14.03

SNOWFALL (IN)
  YESTERDAY        0.0           0.0    MM   0.0    0.0      0.0
  MONTH TO DATE    0.0                       0.0    0.0      0.0
  SINCE JUN 1      0.0                       0.0    0.0      0.0
  SINCE JUL 1     37.9                      42.5   -4.6     35.3
  SNOW DEPTH       0

DEGREE DAYS
 HEATING
  YESTERDAY        0                         1     -1        0
  MONTH TO DATE    9                        30    -21       14
  SINCE JUN 1      9                        30    -21       14
  SINCE JUL 1   5155                      6132   -977     5195

 COOLING
  YESTERDAY       14                         6      8        9
  MONTH TO DATE  138                        79     59       97
  SINCE JUN 1    138                        79     59       97
  SINCE JAN 1    184                       127     57      175
..................................................................


WIND (MPH)
  HIGHEST WIND SPEED    23   HIGHEST WIND DIRECTION    SW (240)
  HIGHEST GUST SPEED    37   HIGHEST GUST DIRECTION    SW (210)
  AVERAGE WIND SPEED    15.7


SKY COVER
  POSSIBLE SUNSHINE  MM
  AVERAGE SKY COVER 0.7


WEATHER CONDITIONS
 THE FOLLOWING WEATHER WAS RECORDED YESTERDAY.
  THUNDERSTORM
  HEAVY RAIN
  LIGHT RAIN


RELATIVE HUMIDITY (PERCENT)
 HIGHEST    82          1200 PM
 LOWEST     37           500 PM
 AVERAGE    60

..........................................................


THE DETROIT MI CLIMATE NORMALS FOR TODAY
                         NORMAL    RECORD    YEAR
 MAXIMUM TEMPERATURE (F)   81        95      2012
                                             1995
                                             1933
 MINIMUM TEMPERATURE (F)   61        46      1926
                                             1914


SUNRISE AND SUNSET
JUNE 19 2017..........SUNRISE   557 AM EDT   SUNSET   913 PM EDT
JUNE 20 2017..........SUNRISE   557 AM EDT   SUNSET   913 PM EDT


-  INDICATES NEGATIVE NUMBERS.
R  INDICATES RECORD WAS SET OR TIED.
MM INDICATES DATA IS MISSING.
T  INDICATES TRACE AMOUNT.




$$
