000
CDUS43 KDTX 220536
CLIDTW


CLIMATE REPORT
NATIONAL WEATHER SERVICE DETROIT/PONTIAC MI
136 AM EDT FRI MAY 22 2015


...................................

...THE DETROIT MI CLIMATE SUMMARY FOR MAY 21 2015...

CLIMATE NORMAL PERIOD 1981 TO 2010
CLIMATE RECORD PERIOD 1874 TO 2015


WEATHER ITEM   OBSERVED TIME   RECORD YEAR NORMAL DEPARTURE LAST
                VALUE   (LST)  VALUE       VALUE  FROM      YEAR
                                                  NORMAL
..................................................................
TEMPERATURE (F)
 YESTERDAY
  MAXIMUM         66    504 PM  92    1977  71     -5       84
  MINIMUM         49    444 AM  32    1883  51     -2       62
  AVERAGE         58                        61     -3       73

PRECIPITATION (IN)
  YESTERDAY        0.00          1.69 2004   0.12  -0.12     0.14
  MONTH TO DATE    2.83                      2.22   0.61     3.12
  SINCE MAR 1      6.24                      7.40  -1.16     7.18
  SINCE JAN 1      9.04                     11.38  -2.34    12.92

SNOWFALL (IN)
  YESTERDAY        0.0           2.3  1883   0.0    0.0      0.0
  MONTH TO DATE    0.0                       0.0    0.0      0.0
  SINCE MAR 1      2.8                       8.6   -5.8     15.7
  SINCE JUL 1     47.5                      42.5    5.0     94.9
  SNOW DEPTH       0

DEGREE DAYS
 HEATING
  YESTERDAY        7                         5      2        0
  MONTH TO DATE   82                       166    -84      164
  SINCE MAR 1   1460                      1507    -47     1756
  SINCE JUL 1   6571                      6060    511     7006

 COOLING
  YESTERDAY        0                         2     -2        8
  MONTH TO DATE   61                        18     43       34
  SINCE MAR 1     61                        24     37       34
  SINCE JAN 1     61                        24     37       34
..................................................................


WIND (MPH)
  HIGHEST WIND SPEED    18   HIGHEST WIND DIRECTION     W (250)
  HIGHEST GUST SPEED    24   HIGHEST GUST DIRECTION     W (260)
  AVERAGE WIND SPEED     7.9


SKY COVER
  POSSIBLE SUNSHINE  MM
  AVERAGE SKY COVER 0.8


WEATHER CONDITIONS
 THE FOLLOWING WEATHER WAS RECORDED YESTERDAY.
  LIGHT RAIN


RELATIVE HUMIDITY (PERCENT)
 HIGHEST    80           400 AM
 LOWEST     36           700 PM
 AVERAGE    58

..........................................................


THE DETROIT MI CLIMATE NORMALS FOR TODAY
                         NORMAL    RECORD    YEAR
 MAXIMUM TEMPERATURE (F)   72        90      1994
                                             1964
 MINIMUM TEMPERATURE (F)   51        32      1883


SUNRISE AND SUNSET
MAY 22 2015...........SUNRISE   606 AM EDT   SUNSET   854 PM EDT
MAY 23 2015...........SUNRISE   605 AM EDT   SUNSET   855 PM EDT


-  INDICATES NEGATIVE NUMBERS.
R  INDICATES RECORD WAS SET OR TIED.
MM INDICATES DATA IS MISSING.
T  INDICATES TRACE AMOUNT.




$$
