382
CDUS43 KDTX 290606
CLIDTW


CLIMATE REPORT
NATIONAL WEATHER SERVICE DETROIT/PONTIAC MI
206 AM EDT FRI APR 29 2016


...................................

...THE DETROIT MI CLIMATE SUMMARY FOR APRIL 28 2016...

CLIMATE NORMAL PERIOD 1981 TO 2010
CLIMATE RECORD PERIOD 1874 TO 2016


WEATHER ITEM   OBSERVED TIME   RECORD YEAR NORMAL DEPARTURE LAST
                VALUE   (LST)  VALUE       VALUE  FROM      YEAR
                                                  NORMAL
..................................................................
TEMPERATURE (F)
 YESTERDAY
  MAXIMUM         50    646 PM  84    1986  64    -14       65
  MINIMUM         42    913 AM  28    1934  44     -2       35
                                      1909
  AVERAGE         46                        54     -8       50

PRECIPITATION (IN)
  YESTERDAY        0.07          1.93 1936   0.10  -0.03     0.00
  MONTH TO DATE    1.67                      2.70  -1.03     2.31
  SINCE MAR 1      6.53                      4.98   1.55     3.11
  SINCE JAN 1      9.89                      8.96   0.93     5.91

SNOWFALL (IN)
  YESTERDAY        0.0           2.0  1909   0.0    0.0      0.0
  MONTH TO DATE    1.3                       1.7   -0.4       T
  SINCE MAR 1      8.7                       8.6    0.1      2.8
  SINCE JUL 1     35.3                      42.5   -7.2     47.5
  SNOW DEPTH       0

DEGREE DAYS
 HEATING
  YESTERDAY       19                        12      7       15
  MONTH TO DATE  521                       458     63      418
  SINCE MAR 1   1191                      1320   -129     1355
  SINCE JUL 1   4956                      5873   -917     6466

 COOLING
  YESTERDAY        0                         0      0        0
  MONTH TO DATE    0                         0      0        0
  SINCE MAR 1      0                         0      0        0
  SINCE JAN 1      0                         0      0        0
..................................................................


WIND (MPH)
  HIGHEST WIND SPEED    18   HIGHEST WIND DIRECTION    NE (40)
  HIGHEST GUST SPEED    24   HIGHEST GUST DIRECTION    NE (50)
  AVERAGE WIND SPEED     8.8


SKY COVER
  POSSIBLE SUNSHINE  MM
  AVERAGE SKY COVER 1.0


WEATHER CONDITIONS
 THE FOLLOWING WEATHER WAS RECORDED YESTERDAY.
  LIGHT RAIN


RELATIVE HUMIDITY (PERCENT)
 HIGHEST    70           800 AM
 LOWEST     33           100 AM
 AVERAGE    52

..........................................................


THE DETROIT MI CLIMATE NORMALS FOR TODAY
                         NORMAL    RECORD    YEAR
 MAXIMUM TEMPERATURE (F)   64        83      1899
 MINIMUM TEMPERATURE (F)   44        26      1977
                                             1874


SUNRISE AND SUNSET
APRIL 29 2016.........SUNRISE   631 AM EDT   SUNSET   831 PM EDT
APRIL 30 2016.........SUNRISE   630 AM EDT   SUNSET   832 PM EDT


-  INDICATES NEGATIVE NUMBERS.
R  INDICATES RECORD WAS SET OR TIED.
MM INDICATES DATA IS MISSING.
T  INDICATES TRACE AMOUNT.




$$
