000
CDUS43 KDTX 022111
CLIDTW


CLIMATE REPORT
NATIONAL WEATHER SERVICE DETROIT/PONTIAC MI
511 PM EDT SUN AUG 2 2015


...................................

...THE DETROIT MI CLIMATE SUMMARY FOR AUGUST 2 2015...
VALID TODAY AS OF 0500 PM LOCAL TIME.

CLIMATE NORMAL PERIOD 1981 TO 2010
CLIMATE RECORD PERIOD 1874 TO 2015


WEATHER ITEM   OBSERVED TIME   RECORD YEAR NORMAL DEPARTURE LAST
                VALUE   (LST)  VALUE       VALUE  FROM      YEAR
                                                  NORMAL
..................................................................
TEMPERATURE (F)
 TODAY
  MAXIMUM         92    259 PM  99    1988  83      9       76
  MINIMUM         62    552 AM  48    1976  64     -2       64
  AVERAGE         77                        73      4       70

PRECIPITATION (IN)
  TODAY            0.00          1.46 1922   0.12  -0.12     0.01
  MONTH TO DATE    0.00                      0.23  -0.23     0.01
  SINCE JUN 1      7.08                      7.12  -0.04     6.44
  SINCE JAN 1     18.82                     19.66  -0.84    21.11

SNOWFALL (IN)
  TODAY            0.0           0.0    MM   0.0    0.0      0.0
  MONTH TO DATE    0.0                       0.0    0.0      0.0
  SINCE JUN 1      0.0                       0.0    0.0      0.0
  SINCE JUL 1      0.0                       0.0    0.0      0.0
  SNOW DEPTH       0

DEGREE DAYS
 HEATING
  TODAY            0                         0      0        0
  MONTH TO DATE    0                         0      0        0
  SINCE JUN 1     25                        37    -12       20
  SINCE JUL 1      3                         2      1        8

 COOLING
  TODAY           12                         8      4        5
  MONTH TO DATE   21                        16      5       12
  SINCE JUN 1    415                       454    -39      364
  SINCE JAN 1    519                       502     17      428
..................................................................


WIND (MPH)
  HIGHEST WIND SPEED    28   HIGHEST WIND DIRECTION     S (200)
  HIGHEST GUST SPEED    35   HIGHEST GUST DIRECTION    NW (320)
  AVERAGE WIND SPEED     9.9


SKY COVER
  POSSIBLE SUNSHINE  MM
  AVERAGE SKY COVER 0.5


WEATHER CONDITIONS
 THE FOLLOWING WEATHER WAS RECORDED TODAY.
  NO SIGNIFICANT WEATHER WAS OBSERVED.


RELATIVE HUMIDITY (PERCENT)
 HIGHEST    84           500 AM
 LOWEST     36           300 PM
 AVERAGE    60

..........................................................


THE DETROIT MI CLIMATE NORMALS FOR TOMORROW
                         NORMAL    RECORD    YEAR
 MAXIMUM TEMPERATURE (F)   83        96      1988
                                             1955
                                             1944
 MINIMUM TEMPERATURE (F)   64        46      1976


SUNRISE AND SUNSET
AUGUST  2 2015........SUNRISE   627 AM EDT   SUNSET   852 PM EDT
AUGUST  3 2015........SUNRISE   628 AM EDT   SUNSET   850 PM EDT


-  INDICATES NEGATIVE NUMBERS.
R  INDICATES RECORD WAS SET OR TIED.
MM INDICATES DATA IS MISSING.
T  INDICATES TRACE AMOUNT.




$$
