000
CDUS43 KDTX 270554
CLIDTW


CLIMATE REPORT
NATIONAL WEATHER SERVICE DETROIT/PONTIAC MI
153 AM EDT FRI MAR 27 2015


...................................

...THE DETROIT MI CLIMATE SUMMARY FOR MARCH 26 2015...

CLIMATE NORMAL PERIOD 1981 TO 2010
CLIMATE RECORD PERIOD 1874 TO 2015


WEATHER ITEM   OBSERVED TIME   RECORD YEAR NORMAL DEPARTURE LAST
                VALUE   (LST)  VALUE       VALUE  FROM      YEAR
                                                  NORMAL
..................................................................
TEMPERATURE (F)
 YESTERDAY
  MAXIMUM         46    325 PM  81    2007  50     -4       33
  MINIMUM         35   1159 PM  11    2014  32      3       11
                                      2001
                                      1937
  AVERAGE         41                        41      0       22

PRECIPITATION (IN)
  YESTERDAY        0.07          1.08 1934   0.08  -0.01     0.00
  MONTH TO DATE    0.59                      1.87  -1.28     1.43
  SINCE MAR 1      0.59                      1.87  -1.28     1.43
  SINCE JAN 1      3.39                      5.85  -2.46     7.17

SNOWFALL (IN)
  YESTERDAY        T             3.6  1970   0.2   -0.2      0.0
  MONTH TO DATE    2.8                       6.2   -3.4     12.5
  SINCE MAR 1      2.8                       6.2   -3.4     12.5
  SINCE JUL 1     47.5                      40.1    7.4     91.7
  SNOW DEPTH       0

DEGREE DAYS
 HEATING
  YESTERDAY       24                        24      0       43
  MONTH TO DATE  788                       749     39      997
  SINCE MAR 1    788                       749     39      997
  SINCE JUL 1   5899                      5302    597     6247

 COOLING
  YESTERDAY        0                         0      0        0
  MONTH TO DATE    0                         0      0        0
  SINCE MAR 1      0                         0      0        0
  SINCE JAN 1      0                         0      0        0
..................................................................


WIND (MPH)
  HIGHEST WIND SPEED    16   HIGHEST WIND DIRECTION     W (290)
  HIGHEST GUST SPEED    21   HIGHEST GUST DIRECTION     W (280)
  AVERAGE WIND SPEED     8.6


SKY COVER
  POSSIBLE SUNSHINE  MM
  AVERAGE SKY COVER 1.0


WEATHER CONDITIONS
 THE FOLLOWING WEATHER WAS RECORDED YESTERDAY.
  RAIN
  LIGHT RAIN
  LIGHT SNOW
  FOG
  HAZE


RELATIVE HUMIDITY (PERCENT)
 HIGHEST    92           700 AM
 LOWEST     45           400 PM
 AVERAGE    69

..........................................................


THE DETROIT MI CLIMATE NORMALS FOR TODAY
                         NORMAL    RECORD    YEAR
 MAXIMUM TEMPERATURE (F)   51        81      2007
 MINIMUM TEMPERATURE (F)   32         3      1934


SUNRISE AND SUNSET
MARCH 27 2015.........SUNRISE   725 AM EDT   SUNSET   753 PM EDT
MARCH 28 2015.........SUNRISE   723 AM EDT   SUNSET   754 PM EDT


-  INDICATES NEGATIVE NUMBERS.
R  INDICATES RECORD WAS SET OR TIED.
MM INDICATES DATA IS MISSING.
T  INDICATES TRACE AMOUNT.




$$
