000
CDUS43 KDTX 240543
CLIDTW


CLIMATE REPORT
NATIONAL WEATHER SERVICE DETROIT/PONTIAC MI
1243 AM EST TUE JAN 24 2017


...................................

...THE DETROIT MI CLIMATE SUMMARY FOR JANUARY 23 2017...

CLIMATE NORMAL PERIOD 1981 TO 2010
CLIMATE RECORD PERIOD 1874 TO 2017


WEATHER ITEM   OBSERVED TIME   RECORD YEAR NORMAL DEPARTURE LAST
                VALUE   (LST)  VALUE       VALUE  FROM      YEAR
                                                  NORMAL
..................................................................
TEMPERATURE (F)
 YESTERDAY
  MAXIMUM         46   1215 AM  61    1967  32     14       33
  MINIMUM         41   1159 PM -12    1963  19     22       19
  AVERAGE         44                        25     19       26

PRECIPITATION (IN)
  YESTERDAY        0.11          0.69 1898   0.06   0.05      T
  MONTH TO DATE    2.40                      1.49   0.91     1.18
  SINCE DEC 1      4.56                      3.95   0.61     4.19
  SINCE JAN 1      2.40                      1.49   0.91     1.18

SNOWFALL (IN)
  YESTERDAY        0.0           3.2  1998   0.4   -0.4       T
  MONTH TO DATE    4.6                       9.4   -4.8      8.2
  SINCE DEC 1     21.4                      19.0    2.4      9.5
  SINCE JUL 1     21.5                      20.6    0.9     15.7
  SNOW DEPTH       0

DEGREE DAYS
 HEATING
  YESTERDAY       21                        40    -19       39
  MONTH TO DATE  755                       910   -155      898
  SINCE DEC 1   1865                      1992   -127     1630
  SINCE JUL 1   2733                      3207   -474     2550

 COOLING
  YESTERDAY        0                         0      0        0
  MONTH TO DATE    0                         0      0        0
  SINCE DEC 1      0                         0      0        0
  SINCE JAN 1      0                         0      0        0
..................................................................


WIND (MPH)
  HIGHEST WIND SPEED    13   HIGHEST WIND DIRECTION    NE (60)
  HIGHEST GUST SPEED    16   HIGHEST GUST DIRECTION    NE (50)
  AVERAGE WIND SPEED     7.3


SKY COVER
  POSSIBLE SUNSHINE  MM
  AVERAGE SKY COVER 1.0


WEATHER CONDITIONS
 THE FOLLOWING WEATHER WAS RECORDED YESTERDAY.
  RAIN
  LIGHT RAIN
  FOG
  FOG W/VISIBILITY <= 1/4 MILE


RELATIVE HUMIDITY (PERCENT)
 HIGHEST   100          1200 AM
 LOWEST     89           600 PM
 AVERAGE    95

..........................................................


THE DETROIT MI CLIMATE NORMALS FOR TODAY
                         NORMAL    RECORD    YEAR
 MAXIMUM TEMPERATURE (F)   32        61      1909
 MINIMUM TEMPERATURE (F)   19       -13      1963


SUNRISE AND SUNSET
JANUARY 24 2017.......SUNRISE   754 AM EST   SUNSET   538 PM EST
JANUARY 25 2017.......SUNRISE   753 AM EST   SUNSET   539 PM EST


-  INDICATES NEGATIVE NUMBERS.
R  INDICATES RECORD WAS SET OR TIED.
MM INDICATES DATA IS MISSING.
T  INDICATES TRACE AMOUNT.




$$
