000
CDUS43 KDTX 060536
CLIDTW


CLIMATE REPORT
NATIONAL WEATHER SERVICE DETROIT/PONTIAC MI
1236 AM EST FRI MAR 6 2015


...................................

...THE DETROIT MI CLIMATE SUMMARY FOR MARCH 5 2015...

CLIMATE NORMAL PERIOD 1981 TO 2010
CLIMATE RECORD PERIOD 1874 TO 2015


WEATHER ITEM   OBSERVED TIME   RECORD YEAR NORMAL DEPARTURE LAST
                VALUE   (LST)  VALUE       VALUE  FROM      YEAR
                                                  NORMAL
..................................................................
TEMPERATURE (F)
 YESTERDAY
  MAXIMUM         19    518 PM  68    2004  41    -22       24
  MINIMUM          7   1159 PM   2    1948  25    -18       14
                                      1901
  AVERAGE         13                        33    -20       19

PRECIPITATION (IN)
  YESTERDAY        0.00          1.00 2011   0.07  -0.07      T
  MONTH TO DATE    0.32                      0.36  -0.04     0.38
  SINCE MAR 1      0.32                      0.36  -0.04     0.38
  SINCE JAN 1      3.12                      4.34  -1.22     6.12

SNOWFALL (IN)
  YESTERDAY        0.0           9.8  1899   0.3   -0.3      0.3
  MONTH TO DATE    2.8                       1.5    1.3      4.9
  SINCE MAR 1      2.8                       1.5    1.3      4.9
  SINCE JUL 1     47.5                      35.4   12.1     84.1
  SNOW DEPTH      13

DEGREE DAYS
 HEATING
  YESTERDAY       52                        32     20       46
  MONTH TO DATE  208                       163     45      248
  SINCE MAR 1    208                       163     45      248
  SINCE JUL 1   5319                      4716    603     5498

 COOLING
  YESTERDAY        0                         0      0        0
  MONTH TO DATE    0                         0      0        0
  SINCE MAR 1      0                         0      0        0
  SINCE JAN 1      0                         0      0        0
..................................................................


WIND (MPH)
  HIGHEST WIND SPEED    18   HIGHEST WIND DIRECTION    NW (320)
  HIGHEST GUST SPEED    26   HIGHEST GUST DIRECTION    SW (210)
  AVERAGE WIND SPEED     7.7


SKY COVER
  POSSIBLE SUNSHINE  MM
  AVERAGE SKY COVER 0.6


WEATHER CONDITIONS
 THE FOLLOWING WEATHER WAS RECORDED YESTERDAY.
  NO SIGNIFICANT WEATHER WAS OBSERVED.


RELATIVE HUMIDITY (PERCENT)
 HIGHEST    69          1000 PM
 LOWEST     39           300 PM
 AVERAGE    54

..........................................................


THE DETROIT MI CLIMATE NORMALS FOR TODAY
                         NORMAL    RECORD    YEAR
 MAXIMUM TEMPERATURE (F)   41        67      2009
                                             1961
                                             1951
 MINIMUM TEMPERATURE (F)   25         2      1901


SUNRISE AND SUNSET
MARCH  6 2015.........SUNRISE   701 AM EST   SUNSET   629 PM EST
MARCH  7 2015.........SUNRISE   659 AM EST   SUNSET   630 PM EST


-  INDICATES NEGATIVE NUMBERS.
R  INDICATES RECORD WAS SET OR TIED.
MM INDICATES DATA IS MISSING.
T  INDICATES TRACE AMOUNT.




$$
