000
CDUS43 KDTX 162133
CLIDTW


CLIMATE REPORT
NATIONAL WEATHER SERVICE DETROIT/PONTIAC MI
432 PM EST TUE JAN 16 2018


...................................

...THE DETROIT MI CLIMATE SUMMARY FOR JANUARY 16 2018...
VALID TODAY AS OF 0400 PM LOCAL TIME.

CLIMATE NORMAL PERIOD 1981 TO 2010
CLIMATE RECORD PERIOD 1874 TO 2018


WEATHER ITEM   OBSERVED TIME   RECORD YEAR NORMAL DEPARTURE LAST
                VALUE   (LST)  VALUE       VALUE  FROM      YEAR
                                                  NORMAL
..................................................................
TEMPERATURE (F)
 TODAY
  MAXIMUM         22   1208 AM  55    1953  32    -10       36
                                      1949
  MINIMUM         11    155 PM -15    2009  19     -8       19
  AVERAGE         17                        25     -8       28

PRECIPITATION (IN)
  TODAY            T             0.47 1924   0.06  -0.06     0.15
  MONTH TO DATE    0.61                      1.07  -0.46     1.71
  SINCE DEC 1      2.09                      3.53  -1.44     3.87
  SINCE JAN 1      0.61                      1.07  -0.46     1.71

SNOWFALL (IN)
  TODAY            T             4.2  1959   0.4   -0.4      0.0
  MONTH TO DATE    5.5                       6.5   -1.0      4.6
  SINCE DEC 1     28.0                      16.1   11.9     21.4
  SINCE JUL 1     28.0                      17.7   10.3     21.5
  SNOW DEPTH       2

DEGREE DAYS
 HEATING
  TODAY           48                        40      8       37
  MONTH TO DATE  743                       630    113      593
  SINCE DEC 1   1924                      1712    212     1703
  SINCE JUL 1   2987                      2927     60     2571

 COOLING
  TODAY            0                         0      0        0
  MONTH TO DATE    0                         0      0        0
  SINCE DEC 1      0                         0      0        0
  SINCE JAN 1      0                         0      0        0
..................................................................


WIND (MPH)
  HIGHEST WIND SPEED    16   HIGHEST WIND DIRECTION    SW (230)
  HIGHEST GUST SPEED    18   HIGHEST GUST DIRECTION    SW (230)
  AVERAGE WIND SPEED    11.2


SKY COVER
  POSSIBLE SUNSHINE  MM
  AVERAGE SKY COVER 1.0


WEATHER CONDITIONS
 THE FOLLOWING WEATHER WAS RECORDED TODAY.
  LIGHT SNOW
  FOG
  HAZE


RELATIVE HUMIDITY (PERCENT)
 HIGHEST    92          1200 AM
 LOWEST     73           700 AM
 AVERAGE    83

..........................................................


THE DETROIT MI CLIMATE NORMALS FOR TOMORROW
                         NORMAL    RECORD    YEAR
 MAXIMUM TEMPERATURE (F)   32        63      1952
 MINIMUM TEMPERATURE (F)   19       -15      1982


SUNRISE AND SUNSET
JANUARY 16 2018.......SUNRISE   759 AM EST   SUNSET   528 PM EST
JANUARY 17 2018.......SUNRISE   758 AM EST   SUNSET   529 PM EST


-  INDICATES NEGATIVE NUMBERS.
R  INDICATES RECORD WAS SET OR TIED.
MM INDICATES DATA IS MISSING.
T  INDICATES TRACE AMOUNT.




$$
