000
CDUS43 KDTX 120535
CLIDTW


CLIMATE REPORT
NATIONAL WEATHER SERVICE DETROIT/PONTIAC MI
135 AM EDT FRI SEP 12 2014


...................................

...THE DETROIT MI CLIMATE SUMMARY FOR SEPTEMBER 11 2014...

CLIMATE NORMAL PERIOD 1981 TO 2010
CLIMATE RECORD PERIOD 1874 TO 2014


WEATHER ITEM   OBSERVED TIME   RECORD YEAR NORMAL DEPARTURE LAST
                VALUE   (LST)  VALUE       VALUE  FROM      YEAR
                                                  NORMAL
..................................................................
TEMPERATURE (F)
 YESTERDAY
  MAXIMUM         74   1210 AM  95    1931  76     -2       91
  MINIMUM         52    801 AM  39    1917  57     -5       70
  AVERAGE         63                        66     -3       81

PRECIPITATION (IN)
  YESTERDAY        0.02          3.71 2000   0.12  -0.10     0.08
  MONTH TO DATE    3.55                      1.21   2.34     0.25
  SINCE SEP 1      3.55                      1.21   2.34     0.25
  SINCE JAN 1     30.97                     23.64   7.33    31.23

SNOWFALL (IN)
  YESTERDAY        0.0           0.0    MM   0.0    0.0      0.0
  MONTH TO DATE    0.0                       0.0    0.0      0.0
  SINCE SEP 1      0.0                       0.0    0.0      0.0
  SINCE JUL 1      0.0                       0.0    0.0      0.0
  SNOW DEPTH       0

DEGREE DAYS
 HEATING
  YESTERDAY        2                         2      0        0
  MONTH TO DATE    2                        15    -13        2
  SINCE SEP 1      2                        15    -13        2
  SINCE JUL 1     15                        25    -10       14

 COOLING
  YESTERDAY        0                         3     -3       16
  MONTH TO DATE   66                        47     19       61
  SINCE SEP 1     66                        47     19       61
  SINCE JAN 1    698                       758    -60      854
..................................................................


WIND (MPH)
  HIGHEST WIND SPEED    23   HIGHEST WIND DIRECTION     W (280)
  HIGHEST GUST SPEED    31   HIGHEST GUST DIRECTION     W (280)
  AVERAGE WIND SPEED    11.0


SKY COVER
  POSSIBLE SUNSHINE  MM
  AVERAGE SKY COVER 1.0


WEATHER CONDITIONS
 THE FOLLOWING WEATHER WAS RECORDED YESTERDAY.
  LIGHT RAIN
  FOG


RELATIVE HUMIDITY (PERCENT)
 HIGHEST    87          1200 AM
 LOWEST     67          1200 PM
 AVERAGE    77

..........................................................


THE DETROIT MI CLIMATE NORMALS FOR TODAY
                         NORMAL    RECORD    YEAR
 MAXIMUM TEMPERATURE (F)   76        96      1952
 MINIMUM TEMPERATURE (F)   56        39      1943


SUNRISE AND SUNSET
SEPTEMBER 12 2014.....SUNRISE   710 AM EDT   SUNSET   748 PM EDT
SEPTEMBER 13 2014.....SUNRISE   711 AM EDT   SUNSET   746 PM EDT


-  INDICATES NEGATIVE NUMBERS.
R  INDICATES RECORD WAS SET OR TIED.
MM INDICATES DATA IS MISSING.
T  INDICATES TRACE AMOUNT.




$$
