000
CDUS43 KDTX 140537
CLIDTW


CLIMATE REPORT
NATIONAL WEATHER SERVICE DETROIT/PONTIAC MI
136 AM EDT MON APR 14 2014


...................................

...THE DETROIT MI CLIMATE SUMMARY FOR APRIL 13 2014...

CLIMATE NORMAL PERIOD 1981 TO 2010
CLIMATE RECORD PERIOD 1874 TO 2014


WEATHER ITEM   OBSERVED TIME   RECORD YEAR NORMAL DEPARTURE LAST
                VALUE   (LST)  VALUE       VALUE  FROM      YEAR
                                                  NORMAL
..................................................................
TEMPERATURE (F)
 YESTERDAY
  MAXIMUM         79    215 PM  87    1977  58     21       43
                                      1941
  MINIMUM         48    451 AM  19    1950  39      9       37
  AVERAGE         64                        48     16       40

PRECIPITATION (IN)
  YESTERDAY        0.00          1.52 1979   0.10  -0.10     0.02
  MONTH TO DATE    0.91                      1.24  -0.33     2.06
  SINCE MAR 1      2.40                      3.52  -1.12     2.80
  SINCE JAN 1      8.14                      7.50   0.64     9.08

SNOWFALL (IN)
  YESTERDAY        0.0           2.5  1940   0.1   -0.1       T
  MONTH TO DATE    T                         1.2   -1.2       T
  SINCE MAR 1     12.5                       8.1    4.4      3.1
  SINCE JUL 1     91.7                      42.0   49.7     47.6
  SNOW DEPTH       0

DEGREE DAYS
 HEATING
  YESTERDAY        1                        17    -16       25
  MONTH TO DATE  208                       248    -40      302
  SINCE MAR 1   1327                      1110    217     1235
  SINCE JUL 1   6577                      5663    914     5520

 COOLING
  YESTERDAY        0                         0      0        0
  MONTH TO DATE    0                         0      0        0
  SINCE MAR 1      0                         0      0        0
  SINCE JAN 1      0                         0      0        0
..................................................................


WIND (MPH)
  HIGHEST WIND SPEED    33   HIGHEST WIND DIRECTION     S (200)
  HIGHEST GUST SPEED    41   HIGHEST GUST DIRECTION    SW (210)
  AVERAGE WIND SPEED    13.6


SKY COVER
  POSSIBLE SUNSHINE  MM
  AVERAGE SKY COVER 0.8


WEATHER CONDITIONS
 THE FOLLOWING WEATHER WAS RECORDED YESTERDAY.
  FOG
  HAZE


RELATIVE HUMIDITY (PERCENT)
 HIGHEST    86           500 AM
 LOWEST     45           300 PM
 AVERAGE    66

..........................................................


THE DETROIT MI CLIMATE NORMALS FOR TODAY
                         NORMAL    RECORD    YEAR
 MAXIMUM TEMPERATURE (F)   59        81      2006
                                             1941
 MINIMUM TEMPERATURE (F)   39        20      1950


SUNRISE AND SUNSET
APRIL 14 2014.........SUNRISE   654 AM EDT   SUNSET   814 PM EDT
APRIL 15 2014.........SUNRISE   653 AM EDT   SUNSET   815 PM EDT


-  INDICATES NEGATIVE NUMBERS.
R  INDICATES RECORD WAS SET OR TIED.
MM INDICATES DATA IS MISSING.
T  INDICATES TRACE AMOUNT.




$$
