501
CDUS43 KDTX 200537
CLIDTW


CLIMATE REPORT
NATIONAL WEATHER SERVICE DETROIT/PONTIAC MI
136 AM EDT TUE SEP 20 2016


...................................

...THE DETROIT MI CLIMATE SUMMARY FOR SEPTEMBER 19 2016...

CLIMATE NORMAL PERIOD 1981 TO 2010
CLIMATE RECORD PERIOD 1874 TO 2016


WEATHER ITEM   OBSERVED TIME   RECORD YEAR NORMAL DEPARTURE LAST
                VALUE   (LST)  VALUE       VALUE  FROM      YEAR
                                                  NORMAL
..................................................................
TEMPERATURE (F)
 YESTERDAY
  MAXIMUM         83    324 PM  93    1955  73     10       73
  MINIMUM         60    650 AM  38    1982  53      7       55
  AVERAGE         72                        63      9       64

PRECIPITATION (IN)
  YESTERDAY        0.00          1.81 2011   0.12  -0.12     0.26
  MONTH TO DATE    2.29                      2.12   0.17     1.12
  SINCE SEP 1      2.29                      2.12   0.17     1.12
  SINCE JAN 1     23.51                     24.55  -1.04    23.10

SNOWFALL (IN)
  YESTERDAY        0.0           0.0    MM   0.0    0.0      0.0
  MONTH TO DATE    0.0                       0.0    0.0      0.0
  SINCE SEP 1      0.0                       0.0    0.0      0.0
  SINCE JUL 1      0.0                       0.0    0.0      0.0
  SNOW DEPTH       0

DEGREE DAYS
 HEATING
  YESTERDAY        0                         4     -4        1
  MONTH TO DATE    2                        39    -37       20
  SINCE SEP 1      2                        39    -37       20
  SINCE JUL 1      2                        49    -47       30

 COOLING
  YESTERDAY        7                         2      5        0
  MONTH TO DATE  101                        68     33      144
  SINCE SEP 1    101                        68     33      144
  SINCE JAN 1   1124                       779    345      864
..................................................................


WIND (MPH)
  HIGHEST WIND SPEED    12   HIGHEST WIND DIRECTION     S (160)
  HIGHEST GUST SPEED    15   HIGHEST GUST DIRECTION     S (160)
  AVERAGE WIND SPEED     3.3


SKY COVER
  POSSIBLE SUNSHINE  MM
  AVERAGE SKY COVER 0.3


WEATHER CONDITIONS
 THE FOLLOWING WEATHER WAS RECORDED YESTERDAY.
  FOG


RELATIVE HUMIDITY (PERCENT)
 HIGHEST   100           200 AM
 LOWEST     40           200 PM
 AVERAGE    70

..........................................................


THE DETROIT MI CLIMATE NORMALS FOR TODAY
                         NORMAL    RECORD    YEAR
 MAXIMUM TEMPERATURE (F)   72        92      1895
 MINIMUM TEMPERATURE (F)   53        36      1956


SUNRISE AND SUNSET
SEPTEMBER 20 2016.....SUNRISE   719 AM EDT   SUNSET   733 PM EDT
SEPTEMBER 21 2016.....SUNRISE   720 AM EDT   SUNSET   731 PM EDT


-  INDICATES NEGATIVE NUMBERS.
R  INDICATES RECORD WAS SET OR TIED.
MM INDICATES DATA IS MISSING.
T  INDICATES TRACE AMOUNT.




$$
