468
CDUS43 KDTX 150537
CLIDTW


CLIMATE REPORT
NATIONAL WEATHER SERVICE DETROIT/PONTIAC MI
1237 AM EST SUN JAN 15 2017


...................................

...THE DETROIT MI CLIMATE SUMMARY FOR JANUARY 14 2017...

CLIMATE NORMAL PERIOD 1981 TO 2010
CLIMATE RECORD PERIOD 1874 TO 2017


WEATHER ITEM   OBSERVED TIME   RECORD YEAR NORMAL DEPARTURE LAST
                VALUE   (LST)  VALUE       VALUE  FROM      YEAR
                                                  NORMAL
..................................................................
TEMPERATURE (F)
 YESTERDAY
  MAXIMUM         33    430 PM  58    1995  32      1       36
  MINIMUM         23    345 AM  -9    1893  19      4       17
  AVERAGE         28                        25      3       27

PRECIPITATION (IN)
  YESTERDAY        0.00          0.78 1940   0.06  -0.06      T
  MONTH TO DATE    1.56                      0.95   0.61     0.81
  SINCE DEC 1      3.72                      3.41   0.31     3.82
  SINCE JAN 1      1.56                      0.95   0.61     0.81

SNOWFALL (IN)
  YESTERDAY        0.0          11.1  1992   0.4   -0.4       T
  MONTH TO DATE    4.6                       5.7   -1.1      7.5
  SINCE DEC 1     21.4                      15.3    6.1      8.8
  SINCE JUL 1     21.5                      16.9    4.6     15.0
  SNOW DEPTH       0

DEGREE DAYS
 HEATING
  YESTERDAY       37                        40     -3       38
  MONTH TO DATE  517                       550    -33      518
  SINCE DEC 1   1627                      1632     -5     1250
  SINCE JUL 1   2495                      2847   -352     2170

 COOLING
  YESTERDAY        0                         0      0        0
  MONTH TO DATE    0                         0      0        0
  SINCE DEC 1      0                         0      0        0
  SINCE JAN 1      0                         0      0        0
..................................................................


WIND (MPH)
  HIGHEST WIND SPEED    10   HIGHEST WIND DIRECTION     E (80)
  HIGHEST GUST SPEED    13   HIGHEST GUST DIRECTION     E (90)
  AVERAGE WIND SPEED     4.4


SKY COVER
  POSSIBLE SUNSHINE  MM
  AVERAGE SKY COVER 0.8


WEATHER CONDITIONS
 THE FOLLOWING WEATHER WAS RECORDED YESTERDAY.
  NO SIGNIFICANT WEATHER WAS OBSERVED.


RELATIVE HUMIDITY (PERCENT)
 HIGHEST    81          1100 PM
 LOWEST     56           300 PM
 AVERAGE    69

..........................................................


THE DETROIT MI CLIMATE NORMALS FOR TODAY
                         NORMAL    RECORD    YEAR
 MAXIMUM TEMPERATURE (F)   32        59      1932
 MINIMUM TEMPERATURE (F)   19       -12      1972


SUNRISE AND SUNSET
JANUARY 15 2017.......SUNRISE   759 AM EST   SUNSET   527 PM EST
JANUARY 16 2017.......SUNRISE   759 AM EST   SUNSET   528 PM EST


-  INDICATES NEGATIVE NUMBERS.
R  INDICATES RECORD WAS SET OR TIED.
MM INDICATES DATA IS MISSING.
T  INDICATES TRACE AMOUNT.




$$
