000
CDUS43 KDTX 120608
CLIDTW


CLIMATE REPORT
NATIONAL WEATHER SERVICE DETROIT/PONTIAC MI
208 AM EDT THU OCT 12 2017


...................................

...THE DETROIT MI CLIMATE SUMMARY FOR OCTOBER 11 2017...

CLIMATE NORMAL PERIOD 1981 TO 2010
CLIMATE RECORD PERIOD 1874 TO 2017


WEATHER ITEM   OBSERVED TIME   RECORD YEAR NORMAL DEPARTURE LAST
                VALUE   (LST)  VALUE       VALUE  FROM      YEAR
                                                  NORMAL
..................................................................
TEMPERATURE (F)
 YESTERDAY
  MAXIMUM         58   1238 AM  86    1928  63     -5       67
  MINIMUM         50    532 PM  25    1906  45      5       48
  AVERAGE         54                        54      0       58

PRECIPITATION (IN)
  YESTERDAY        0.85          3.27 1949   0.08   0.77     0.00
  MONTH TO DATE    1.66                      0.93   0.73     0.31
  SINCE SEP 1      2.57                      4.20  -1.63     6.59
  SINCE JAN 1     27.87                     26.63   1.24    27.81

SNOWFALL (IN)
  YESTERDAY        0.0           0.0    MM   0.0    0.0      0.0
  MONTH TO DATE    0.0                       0.0    0.0      0.0
  SINCE SEP 1      0.0                       0.0    0.0      0.0
  SINCE JUL 1      0.0                       0.0    0.0      0.0
  SNOW DEPTH       0

DEGREE DAYS
 HEATING
  YESTERDAY       11                        11      0        7
  MONTH TO DATE   32                       106    -74       62
  SINCE SEP 1     98                       210   -112       92
  SINCE JUL 1    102                       220   -118       92

 COOLING
  YESTERDAY        0                         0      0        0
  MONTH TO DATE   31                         7     24       11
  SINCE SEP 1    167                        91     76      143
  SINCE JAN 1    917                       802    115     1166
..................................................................


WIND (MPH)
  HIGHEST WIND SPEED    23   HIGHEST WIND DIRECTION    NE (50)
  HIGHEST GUST SPEED    32   HIGHEST GUST DIRECTION    NE (60)
  AVERAGE WIND SPEED    14.1


SKY COVER
  POSSIBLE SUNSHINE  MM
  AVERAGE SKY COVER 1.0


WEATHER CONDITIONS
 THE FOLLOWING WEATHER WAS RECORDED YESTERDAY.
  HEAVY RAIN
  RAIN
  LIGHT RAIN
  FOG


RELATIVE HUMIDITY (PERCENT)
 HIGHEST   100           100 PM
 LOWEST     72           300 AM
 AVERAGE    86

..........................................................


THE DETROIT MI CLIMATE NORMALS FOR TODAY
                         NORMAL    RECORD    YEAR
 MAXIMUM TEMPERATURE (F)   63        84      1995
                                             1879
 MINIMUM TEMPERATURE (F)   44        26      1875


SUNRISE AND SUNSET
OCTOBER 12 2017.......SUNRISE   743 AM EDT   SUNSET   656 PM EDT
OCTOBER 13 2017.......SUNRISE   744 AM EDT   SUNSET   654 PM EDT


-  INDICATES NEGATIVE NUMBERS.
R  INDICATES RECORD WAS SET OR TIED.
MM INDICATES DATA IS MISSING.
T  INDICATES TRACE AMOUNT.




$$
