000
CDUS43 KDTX 090535
CLIDTW


CLIMATE REPORT
NATIONAL WEATHER SERVICE DETROIT/PONTIAC MI
135 AM EDT WED APR 9 2014


...................................

...THE DETROIT MI CLIMATE SUMMARY FOR APRIL 8 2014...

CLIMATE NORMAL PERIOD 1981 TO 2010
CLIMATE RECORD PERIOD 1874 TO 2014


WEATHER ITEM   OBSERVED TIME   RECORD YEAR NORMAL DEPARTURE LAST
                VALUE   (LST)  VALUE       VALUE  FROM      YEAR
                                                  NORMAL
..................................................................
TEMPERATURE (F)
 YESTERDAY
  MAXIMUM         63    413 PM  79    2001  56      7       69
  MINIMUM         39    615 AM  11    1982  37      2       37
  AVERAGE         51                        46      5       53

PRECIPITATION (IN)
  YESTERDAY        0.07          0.94 2002   0.10  -0.03     0.12
  MONTH TO DATE    0.90                      0.74   0.16     0.12
  SINCE MAR 1      2.39                      3.02  -0.63     0.86
  SINCE JAN 1      8.13                      7.00   1.13     7.14

SNOWFALL (IN)
  YESTERDAY        0.0           0.8  1902   0.0    0.0      0.0
  MONTH TO DATE    T                         0.8   -0.8       T
  SINCE MAR 1     12.5                       7.7    4.8      3.1
  SINCE JUL 1     91.7                      41.6   50.1     47.6
  SNOW DEPTH       0

DEGREE DAYS
 HEATING
  YESTERDAY       14                        19     -5       12
  MONTH TO DATE  163                       160      3      188
  SINCE MAR 1   1282                      1022    260     1121
  SINCE JUL 1   6532                      5575    957     5406

 COOLING
  YESTERDAY        0                         0      0        0
  MONTH TO DATE    0                         0      0        0
  SINCE MAR 1      0                         0      0        0
  SINCE JAN 1      0                         0      0        0
..................................................................


WIND (MPH)
  HIGHEST WIND SPEED    16   HIGHEST WIND DIRECTION     N (340)
  HIGHEST GUST SPEED    23   HIGHEST GUST DIRECTION     N (340)
  AVERAGE WIND SPEED     8.0


SKY COVER
  POSSIBLE SUNSHINE  MM
  AVERAGE SKY COVER 0.8


WEATHER CONDITIONS
 THE FOLLOWING WEATHER WAS RECORDED YESTERDAY.
  LIGHT RAIN
  FOG


RELATIVE HUMIDITY (PERCENT)
 HIGHEST    89           100 AM
 LOWEST     25           200 PM
 AVERAGE    57

..........................................................


THE DETROIT MI CLIMATE NORMALS FOR TODAY
                         NORMAL    RECORD    YEAR
 MAXIMUM TEMPERATURE (F)   57        78      1931
 MINIMUM TEMPERATURE (F)   37        19      1985
                                             1914


SUNRISE AND SUNSET
APRIL  9 2014.........SUNRISE   702 AM EDT   SUNSET   808 PM EDT
APRIL 10 2014.........SUNRISE   701 AM EDT   SUNSET   809 PM EDT


-  INDICATES NEGATIVE NUMBERS.
R  INDICATES RECORD WAS SET OR TIED.
MM INDICATES DATA IS MISSING.
T  INDICATES TRACE AMOUNT.




$$
