000
CDUS43 KDTX 140541
CLIDTW


CLIMATE REPORT
NATIONAL WEATHER SERVICE DETROIT/PONTIAC MI
140 AM EDT TUE MAR 14 2017


...................................

...THE DETROIT MI CLIMATE SUMMARY FOR MARCH 13 2017...

CLIMATE NORMAL PERIOD 1981 TO 2010
CLIMATE RECORD PERIOD 1874 TO 2017


WEATHER ITEM   OBSERVED TIME   RECORD YEAR NORMAL DEPARTURE LAST
                VALUE   (LST)  VALUE       VALUE  FROM      YEAR
                                                  NORMAL
..................................................................
TEMPERATURE (F)
 YESTERDAY
  MAXIMUM         26    318 AM  73    1990  44    -18       48
  MINIMUM         21   1159 PM   3    2014  27     -6       43
  AVERAGE         24                        36    -12       46

PRECIPITATION (IN)
  YESTERDAY        0.25          1.58 1918   0.06   0.19     1.25
  MONTH TO DATE    1.28                      0.91   0.37     1.86
  SINCE MAR 1      1.28                      0.91   0.37     1.86
  SINCE JAN 1      6.01                      4.89   1.12     5.22

SNOWFALL (IN)
  YESTERDAY        5.2 R         5.0  1891   0.3    4.9      0.0
  MONTH TO DATE    5.5                       3.7    1.8      7.4
  SINCE MAR 1      5.5                       3.7    1.8      7.4
  SINCE JUL 1     36.4                      37.6   -1.2     34.0
  SNOW DEPTH       1

DEGREE DAYS
 HEATING
  YESTERDAY       41                        29     12       19
  MONTH TO DATE  403                       406     -3      317
  SINCE MAR 1    403                       406     -3      317
  SINCE JUL 1   4141                      4959   -818     4082

 COOLING
  YESTERDAY        0                         0      0        0
  MONTH TO DATE    0                         0      0        0
  SINCE MAR 1      0                         0      0        0
  SINCE JAN 1      0                         0      0        0
..................................................................


WIND (MPH)
  HIGHEST WIND SPEED    20   HIGHEST WIND DIRECTION    NE (40)
  HIGHEST GUST SPEED    24   HIGHEST GUST DIRECTION    NE (50)
  AVERAGE WIND SPEED    10.8


SKY COVER
  POSSIBLE SUNSHINE  MM
  AVERAGE SKY COVER 1.0


WEATHER CONDITIONS
 THE FOLLOWING WEATHER WAS RECORDED YESTERDAY.
  SNOW
  LIGHT SNOW
  FOG
  FOG W/VISIBILITY <= 1/4 MILE


RELATIVE HUMIDITY (PERCENT)
 HIGHEST    88           700 AM
 LOWEST     50          1200 AM
 AVERAGE    69

..........................................................


THE DETROIT MI CLIMATE NORMALS FOR TODAY
                         NORMAL    RECORD    YEAR
 MAXIMUM TEMPERATURE (F)   45        77      1990
 MINIMUM TEMPERATURE (F)   28         2      1895


SUNRISE AND SUNSET
MARCH 14 2017.........SUNRISE   747 AM EDT   SUNSET   739 PM EDT
MARCH 15 2017.........SUNRISE   745 AM EDT   SUNSET   740 PM EDT


-  INDICATES NEGATIVE NUMBERS.
R  INDICATES RECORD WAS SET OR TIED.
MM INDICATES DATA IS MISSING.
T  INDICATES TRACE AMOUNT.




$$
