000
CDUS43 KDTX 060546
CLIDTW


CLIMATE REPORT
NATIONAL WEATHER SERVICE DETROIT/PONTIAC MI
146 AM EDT FRI OCT 6 2017


...................................

...THE DETROIT MI CLIMATE SUMMARY FOR OCTOBER 5 2017...

CLIMATE NORMAL PERIOD 1981 TO 2010
CLIMATE RECORD PERIOD 1874 TO 2017


WEATHER ITEM   OBSERVED TIME   RECORD YEAR NORMAL DEPARTURE LAST
                VALUE   (LST)  VALUE       VALUE  FROM      YEAR
                                                  NORMAL
..................................................................
TEMPERATURE (F)
 YESTERDAY
  MAXIMUM         78    351 PM  88    1951  66     12       76
  MINIMUM         54    642 AM  31    1965  47      7       61
  AVERAGE         66                        56     10       69

PRECIPITATION (IN)
  YESTERDAY        0.05          2.10 1919   0.09  -0.04      T
  MONTH TO DATE    0.07                      0.44  -0.37     0.31
  SINCE SEP 1      0.98                      3.71  -2.73     6.59
  SINCE JAN 1     26.28                     26.14   0.14    27.81

SNOWFALL (IN)
  YESTERDAY        0.0           0.0    MM   0.0    0.0      0.0
  MONTH TO DATE    0.0                       0.0    0.0      0.0
  SINCE SEP 1      0.0                       0.0    0.0      0.0
  SINCE JUL 1      0.0                       0.0    0.0      0.0
  SNOW DEPTH       0

DEGREE DAYS
 HEATING
  YESTERDAY        0                         9     -9        0
  MONTH TO DATE   15                        43    -28       13
  SINCE SEP 1     81                       147    -66       43
  SINCE JUL 1     85                       157    -72       43

 COOLING
  YESTERDAY        1                         1      0        4
  MONTH TO DATE   12                         5      7        4
  SINCE SEP 1    148                        89     59      136
  SINCE JAN 1    898                       800     98     1159
..................................................................


WIND (MPH)
  HIGHEST WIND SPEED    16   HIGHEST WIND DIRECTION    SW (220)
  HIGHEST GUST SPEED    20   HIGHEST GUST DIRECTION    SW (230)
  AVERAGE WIND SPEED     5.8


SKY COVER
  POSSIBLE SUNSHINE  MM
  AVERAGE SKY COVER 0.6


WEATHER CONDITIONS
 THE FOLLOWING WEATHER WAS RECORDED YESTERDAY.
  LIGHT RAIN


RELATIVE HUMIDITY (PERCENT)
 HIGHEST    84          1100 PM
 LOWEST     33           300 PM
 AVERAGE    59

..........................................................


THE DETROIT MI CLIMATE NORMALS FOR TODAY
                         NORMAL    RECORD    YEAR
 MAXIMUM TEMPERATURE (F)   65        91      1963
 MINIMUM TEMPERATURE (F)   46        30      1935


SUNRISE AND SUNSET
OCTOBER  6 2017.......SUNRISE   736 AM EDT   SUNSET   706 PM EDT
OCTOBER  7 2017.......SUNRISE   737 AM EDT   SUNSET   704 PM EDT


-  INDICATES NEGATIVE NUMBERS.
R  INDICATES RECORD WAS SET OR TIED.
MM INDICATES DATA IS MISSING.
T  INDICATES TRACE AMOUNT.




$$
