000
CDUS43 KDTX 110542
CLIDTW


CLIMATE REPORT
NATIONAL WEATHER SERVICE DETROIT/PONTIAC MI
1242 AM EST SAT NOV 11 2017


...................................

...THE DETROIT MI CLIMATE SUMMARY FOR NOVEMBER 10 2017...

CLIMATE NORMAL PERIOD 1981 TO 2010
CLIMATE RECORD PERIOD 1874 TO 2017


WEATHER ITEM   OBSERVED TIME   RECORD YEAR NORMAL DEPARTURE LAST
                VALUE   (LST)  VALUE       VALUE  FROM      YEAR
                                                  NORMAL
..................................................................
TEMPERATURE (F)
 YESTERDAY
  MAXIMUM         30    322 PM  68    1999  52    -22       63
  MINIMUM         19R   738 AM  19    1913  36    -17       35
  AVERAGE         25                        44    -19       49

PRECIPITATION (IN)
  YESTERDAY        0.00          1.57 2002   0.09  -0.09     0.00
  MONTH TO DATE    2.18                      0.90   1.28     1.01
  SINCE SEP 1      5.93                      6.69  -0.76    10.27
  SINCE JAN 1     31.23                     29.12   2.11    31.49

SNOWFALL (IN)
  YESTERDAY        0.0           3.4  1892   0.0    0.0      0.0
  MONTH TO DATE    T                         0.2   -0.2      0.0
  SINCE SEP 1      T                         0.3   -0.3      0.0
  SINCE JUL 1      T                         0.3   -0.3      0.0
  SNOW DEPTH       0

DEGREE DAYS
 HEATING
  YESTERDAY       40                        21     19       16
  MONTH TO DATE  220                       195     25      108
  SINCE SEP 1    549                       696   -147      435
  SINCE JUL 1    553                       706   -153      435

 COOLING
  YESTERDAY        0                         0      0        0
  MONTH TO DATE    0                         0      0        0
  SINCE SEP 1    168                        92     76      154
  SINCE JAN 1    918                       803    115     1177
..................................................................


WIND (MPH)
  HIGHEST WIND SPEED    17   HIGHEST WIND DIRECTION    NW (330)
  HIGHEST GUST SPEED    22   HIGHEST GUST DIRECTION     N (350)
  AVERAGE WIND SPEED     8.4


SKY COVER
  POSSIBLE SUNSHINE  MM
  AVERAGE SKY COVER 0.4


WEATHER CONDITIONS
 THE FOLLOWING WEATHER WAS RECORDED YESTERDAY.
  NO SIGNIFICANT WEATHER WAS OBSERVED.


RELATIVE HUMIDITY (PERCENT)
 HIGHEST    67           800 AM
 LOWEST     35           100 PM
 AVERAGE    51

..........................................................


THE DETROIT MI CLIMATE NORMALS FOR TODAY
                         NORMAL    RECORD    YEAR
 MAXIMUM TEMPERATURE (F)   51        71      1964
 MINIMUM TEMPERATURE (F)   36        19      1926


SUNRISE AND SUNSET
NOVEMBER 11 2017......SUNRISE   719 AM EST   SUNSET   515 PM EST
NOVEMBER 12 2017......SUNRISE   720 AM EST   SUNSET   514 PM EST


-  INDICATES NEGATIVE NUMBERS.
R  INDICATES RECORD WAS SET OR TIED.
MM INDICATES DATA IS MISSING.
T  INDICATES TRACE AMOUNT.




$$
