000
CDUS43 KDTX 232029
CLIDTW


CLIMATE REPORT
NATIONAL WEATHER SERVICE DETROIT/PONTIAC MI
427 PM EDT WED JUL 23 2014


...................................

...THE DETROIT MI CLIMATE SUMMARY FOR JULY 23 2014...
VALID TODAY AS OF 0400 PM LOCAL TIME.

CLIMATE NORMAL PERIOD 1981 TO 2010
CLIMATE RECORD PERIOD 1874 TO 2014


WEATHER ITEM   OBSERVED TIME   RECORD YEAR NORMAL DEPARTURE LAST
                VALUE   (LST)  VALUE       VALUE  FROM      YEAR
                                                  NORMAL
..................................................................
TEMPERATURE (F)
 TODAY
  MAXIMUM         79   1256 AM  98    2012  83     -4       87
                                      1933
  MINIMUM         67    810 AM  50    1981  64      3       62
  AVERAGE         73                        74     -1       75

PRECIPITATION (IN)
  TODAY            T             1.69 2010   0.11  -0.11     0.54
  MONTH TO DATE    1.29                      2.43  -1.14     3.86
  SINCE JUN 1      5.29                      5.95  -0.66     9.87
  SINCE JAN 1     19.96                     18.49   1.47    24.72

SNOWFALL (IN)
  TODAY            0.0           0.0    MM   0.0    0.0      0.0
  MONTH TO DATE    0.0                       0.0    0.0      0.0
  SINCE JUN 1      0.0                       0.0    0.0      0.0
  SINCE JUL 1      0.0                       0.0    0.0      0.0
  SNOW DEPTH       0

DEGREE DAYS
 HEATING
  TODAY            0                         0      0        0
  MONTH TO DATE    3                         0      3        0
  SINCE JUN 1     15                        35    -20       23
  SINCE JUL 1      3                         0      3        0

 COOLING
  TODAY            8                         9     -1       10
  MONTH TO DATE  144                       204    -60      277
  SINCE JUN 1    329                       371    -42      447
  SINCE JAN 1    393                       419    -26      550
..................................................................


WIND (MPH)
  HIGHEST WIND SPEED    18   HIGHEST WIND DIRECTION    NW (310)
  HIGHEST GUST SPEED    22   HIGHEST GUST DIRECTION    NW (310)
  AVERAGE WIND SPEED    10.7


SKY COVER
  POSSIBLE SUNSHINE  MM
  AVERAGE SKY COVER 1.0


WEATHER CONDITIONS
 THE FOLLOWING WEATHER WAS RECORDED TODAY.
  THUNDERSTORM
  LIGHT RAIN
  HAZE


RELATIVE HUMIDITY (PERCENT)
 HIGHEST    90           700 AM
 LOWEST     53           300 PM
 AVERAGE    72

..........................................................


THE DETROIT MI CLIMATE NORMALS FOR TOMORROW
                         NORMAL    RECORD    YEAR
 MAXIMUM TEMPERATURE (F)   83       105      1934
 MINIMUM TEMPERATURE (F)   64        52      1974
                                             1953


SUNRISE AND SUNSET
JULY 23 2014..........SUNRISE   617 AM EDT   SUNSET   902 PM EDT
JULY 24 2014..........SUNRISE   618 AM EDT   SUNSET   901 PM EDT


-  INDICATES NEGATIVE NUMBERS.
R  INDICATES RECORD WAS SET OR TIED.
MM INDICATES DATA IS MISSING.
T  INDICATES TRACE AMOUNT.




$$
