000
CDUS43 KDTX 010556
CLIDTW


CLIMATE REPORT
NATIONAL WEATHER SERVICE DETROIT/PONTIAC MI
1236 AM EST SUN MAR 1 2015


...................................

...THE DETROIT MI CLIMATE SUMMARY FOR FEBRUARY 28 2015...

CLIMATE NORMAL PERIOD 1981 TO 2010
CLIMATE RECORD PERIOD 1874 TO 2015


WEATHER ITEM   OBSERVED TIME   RECORD YEAR NORMAL DEPARTURE LAST
                VALUE   (LST)  VALUE       VALUE  FROM      YEAR
                                                  NORMAL
..................................................................
TEMPERATURE (F)
 YESTERDAY
  MAXIMUM         21    456 PM  60    1880  39    -18       18
  MINIMUM         -2R   727 AM  -1    1994  24    -26        0
                                      1875
  AVERAGE         10                        31    -21        9

PRECIPITATION (IN)
  YESTERDAY        T             1.24 1900   0.08  -0.08     0.00
  MONTH TO DATE    1.35                      2.02  -0.67     2.82
  SINCE DEC 1      4.21                      6.44  -2.23     8.16
  SINCE JAN 1      2.80                      3.98  -1.18     5.74

SNOWFALL (IN)
  YESTERDAY        T            12.4  1900   0.3   -0.3      0.0
  MONTH TO DATE   26.4                      10.2   16.2     23.4
  SINCE DEC 1     40.7                      32.3    8.4     78.0
  SINCE JUL 1     44.7                      33.9   10.8     79.2
  SNOW DEPTH      11

DEGREE DAYS
 HEATING
  YESTERDAY       55                        34     21       56
  MONTH TO DATE 1418                      1033    385     1272
  SINCE DEC 1   3734                      3338    396     3948
  SINCE JUL 1   5111                      4553    558     5250

 COOLING
  YESTERDAY        0                         0      0        0
  MONTH TO DATE    0                         0      0        0
  SINCE DEC 1      0                         0      0        0
  SINCE JAN 1      0                         0      0        0
..................................................................


WIND (MPH)
  HIGHEST WIND SPEED    14   HIGHEST WIND DIRECTION     S (200)
  HIGHEST GUST SPEED    16   HIGHEST GUST DIRECTION     S (190)
  AVERAGE WIND SPEED     5.6


SKY COVER
  POSSIBLE SUNSHINE  MM
  AVERAGE SKY COVER 0.3


WEATHER CONDITIONS
 THE FOLLOWING WEATHER WAS RECORDED YESTERDAY.
  LIGHT SNOW


RELATIVE HUMIDITY (PERCENT)
 HIGHEST    79           700 AM
 LOWEST     45           300 PM
 AVERAGE    62

..........................................................


THE DETROIT MI CLIMATE NORMALS FOR TODAY
                         NORMAL    RECORD    YEAR
 MAXIMUM TEMPERATURE (F)   40        64      1992
 MINIMUM TEMPERATURE (F)   24         1      1962


SUNRISE AND SUNSET
MARCH  1 2015.........SUNRISE   709 AM EST   SUNSET   623 PM EST
MARCH  2 2015.........SUNRISE   707 AM EST   SUNSET   624 PM EST


-  INDICATES NEGATIVE NUMBERS.
R  INDICATES RECORD WAS SET OR TIED.
MM INDICATES DATA IS MISSING.
T  INDICATES TRACE AMOUNT.




$$
