000
CDUS43 KDTX 220537
CLIDTW


CLIMATE REPORT
NATIONAL WEATHER SERVICE DETROIT/PONTIAC MI
1237 AM EST TUE NOV 22 2016


...................................

...THE DETROIT MI CLIMATE SUMMARY FOR NOVEMBER 21 2016...

CLIMATE NORMAL PERIOD 1981 TO 2010
CLIMATE RECORD PERIOD 1874 TO 2016


WEATHER ITEM   OBSERVED TIME   RECORD YEAR NORMAL DEPARTURE LAST
                VALUE   (LST)  VALUE       VALUE  FROM      YEAR
                                                  NORMAL
..................................................................
TEMPERATURE (F)
 YESTERDAY
  MAXIMUM         39    312 PM  67    1913  46     -7       39
  MINIMUM         25    746 AM   3    1880  33     -8       29
  AVERAGE         32                        39     -7       34

PRECIPITATION (IN)
  YESTERDAY        0.00          1.16 2007   0.10  -0.10     0.43
  MONTH TO DATE    1.04                      1.96  -0.92     1.53
  SINCE SEP 1     10.30                      7.75   2.55     4.79
  SINCE JAN 1     31.52                     30.18   1.34    26.77

SNOWFALL (IN)
  YESTERDAY        0.0           6.0  2015   0.0    0.0      6.0
  MONTH TO DATE    0.1                       0.6   -0.5      6.0
  SINCE SEP 1      0.1                       0.7   -0.6      6.0
  SINCE JUL 1      0.1                       0.7   -0.6      6.0
  SNOW DEPTH       0

DEGREE DAYS
 HEATING
  YESTERDAY       33                        26      7       31
  MONTH TO DATE  331                       455   -124      312
  SINCE SEP 1    658                       956   -298      659
  SINCE JUL 1    658                       966   -308      669

 COOLING
  YESTERDAY        0                         0      0        0
  MONTH TO DATE    0                         0      0        0
  SINCE SEP 1    154                        92     62      171
  SINCE JAN 1   1177                       803    374      891
..................................................................


WIND (MPH)
  HIGHEST WIND SPEED    23   HIGHEST WIND DIRECTION    NW (310)
  HIGHEST GUST SPEED    29   HIGHEST GUST DIRECTION    NW (330)
  AVERAGE WIND SPEED    11.7


SKY COVER
  POSSIBLE SUNSHINE  MM
  AVERAGE SKY COVER 0.2


WEATHER CONDITIONS
 THE FOLLOWING WEATHER WAS RECORDED YESTERDAY.
  NO SIGNIFICANT WEATHER WAS OBSERVED.


RELATIVE HUMIDITY (PERCENT)
 HIGHEST    74           500 AM
 LOWEST     44           300 PM
 AVERAGE    59

..........................................................


THE DETROIT MI CLIMATE NORMALS FOR TODAY
                         NORMAL    RECORD    YEAR
 MAXIMUM TEMPERATURE (F)   46        69      1913
 MINIMUM TEMPERATURE (F)   32         0      1880


SUNRISE AND SUNSET
NOVEMBER 22 2016......SUNRISE   733 AM EST   SUNSET   506 PM EST
NOVEMBER 23 2016......SUNRISE   734 AM EST   SUNSET   505 PM EST


-  INDICATES NEGATIVE NUMBERS.
R  INDICATES RECORD WAS SET OR TIED.
MM INDICATES DATA IS MISSING.
T  INDICATES TRACE AMOUNT.




$$
