000
CDUS43 KDTX 142130
CLIDTW


CLIMATE REPORT
NATIONAL WEATHER SERVICE DETROIT/PONTIAC MI
429 PM EST WED FEB 14 2018


...................................

...THE DETROIT MI CLIMATE SUMMARY FOR FEBRUARY 14 2018...
VALID TODAY AS OF 0400 PM LOCAL TIME.

CLIMATE NORMAL PERIOD 1981 TO 2010
CLIMATE RECORD PERIOD 1874 TO 2018


WEATHER ITEM   OBSERVED TIME   RECORD YEAR NORMAL DEPARTURE LAST
                VALUE   (LST)  VALUE       VALUE  FROM      YEAR
                                                  NORMAL
..................................................................
TEMPERATURE (F)
 TODAY
  MAXIMUM         43    352 PM  57    1918  35      8       50
  MINIMUM         19    408 AM -15    1905  21     -2       30
  AVERAGE         31                        28      3       40

PRECIPITATION (IN)
  TODAY            0.00          1.92 1950   0.07  -0.07     0.02
  MONTH TO DATE    1.62                      0.96   0.66     1.42
  SINCE DEC 1      4.46                      5.38  -0.92     6.41
  SINCE JAN 1      2.98                      2.92   0.06     4.25

SNOWFALL (IN)
  TODAY            0.0           5.4  1991   0.3   -0.3       T
  MONTH TO DATE   20.8                       5.1   15.7      2.0
  SINCE DEC 1     52.5                      27.2   25.3     30.6
  SINCE JUL 1     52.5                      28.8   23.7     30.7
  SNOW DEPTH      12

DEGREE DAYS
 HEATING
  TODAY           34                        37     -3       25
  MONTH TO DATE  614                       536     78      463
  SINCE DEC 1   3041                      2841    200     2582
  SINCE JUL 1   4104                      4056     48     3450

 COOLING
  TODAY            0                         0      0        0
  MONTH TO DATE    0                         0      0        0
  SINCE DEC 1      0                         0      0        0
  SINCE JAN 1      0                         0      0        0
..................................................................


WIND (MPH)
  HIGHEST WIND SPEED    20   HIGHEST WIND DIRECTION    SW (210)
  HIGHEST GUST SPEED    22   HIGHEST GUST DIRECTION    SW (220)
  AVERAGE WIND SPEED     9.0


SKY COVER
  POSSIBLE SUNSHINE  MM
  AVERAGE SKY COVER 0.5


WEATHER CONDITIONS
 THE FOLLOWING WEATHER WAS RECORDED TODAY.
  FOG
  HAZE


RELATIVE HUMIDITY (PERCENT)
 HIGHEST    92           600 AM
 LOWEST     62           300 PM
 AVERAGE    77

..........................................................


THE DETROIT MI CLIMATE NORMALS FOR TOMORROW
                         NORMAL    RECORD    YEAR
 MAXIMUM TEMPERATURE (F)   35        66      1954
 MINIMUM TEMPERATURE (F)   21       -10      1875


SUNRISE AND SUNSET
FEBRUARY 14 2018......SUNRISE   731 AM EST   SUNSET   605 PM EST
FEBRUARY 15 2018......SUNRISE   730 AM EST   SUNSET   606 PM EST


-  INDICATES NEGATIVE NUMBERS.
R  INDICATES RECORD WAS SET OR TIED.
MM INDICATES DATA IS MISSING.
T  INDICATES TRACE AMOUNT.




$$
